{"id":52916,"date":"2022-01-22T16:32:19","date_gmt":"2022-01-22T15:32:19","guid":{"rendered":"https:\/\/demoweb.info\/sexshop001\/producto\/masajeador-de-prostata-de-silicona-please-my-p-spot\/"},"modified":"2022-01-22T16:32:36","modified_gmt":"2022-01-22T15:32:36","slug":"masajeador-de-prostata-de-silicona-please-my-p-spot","status":"publish","type":"product","link":"https:\/\/demoweb.info\/sexshop001\/producto\/masajeador-de-prostata-de-silicona-please-my-p-spot\/","title":{"rendered":"MASAJEADOR DE PR\u00d3STATA DE SILICONA PLEASE MY P-SPOT"},"content":{"rendered":"<p><strong>BOTTOMS UP BUTT SILICONE PLEASE MY P-SPOT<\/strong><\/p>\n<p>Masajeador de pr\u00f3stata de silicona MY P-SPOT.<\/p>\n<p>&bull; Longitud 25,4 cm insertables, con punta curva de P-Spot\u00ae gruesa de 3.6 cm.<br \/>\n&bull; La silicona puede hervirse o colocarse en la rejilla superior del lavavajillas para una limpieza profunda.<br \/>\n&bull; Cong\u00e9lalo o p\u00e1salo por agua caliente para diferentes sensaciones.<br \/>\n&bull; La apertura se puede usar para mantener la bala de 5 velocidades para la vibraci\u00f3n externa o sin la bala como un agarre con los dedos.<br \/>\n&bull; La punta gruesa de silicona golpea a P-Spot\u00ae.<br \/>\n&bull; La suave textura de la silicona se vuelve resbaladiza cuando se lubrica.<br \/>\n&bull; La silicona es duradera, no porosa y puede durar toda la vida.<br \/>\n&bull; Impermeable para que puedas disfrutarlo en cualquier lugar.<br \/>\n&bull; Libre de ftalatos.<br \/>\n&bull; Utiliza bater\u00edas 2 AA (no incluidas).<\/p>\n","protected":false},"excerpt":{"rendered":"<p>BOTTOMS UP BUTT SILICONE PLEASE MY P-SPOT Masajeador de pr\u00f3stata de silicona MY P-SPOT. &bull; Longitud 25,4 cm insertables, con<\/p>\n","protected":false},"featured_media":52917,"comment_status":"open","ping_status":"open","template":"","meta":[],"product_cat":[301],"product_tag":[1353,932],"class_list":["post-52916","product","type-product","status-publish","has-post-thumbnail","hentry","product_cat-punto-p","product_tag-tlc","product_tag-topco-sales"],"bundled_by":[],"bundle_stock_status":"instock","bundle_stock_quantity":2,"bundle_virtual":false,"bundle_layout":"","bundle_add_to_cart_form_location":"","bundle_editable_in_cart":false,"bundle_sold_individually_context":"","bundle_item_grouping":"","bundle_min_size":"","bundle_max_size":"","bundled_items":[],"yoast_head":"<!-- This site is optimized with the Yoast SEO plugin v20.6 - https:\/\/yoast.com\/wordpress\/plugins\/seo\/ -->\n<title>MASAJEADOR DE PR\u00d3STATA DE SILICONA PLEASE MY P-SPOT - Tienda Er\u00f3tica<\/title>\n<meta name=\"robots\" content=\"noindex, follow, max-snippet:-1, max-image-preview:large, max-video-preview:-1\" \/>\n<meta property=\"og:locale\" content=\"es_ES\" \/>\n<meta property=\"og:type\" content=\"article\" \/>\n<meta property=\"og:title\" content=\"MASAJEADOR DE PR\u00d3STATA DE SILICONA PLEASE MY P-SPOT - Tienda Er\u00f3tica\" \/>\n<meta property=\"og:description\" content=\"BOTTOMS UP BUTT SILICONE PLEASE MY P-SPOT Masajeador de pr\u00f3stata de silicona MY P-SPOT. &bull; Longitud 25,4 cm insertables, con\" \/>\n<meta property=\"og:url\" content=\"https:\/\/demoweb.info\/sexshop001\/producto\/masajeador-de-prostata-de-silicona-please-my-p-spot\/\" \/>\n<meta property=\"og:site_name\" content=\"Tienda Er\u00f3tica\" \/>\n<meta property=\"article:modified_time\" content=\"2022-01-22T15:32:36+00:00\" \/>\n<meta property=\"og:image\" content=\"https:\/\/demoweb.info\/sexshop001\/wp-content\/uploads\/2022\/01\/MASAJEADOR-DE-PROSTATA-DE-SILICONA-PLEASE-MY-P-SPOT.jpg\" \/>\n\t<meta property=\"og:image:width\" content=\"550\" \/>\n\t<meta property=\"og:image:height\" content=\"550\" \/>\n\t<meta property=\"og:image:type\" content=\"image\/jpeg\" \/>\n<meta name=\"twitter:card\" content=\"summary_large_image\" \/>\n<meta name=\"twitter:label1\" content=\"Tiempo de lectura\" \/>\n\t<meta name=\"twitter:data1\" content=\"1 minuto\" \/>\n<script type=\"application\/ld+json\" class=\"yoast-schema-graph\">{\"@context\":\"https:\/\/schema.org\",\"@graph\":[{\"@type\":\"WebPage\",\"@id\":\"https:\/\/demoweb.info\/sexshop001\/producto\/masajeador-de-prostata-de-silicona-please-my-p-spot\/\",\"url\":\"https:\/\/demoweb.info\/sexshop001\/producto\/masajeador-de-prostata-de-silicona-please-my-p-spot\/\",\"name\":\"MASAJEADOR DE PR\u00d3STATA DE SILICONA PLEASE MY P-SPOT - Tienda Er\u00f3tica\",\"isPartOf\":{\"@id\":\"https:\/\/demoweb.info\/sexshop001\/#website\"},\"datePublished\":\"2022-01-22T15:32:19+00:00\",\"dateModified\":\"2022-01-22T15:32:36+00:00\",\"breadcrumb\":{\"@id\":\"https:\/\/demoweb.info\/sexshop001\/producto\/masajeador-de-prostata-de-silicona-please-my-p-spot\/#breadcrumb\"},\"inLanguage\":\"es\",\"potentialAction\":[{\"@type\":\"ReadAction\",\"target\":[\"https:\/\/demoweb.info\/sexshop001\/producto\/masajeador-de-prostata-de-silicona-please-my-p-spot\/\"]}]},{\"@type\":\"BreadcrumbList\",\"@id\":\"https:\/\/demoweb.info\/sexshop001\/producto\/masajeador-de-prostata-de-silicona-please-my-p-spot\/#breadcrumb\",\"itemListElement\":[{\"@type\":\"ListItem\",\"position\":1,\"name\":\"Portada\",\"item\":\"https:\/\/demoweb.info\/sexshop001\/\"},{\"@type\":\"ListItem\",\"position\":2,\"name\":\"Tienda\",\"item\":\"https:\/\/demoweb.info\/sexshop001\/tienda\/\"},{\"@type\":\"ListItem\",\"position\":3,\"name\":\"MASAJEADOR DE PR\u00d3STATA DE SILICONA PLEASE MY P-SPOT\"}]},{\"@type\":\"WebSite\",\"@id\":\"https:\/\/demoweb.info\/sexshop001\/#website\",\"url\":\"https:\/\/demoweb.info\/sexshop001\/\",\"name\":\"Tienda Er\u00f3tica\",\"description\":\"DEMOWEB SL\",\"potentialAction\":[{\"@type\":\"SearchAction\",\"target\":{\"@type\":\"EntryPoint\",\"urlTemplate\":\"https:\/\/demoweb.info\/sexshop001\/?s={search_term_string}\"},\"query-input\":\"required name=search_term_string\"}],\"inLanguage\":\"es\"}]}<\/script>\n<!-- \/ Yoast SEO plugin. -->","yoast_head_json":{"title":"MASAJEADOR DE PR\u00d3STATA DE SILICONA PLEASE MY P-SPOT - Tienda Er\u00f3tica","robots":{"index":"noindex","follow":"follow","max-snippet":"max-snippet:-1","max-image-preview":"max-image-preview:large","max-video-preview":"max-video-preview:-1"},"og_locale":"es_ES","og_type":"article","og_title":"MASAJEADOR DE PR\u00d3STATA DE SILICONA PLEASE MY P-SPOT - Tienda Er\u00f3tica","og_description":"BOTTOMS UP BUTT SILICONE PLEASE MY P-SPOT Masajeador de pr\u00f3stata de silicona MY P-SPOT. &bull; Longitud 25,4 cm insertables, con","og_url":"https:\/\/demoweb.info\/sexshop001\/producto\/masajeador-de-prostata-de-silicona-please-my-p-spot\/","og_site_name":"Tienda Er\u00f3tica","article_modified_time":"2022-01-22T15:32:36+00:00","og_image":[{"width":550,"height":550,"url":"https:\/\/demoweb.info\/sexshop001\/wp-content\/uploads\/2022\/01\/MASAJEADOR-DE-PROSTATA-DE-SILICONA-PLEASE-MY-P-SPOT.jpg","type":"image\/jpeg"}],"twitter_card":"summary_large_image","twitter_misc":{"Tiempo de lectura":"1 minuto"},"schema":{"@context":"https:\/\/schema.org","@graph":[{"@type":"WebPage","@id":"https:\/\/demoweb.info\/sexshop001\/producto\/masajeador-de-prostata-de-silicona-please-my-p-spot\/","url":"https:\/\/demoweb.info\/sexshop001\/producto\/masajeador-de-prostata-de-silicona-please-my-p-spot\/","name":"MASAJEADOR DE PR\u00d3STATA DE SILICONA PLEASE MY P-SPOT - Tienda Er\u00f3tica","isPartOf":{"@id":"https:\/\/demoweb.info\/sexshop001\/#website"},"datePublished":"2022-01-22T15:32:19+00:00","dateModified":"2022-01-22T15:32:36+00:00","breadcrumb":{"@id":"https:\/\/demoweb.info\/sexshop001\/producto\/masajeador-de-prostata-de-silicona-please-my-p-spot\/#breadcrumb"},"inLanguage":"es","potentialAction":[{"@type":"ReadAction","target":["https:\/\/demoweb.info\/sexshop001\/producto\/masajeador-de-prostata-de-silicona-please-my-p-spot\/"]}]},{"@type":"BreadcrumbList","@id":"https:\/\/demoweb.info\/sexshop001\/producto\/masajeador-de-prostata-de-silicona-please-my-p-spot\/#breadcrumb","itemListElement":[{"@type":"ListItem","position":1,"name":"Portada","item":"https:\/\/demoweb.info\/sexshop001\/"},{"@type":"ListItem","position":2,"name":"Tienda","item":"https:\/\/demoweb.info\/sexshop001\/tienda\/"},{"@type":"ListItem","position":3,"name":"MASAJEADOR DE PR\u00d3STATA DE SILICONA PLEASE MY P-SPOT"}]},{"@type":"WebSite","@id":"https:\/\/demoweb.info\/sexshop001\/#website","url":"https:\/\/demoweb.info\/sexshop001\/","name":"Tienda Er\u00f3tica","description":"DEMOWEB SL","potentialAction":[{"@type":"SearchAction","target":{"@type":"EntryPoint","urlTemplate":"https:\/\/demoweb.info\/sexshop001\/?s={search_term_string}"},"query-input":"required name=search_term_string"}],"inLanguage":"es"}]}},"_links":{"self":[{"href":"https:\/\/demoweb.info\/sexshop001\/wp-json\/wp\/v3\/product\/52916","targetHints":{"allow":["GET"]}}],"collection":[{"href":"https:\/\/demoweb.info\/sexshop001\/wp-json\/wp\/v3\/product"}],"about":[{"href":"https:\/\/demoweb.info\/sexshop001\/wp-json\/wp\/v2\/types\/product"}],"replies":[{"embeddable":true,"href":"https:\/\/demoweb.info\/sexshop001\/wp-json\/wp\/v2\/comments?post=52916"}],"wp:featuredmedia":[{"embeddable":true,"href":"https:\/\/demoweb.info\/sexshop001\/wp-json\/wp\/v2\/media\/52917"}],"wp:attachment":[{"href":"https:\/\/demoweb.info\/sexshop001\/wp-json\/wp\/v2\/media?parent=52916"}],"wp:term":[{"taxonomy":"product_cat","embeddable":true,"href":"https:\/\/demoweb.info\/sexshop001\/wp-json\/wp\/v2\/product_cat?post=52916"},{"taxonomy":"product_tag","embeddable":true,"href":"https:\/\/demoweb.info\/sexshop001\/wp-json\/wp\/v2\/product_tag?post=52916"}],"curies":[{"name":"wp","href":"https:\/\/api.w.org\/{rel}","templated":true}]}}