{"id":52882,"date":"2022-01-22T16:32:00","date_gmt":"2022-01-22T15:32:00","guid":{"rendered":"https:\/\/demoweb.info\/sexshop001\/producto\/climax-gems-mood-ring-azul\/"},"modified":"2022-01-22T16:32:13","modified_gmt":"2022-01-22T15:32:13","slug":"climax-gems-mood-ring-azul","status":"publish","type":"product","link":"https:\/\/demoweb.info\/sexshop001\/producto\/climax-gems-mood-ring-azul\/","title":{"rendered":"CLIMAX GEMS MOOD RING &#8211; AZUL"},"content":{"rendered":"<p><strong>CLIMAX GEMS MOOD RING &#8211; BLUE<\/strong><\/p>\n<p>&bull; Vibraciones duales de una Love Bullet\u00ae y un micro vibrador.<br \/>\n&bull; Los <em>ticklers <\/em>de la parte superior, acariciar\u00e1n tus puntos m\u00e1s sensibles.<br \/>\n&bull; Los <em>nubs<\/em> en la anillo crean sensaciones estimulantes para \u00e9l.<br \/>\n&bull; Impermeable para divertirse en cualquier lugar.<br \/>\n&bull; Libre de ftalatos y silencioso.<br \/>\n&bull; Anillo del amor extra el\u00e1stico que se adapta a la mayor\u00eda de los tama\u00f1os.<br \/>\n&bull; 3 bater\u00edas AG13 y 2 bater\u00edas AG10 (incluidas).<\/p>\n","protected":false},"excerpt":{"rendered":"<p>CLIMAX GEMS MOOD RING &#8211; BLUE &bull; Vibraciones duales de una Love Bullet\u00ae y un micro vibrador. &bull; Los ticklers<\/p>\n","protected":false},"featured_media":52883,"comment_status":"open","ping_status":"open","template":"","meta":[],"product_cat":[438],"product_tag":[1352,932],"class_list":["post-52882","product","type-product","status-publish","has-post-thumbnail","hentry","product_cat-con-vibrador-anillos","product_tag-climax-gems","product_tag-topco-sales"],"bundled_by":[],"bundle_stock_status":"instock","bundle_stock_quantity":3,"bundle_virtual":false,"bundle_layout":"","bundle_add_to_cart_form_location":"","bundle_editable_in_cart":false,"bundle_sold_individually_context":"","bundle_item_grouping":"","bundle_min_size":"","bundle_max_size":"","bundled_items":[],"yoast_head":"<!-- This site is optimized with the Yoast SEO plugin v20.6 - https:\/\/yoast.com\/wordpress\/plugins\/seo\/ -->\n<title>CLIMAX GEMS MOOD RING - AZUL - Tienda Er\u00f3tica<\/title>\n<meta name=\"robots\" content=\"noindex, follow, max-snippet:-1, max-image-preview:large, max-video-preview:-1\" \/>\n<meta property=\"og:locale\" content=\"es_ES\" \/>\n<meta property=\"og:type\" content=\"article\" \/>\n<meta property=\"og:title\" content=\"CLIMAX GEMS MOOD RING - AZUL - Tienda Er\u00f3tica\" \/>\n<meta property=\"og:description\" content=\"CLIMAX GEMS MOOD RING &#8211; BLUE &bull; Vibraciones duales de una Love Bullet\u00ae y un micro vibrador. &bull; Los ticklers\" \/>\n<meta property=\"og:url\" content=\"https:\/\/demoweb.info\/sexshop001\/producto\/climax-gems-mood-ring-azul\/\" \/>\n<meta property=\"og:site_name\" content=\"Tienda Er\u00f3tica\" \/>\n<meta property=\"article:modified_time\" content=\"2022-01-22T15:32:13+00:00\" \/>\n<meta property=\"og:image\" content=\"https:\/\/demoweb.info\/sexshop001\/wp-content\/uploads\/2022\/01\/CLIMAX-GEMS-MOOD-RING-AZUL.jpg\" \/>\n\t<meta property=\"og:image:width\" content=\"550\" \/>\n\t<meta property=\"og:image:height\" content=\"550\" \/>\n\t<meta property=\"og:image:type\" content=\"image\/jpeg\" \/>\n<meta name=\"twitter:card\" content=\"summary_large_image\" \/>\n<script type=\"application\/ld+json\" class=\"yoast-schema-graph\">{\"@context\":\"https:\/\/schema.org\",\"@graph\":[{\"@type\":\"WebPage\",\"@id\":\"https:\/\/demoweb.info\/sexshop001\/producto\/climax-gems-mood-ring-azul\/\",\"url\":\"https:\/\/demoweb.info\/sexshop001\/producto\/climax-gems-mood-ring-azul\/\",\"name\":\"CLIMAX GEMS MOOD RING - AZUL - Tienda Er\u00f3tica\",\"isPartOf\":{\"@id\":\"https:\/\/demoweb.info\/sexshop001\/#website\"},\"datePublished\":\"2022-01-22T15:32:00+00:00\",\"dateModified\":\"2022-01-22T15:32:13+00:00\",\"breadcrumb\":{\"@id\":\"https:\/\/demoweb.info\/sexshop001\/producto\/climax-gems-mood-ring-azul\/#breadcrumb\"},\"inLanguage\":\"es\",\"potentialAction\":[{\"@type\":\"ReadAction\",\"target\":[\"https:\/\/demoweb.info\/sexshop001\/producto\/climax-gems-mood-ring-azul\/\"]}]},{\"@type\":\"BreadcrumbList\",\"@id\":\"https:\/\/demoweb.info\/sexshop001\/producto\/climax-gems-mood-ring-azul\/#breadcrumb\",\"itemListElement\":[{\"@type\":\"ListItem\",\"position\":1,\"name\":\"Portada\",\"item\":\"https:\/\/demoweb.info\/sexshop001\/\"},{\"@type\":\"ListItem\",\"position\":2,\"name\":\"Tienda\",\"item\":\"https:\/\/demoweb.info\/sexshop001\/tienda\/\"},{\"@type\":\"ListItem\",\"position\":3,\"name\":\"CLIMAX GEMS MOOD RING &#8211; AZUL\"}]},{\"@type\":\"WebSite\",\"@id\":\"https:\/\/demoweb.info\/sexshop001\/#website\",\"url\":\"https:\/\/demoweb.info\/sexshop001\/\",\"name\":\"Tienda Er\u00f3tica\",\"description\":\"DEMOWEB SL\",\"potentialAction\":[{\"@type\":\"SearchAction\",\"target\":{\"@type\":\"EntryPoint\",\"urlTemplate\":\"https:\/\/demoweb.info\/sexshop001\/?s={search_term_string}\"},\"query-input\":\"required name=search_term_string\"}],\"inLanguage\":\"es\"}]}<\/script>\n<!-- \/ Yoast SEO plugin. -->","yoast_head_json":{"title":"CLIMAX GEMS MOOD RING - AZUL - Tienda Er\u00f3tica","robots":{"index":"noindex","follow":"follow","max-snippet":"max-snippet:-1","max-image-preview":"max-image-preview:large","max-video-preview":"max-video-preview:-1"},"og_locale":"es_ES","og_type":"article","og_title":"CLIMAX GEMS MOOD RING - AZUL - Tienda Er\u00f3tica","og_description":"CLIMAX GEMS MOOD RING &#8211; BLUE &bull; Vibraciones duales de una Love Bullet\u00ae y un micro vibrador. &bull; Los ticklers","og_url":"https:\/\/demoweb.info\/sexshop001\/producto\/climax-gems-mood-ring-azul\/","og_site_name":"Tienda Er\u00f3tica","article_modified_time":"2022-01-22T15:32:13+00:00","og_image":[{"width":550,"height":550,"url":"https:\/\/demoweb.info\/sexshop001\/wp-content\/uploads\/2022\/01\/CLIMAX-GEMS-MOOD-RING-AZUL.jpg","type":"image\/jpeg"}],"twitter_card":"summary_large_image","schema":{"@context":"https:\/\/schema.org","@graph":[{"@type":"WebPage","@id":"https:\/\/demoweb.info\/sexshop001\/producto\/climax-gems-mood-ring-azul\/","url":"https:\/\/demoweb.info\/sexshop001\/producto\/climax-gems-mood-ring-azul\/","name":"CLIMAX GEMS MOOD RING - AZUL - Tienda Er\u00f3tica","isPartOf":{"@id":"https:\/\/demoweb.info\/sexshop001\/#website"},"datePublished":"2022-01-22T15:32:00+00:00","dateModified":"2022-01-22T15:32:13+00:00","breadcrumb":{"@id":"https:\/\/demoweb.info\/sexshop001\/producto\/climax-gems-mood-ring-azul\/#breadcrumb"},"inLanguage":"es","potentialAction":[{"@type":"ReadAction","target":["https:\/\/demoweb.info\/sexshop001\/producto\/climax-gems-mood-ring-azul\/"]}]},{"@type":"BreadcrumbList","@id":"https:\/\/demoweb.info\/sexshop001\/producto\/climax-gems-mood-ring-azul\/#breadcrumb","itemListElement":[{"@type":"ListItem","position":1,"name":"Portada","item":"https:\/\/demoweb.info\/sexshop001\/"},{"@type":"ListItem","position":2,"name":"Tienda","item":"https:\/\/demoweb.info\/sexshop001\/tienda\/"},{"@type":"ListItem","position":3,"name":"CLIMAX GEMS MOOD RING &#8211; AZUL"}]},{"@type":"WebSite","@id":"https:\/\/demoweb.info\/sexshop001\/#website","url":"https:\/\/demoweb.info\/sexshop001\/","name":"Tienda Er\u00f3tica","description":"DEMOWEB SL","potentialAction":[{"@type":"SearchAction","target":{"@type":"EntryPoint","urlTemplate":"https:\/\/demoweb.info\/sexshop001\/?s={search_term_string}"},"query-input":"required name=search_term_string"}],"inLanguage":"es"}]}},"_links":{"self":[{"href":"https:\/\/demoweb.info\/sexshop001\/wp-json\/wp\/v3\/product\/52882","targetHints":{"allow":["GET"]}}],"collection":[{"href":"https:\/\/demoweb.info\/sexshop001\/wp-json\/wp\/v3\/product"}],"about":[{"href":"https:\/\/demoweb.info\/sexshop001\/wp-json\/wp\/v2\/types\/product"}],"replies":[{"embeddable":true,"href":"https:\/\/demoweb.info\/sexshop001\/wp-json\/wp\/v2\/comments?post=52882"}],"wp:featuredmedia":[{"embeddable":true,"href":"https:\/\/demoweb.info\/sexshop001\/wp-json\/wp\/v2\/media\/52883"}],"wp:attachment":[{"href":"https:\/\/demoweb.info\/sexshop001\/wp-json\/wp\/v2\/media?parent=52882"}],"wp:term":[{"taxonomy":"product_cat","embeddable":true,"href":"https:\/\/demoweb.info\/sexshop001\/wp-json\/wp\/v2\/product_cat?post=52882"},{"taxonomy":"product_tag","embeddable":true,"href":"https:\/\/demoweb.info\/sexshop001\/wp-json\/wp\/v2\/product_tag?post=52882"}],"curies":[{"name":"wp","href":"https:\/\/api.w.org\/{rel}","templated":true}]}}