{"id":52169,"date":"2022-01-22T16:24:12","date_gmt":"2022-01-22T15:24:12","guid":{"rendered":"https:\/\/demoweb.info\/sexshop001\/producto\/nanci-hand-hold-vibe-rosa\/"},"modified":"2022-01-22T16:24:16","modified_gmt":"2022-01-22T15:24:16","slug":"nanci-hand-hold-vibe-rosa","status":"publish","type":"product","link":"https:\/\/demoweb.info\/sexshop001\/producto\/nanci-hand-hold-vibe-rosa\/","title":{"rendered":"NANCI HAND-HOLD VIBE &#8211; ROSA"},"content":{"rendered":"<p><strong>NANCI HAND-HOLD VIBE &#8211; PINK<\/strong><\/p>\n<p>\u00bfNecesitas un peque\u00f1o empuj\u00f3n para aliviar la tensi\u00f3n? No busques m\u00e1s, porque este peque\u00f1o dispositivo ser\u00e1 la soluci\u00f3n para ti. Fabricado de silicona y ABS, y recargable con USB, el vibrador para el cl\u00edtoris HAND-HOLD-VIBE siempre cumple.<\/p>\n<p>Con un tope ribeteado con 10 velocidades de vibraci\u00f3n, este juguete llegar\u00e1 hasta una velocidad impresionante de 7500 rpm, para asegurarse de que la satisfacci\u00f3n est\u00e9 garantizada. El ultra m\u00ednimo ruido, de menos de 50 dB y su dise\u00f1o ergon\u00f3mico, hace que este juguete sea muy discreto y agradable a la vista.<\/p>\n<p>Caracter\u00edsticas:<\/p>\n<ul>\n<li>Medidas: 10,5 x 6 cm<\/li>\n<li>Material: ABS, Silicona<\/li>\n<li>Resistente al agua y sin phalatos.<\/li>\n<li>Recargable con USB.<\/li>\n<li>Duraci\u00f3n de la bater\u00eda: 90 min<\/li>\n<li>Carga completa: 60 min<\/li>\n<\/ul>\n","protected":false},"excerpt":{"rendered":"<p>NANCI HAND-HOLD VIBE &#8211; PINK \u00bfNecesitas un peque\u00f1o empuj\u00f3n para aliviar la tensi\u00f3n? No busques m\u00e1s, porque este peque\u00f1o dispositivo<\/p>\n","protected":false},"featured_media":52170,"comment_status":"open","ping_status":"open","template":"","meta":[],"product_cat":[370],"product_tag":[302,321],"class_list":["post-52169","product","type-product","status-publish","has-post-thumbnail","hentry","product_cat-clitoris","product_tag-shots","product_tag-simplicity"],"bundled_by":[],"bundle_stock_status":"instock","bundle_stock_quantity":1,"bundle_virtual":false,"bundle_layout":"","bundle_add_to_cart_form_location":"","bundle_editable_in_cart":false,"bundle_sold_individually_context":"","bundle_item_grouping":"","bundle_min_size":"","bundle_max_size":"","bundled_items":[],"yoast_head":"<!-- This site is optimized with the Yoast SEO plugin v20.6 - https:\/\/yoast.com\/wordpress\/plugins\/seo\/ -->\n<title>NANCI HAND-HOLD VIBE - ROSA - Tienda Er\u00f3tica<\/title>\n<meta name=\"robots\" content=\"noindex, follow, max-snippet:-1, max-image-preview:large, max-video-preview:-1\" \/>\n<meta property=\"og:locale\" content=\"es_ES\" \/>\n<meta property=\"og:type\" content=\"article\" \/>\n<meta property=\"og:title\" content=\"NANCI HAND-HOLD VIBE - ROSA - Tienda Er\u00f3tica\" \/>\n<meta property=\"og:description\" content=\"NANCI HAND-HOLD VIBE &#8211; PINK \u00bfNecesitas un peque\u00f1o empuj\u00f3n para aliviar la tensi\u00f3n? No busques m\u00e1s, porque este peque\u00f1o dispositivo\" \/>\n<meta property=\"og:url\" content=\"https:\/\/demoweb.info\/sexshop001\/producto\/nanci-hand-hold-vibe-rosa\/\" \/>\n<meta property=\"og:site_name\" content=\"Tienda Er\u00f3tica\" \/>\n<meta property=\"article:modified_time\" content=\"2022-01-22T15:24:16+00:00\" \/>\n<meta property=\"og:image\" content=\"https:\/\/demoweb.info\/sexshop001\/wp-content\/uploads\/2022\/01\/NANCI-HAND-HOLD-VIBE-ROSA.jpg\" \/>\n\t<meta property=\"og:image:width\" content=\"550\" \/>\n\t<meta property=\"og:image:height\" content=\"550\" \/>\n\t<meta property=\"og:image:type\" content=\"image\/jpeg\" \/>\n<meta name=\"twitter:card\" content=\"summary_large_image\" \/>\n<meta name=\"twitter:label1\" content=\"Tiempo de lectura\" \/>\n\t<meta name=\"twitter:data1\" content=\"1 minuto\" \/>\n<script type=\"application\/ld+json\" class=\"yoast-schema-graph\">{\"@context\":\"https:\/\/schema.org\",\"@graph\":[{\"@type\":\"WebPage\",\"@id\":\"https:\/\/demoweb.info\/sexshop001\/producto\/nanci-hand-hold-vibe-rosa\/\",\"url\":\"https:\/\/demoweb.info\/sexshop001\/producto\/nanci-hand-hold-vibe-rosa\/\",\"name\":\"NANCI HAND-HOLD VIBE - ROSA - Tienda Er\u00f3tica\",\"isPartOf\":{\"@id\":\"https:\/\/demoweb.info\/sexshop001\/#website\"},\"datePublished\":\"2022-01-22T15:24:12+00:00\",\"dateModified\":\"2022-01-22T15:24:16+00:00\",\"breadcrumb\":{\"@id\":\"https:\/\/demoweb.info\/sexshop001\/producto\/nanci-hand-hold-vibe-rosa\/#breadcrumb\"},\"inLanguage\":\"es\",\"potentialAction\":[{\"@type\":\"ReadAction\",\"target\":[\"https:\/\/demoweb.info\/sexshop001\/producto\/nanci-hand-hold-vibe-rosa\/\"]}]},{\"@type\":\"BreadcrumbList\",\"@id\":\"https:\/\/demoweb.info\/sexshop001\/producto\/nanci-hand-hold-vibe-rosa\/#breadcrumb\",\"itemListElement\":[{\"@type\":\"ListItem\",\"position\":1,\"name\":\"Portada\",\"item\":\"https:\/\/demoweb.info\/sexshop001\/\"},{\"@type\":\"ListItem\",\"position\":2,\"name\":\"Tienda\",\"item\":\"https:\/\/demoweb.info\/sexshop001\/tienda\/\"},{\"@type\":\"ListItem\",\"position\":3,\"name\":\"NANCI HAND-HOLD VIBE &#8211; ROSA\"}]},{\"@type\":\"WebSite\",\"@id\":\"https:\/\/demoweb.info\/sexshop001\/#website\",\"url\":\"https:\/\/demoweb.info\/sexshop001\/\",\"name\":\"Tienda Er\u00f3tica\",\"description\":\"DEMOWEB SL\",\"potentialAction\":[{\"@type\":\"SearchAction\",\"target\":{\"@type\":\"EntryPoint\",\"urlTemplate\":\"https:\/\/demoweb.info\/sexshop001\/?s={search_term_string}\"},\"query-input\":\"required name=search_term_string\"}],\"inLanguage\":\"es\"}]}<\/script>\n<!-- \/ Yoast SEO plugin. -->","yoast_head_json":{"title":"NANCI HAND-HOLD VIBE - ROSA - Tienda Er\u00f3tica","robots":{"index":"noindex","follow":"follow","max-snippet":"max-snippet:-1","max-image-preview":"max-image-preview:large","max-video-preview":"max-video-preview:-1"},"og_locale":"es_ES","og_type":"article","og_title":"NANCI HAND-HOLD VIBE - ROSA - Tienda Er\u00f3tica","og_description":"NANCI HAND-HOLD VIBE &#8211; PINK \u00bfNecesitas un peque\u00f1o empuj\u00f3n para aliviar la tensi\u00f3n? No busques m\u00e1s, porque este peque\u00f1o dispositivo","og_url":"https:\/\/demoweb.info\/sexshop001\/producto\/nanci-hand-hold-vibe-rosa\/","og_site_name":"Tienda Er\u00f3tica","article_modified_time":"2022-01-22T15:24:16+00:00","og_image":[{"width":550,"height":550,"url":"https:\/\/demoweb.info\/sexshop001\/wp-content\/uploads\/2022\/01\/NANCI-HAND-HOLD-VIBE-ROSA.jpg","type":"image\/jpeg"}],"twitter_card":"summary_large_image","twitter_misc":{"Tiempo de lectura":"1 minuto"},"schema":{"@context":"https:\/\/schema.org","@graph":[{"@type":"WebPage","@id":"https:\/\/demoweb.info\/sexshop001\/producto\/nanci-hand-hold-vibe-rosa\/","url":"https:\/\/demoweb.info\/sexshop001\/producto\/nanci-hand-hold-vibe-rosa\/","name":"NANCI HAND-HOLD VIBE - ROSA - Tienda Er\u00f3tica","isPartOf":{"@id":"https:\/\/demoweb.info\/sexshop001\/#website"},"datePublished":"2022-01-22T15:24:12+00:00","dateModified":"2022-01-22T15:24:16+00:00","breadcrumb":{"@id":"https:\/\/demoweb.info\/sexshop001\/producto\/nanci-hand-hold-vibe-rosa\/#breadcrumb"},"inLanguage":"es","potentialAction":[{"@type":"ReadAction","target":["https:\/\/demoweb.info\/sexshop001\/producto\/nanci-hand-hold-vibe-rosa\/"]}]},{"@type":"BreadcrumbList","@id":"https:\/\/demoweb.info\/sexshop001\/producto\/nanci-hand-hold-vibe-rosa\/#breadcrumb","itemListElement":[{"@type":"ListItem","position":1,"name":"Portada","item":"https:\/\/demoweb.info\/sexshop001\/"},{"@type":"ListItem","position":2,"name":"Tienda","item":"https:\/\/demoweb.info\/sexshop001\/tienda\/"},{"@type":"ListItem","position":3,"name":"NANCI HAND-HOLD VIBE &#8211; ROSA"}]},{"@type":"WebSite","@id":"https:\/\/demoweb.info\/sexshop001\/#website","url":"https:\/\/demoweb.info\/sexshop001\/","name":"Tienda Er\u00f3tica","description":"DEMOWEB SL","potentialAction":[{"@type":"SearchAction","target":{"@type":"EntryPoint","urlTemplate":"https:\/\/demoweb.info\/sexshop001\/?s={search_term_string}"},"query-input":"required name=search_term_string"}],"inLanguage":"es"}]}},"_links":{"self":[{"href":"https:\/\/demoweb.info\/sexshop001\/wp-json\/wp\/v3\/product\/52169","targetHints":{"allow":["GET"]}}],"collection":[{"href":"https:\/\/demoweb.info\/sexshop001\/wp-json\/wp\/v3\/product"}],"about":[{"href":"https:\/\/demoweb.info\/sexshop001\/wp-json\/wp\/v2\/types\/product"}],"replies":[{"embeddable":true,"href":"https:\/\/demoweb.info\/sexshop001\/wp-json\/wp\/v2\/comments?post=52169"}],"wp:featuredmedia":[{"embeddable":true,"href":"https:\/\/demoweb.info\/sexshop001\/wp-json\/wp\/v2\/media\/52170"}],"wp:attachment":[{"href":"https:\/\/demoweb.info\/sexshop001\/wp-json\/wp\/v2\/media?parent=52169"}],"wp:term":[{"taxonomy":"product_cat","embeddable":true,"href":"https:\/\/demoweb.info\/sexshop001\/wp-json\/wp\/v2\/product_cat?post=52169"},{"taxonomy":"product_tag","embeddable":true,"href":"https:\/\/demoweb.info\/sexshop001\/wp-json\/wp\/v2\/product_tag?post=52169"}],"curies":[{"name":"wp","href":"https:\/\/api.w.org\/{rel}","templated":true}]}}