{"id":51230,"date":"2022-01-22T16:13:54","date_gmt":"2022-01-22T15:13:54","guid":{"rendered":"https:\/\/demoweb.info\/sexshop001\/producto\/optimale-anillo-vibrador-c-negro\/"},"modified":"2022-01-22T16:13:57","modified_gmt":"2022-01-22T15:13:57","slug":"optimale-anillo-vibrador-c-negro","status":"publish","type":"product","link":"https:\/\/demoweb.info\/sexshop001\/producto\/optimale-anillo-vibrador-c-negro\/","title":{"rendered":"OPTIMALE ANILLO VIBRADOR C NEGRO"},"content":{"rendered":"<p><strong>OPTIMALE VIBRATING C RING BLACK<\/strong><\/p>\n<p><em>\u00a1Mejora tu vida sexual!<\/em> El anillo en C vibrante y recargable OptiMALE presenta 7 potentes configuraciones y m\u00faltiples caracter\u00edsticas de dise\u00f1o para optimizar y elevar tu juego.<\/p>\n<p>A diferencia de los anillos en C vibratorios tradicionales dise\u00f1ados con el vibrador en posici\u00f3n lateral, el anillo en C vibratorio recargable OptiMALE est\u00e1 dise\u00f1ado para permitir un contacto intenso con el cl\u00edtoris durante la penetraci\u00f3n. El anillo de silicona suave se estira para apretar c\u00f3modamente su eje para una erecci\u00f3n m\u00e1s fuerte y dura, mientras que la base curvada, el dise\u00f1o curvo y el motor con un \u00e1ngulo estrat\u00e9gico brindan un est\u00edmulo incre\u00edble para ti y para tu compa\u00f1era de juegos. Lo mejor de todo es que la bater\u00eda de larga duraci\u00f3n se recarga r\u00e1pidamente a trav\u00e9s del cable USB incluido para que siempre est\u00e9 listo para la acci\u00f3n.<\/p>\n<ul>\n<li>Material: Silicona<\/li>\n<li>Di\u00e1metro Exterior: 4 cm<\/li>\n<li>Longitud Total: 11 cm<\/li>\n<li>Tipo de Pila: USB Recargable<\/li>\n<\/ul>\n","protected":false},"excerpt":{"rendered":"<p>OPTIMALE VIBRATING C RING BLACK \u00a1Mejora tu vida sexual! El anillo en C vibrante y recargable OptiMALE presenta 7 potentes<\/p>\n","protected":false},"featured_media":51231,"comment_status":"open","ping_status":"open","template":"","meta":[],"product_cat":[438],"product_tag":[460,1264],"class_list":["post-51230","product","type-product","status-publish","has-post-thumbnail","hentry","product_cat-con-vibrador-anillos","product_tag-doc-johnson","product_tag-optimale"],"bundled_by":[],"bundle_stock_status":"outofstock","bundle_stock_quantity":0,"bundle_virtual":false,"bundle_layout":"","bundle_add_to_cart_form_location":"","bundle_editable_in_cart":false,"bundle_sold_individually_context":"","bundle_item_grouping":"","bundle_min_size":"","bundle_max_size":"","bundled_items":[],"yoast_head":"<!-- This site is optimized with the Yoast SEO plugin v20.6 - https:\/\/yoast.com\/wordpress\/plugins\/seo\/ -->\n<title>OPTIMALE ANILLO VIBRADOR C NEGRO - Tienda Er\u00f3tica<\/title>\n<meta name=\"robots\" content=\"noindex, follow, max-snippet:-1, max-image-preview:large, max-video-preview:-1\" \/>\n<meta property=\"og:locale\" content=\"es_ES\" \/>\n<meta property=\"og:type\" content=\"article\" \/>\n<meta property=\"og:title\" content=\"OPTIMALE ANILLO VIBRADOR C NEGRO - Tienda Er\u00f3tica\" \/>\n<meta property=\"og:description\" content=\"OPTIMALE VIBRATING C RING BLACK \u00a1Mejora tu vida sexual! El anillo en C vibrante y recargable OptiMALE presenta 7 potentes\" \/>\n<meta property=\"og:url\" content=\"https:\/\/demoweb.info\/sexshop001\/producto\/optimale-anillo-vibrador-c-negro\/\" \/>\n<meta property=\"og:site_name\" content=\"Tienda Er\u00f3tica\" \/>\n<meta property=\"article:modified_time\" content=\"2022-01-22T15:13:57+00:00\" \/>\n<meta property=\"og:image\" content=\"https:\/\/demoweb.info\/sexshop001\/wp-content\/uploads\/2022\/01\/OPTIMALE-ANILLO-VIBRADOR-C-NEGRO.jpg\" \/>\n\t<meta property=\"og:image:width\" content=\"550\" \/>\n\t<meta property=\"og:image:height\" content=\"550\" \/>\n\t<meta property=\"og:image:type\" content=\"image\/jpeg\" \/>\n<meta name=\"twitter:card\" content=\"summary_large_image\" \/>\n<meta name=\"twitter:label1\" content=\"Tiempo de lectura\" \/>\n\t<meta name=\"twitter:data1\" content=\"1 minuto\" \/>\n<script type=\"application\/ld+json\" class=\"yoast-schema-graph\">{\"@context\":\"https:\/\/schema.org\",\"@graph\":[{\"@type\":\"WebPage\",\"@id\":\"https:\/\/demoweb.info\/sexshop001\/producto\/optimale-anillo-vibrador-c-negro\/\",\"url\":\"https:\/\/demoweb.info\/sexshop001\/producto\/optimale-anillo-vibrador-c-negro\/\",\"name\":\"OPTIMALE ANILLO VIBRADOR C NEGRO - Tienda Er\u00f3tica\",\"isPartOf\":{\"@id\":\"https:\/\/demoweb.info\/sexshop001\/#website\"},\"datePublished\":\"2022-01-22T15:13:54+00:00\",\"dateModified\":\"2022-01-22T15:13:57+00:00\",\"breadcrumb\":{\"@id\":\"https:\/\/demoweb.info\/sexshop001\/producto\/optimale-anillo-vibrador-c-negro\/#breadcrumb\"},\"inLanguage\":\"es\",\"potentialAction\":[{\"@type\":\"ReadAction\",\"target\":[\"https:\/\/demoweb.info\/sexshop001\/producto\/optimale-anillo-vibrador-c-negro\/\"]}]},{\"@type\":\"BreadcrumbList\",\"@id\":\"https:\/\/demoweb.info\/sexshop001\/producto\/optimale-anillo-vibrador-c-negro\/#breadcrumb\",\"itemListElement\":[{\"@type\":\"ListItem\",\"position\":1,\"name\":\"Portada\",\"item\":\"https:\/\/demoweb.info\/sexshop001\/\"},{\"@type\":\"ListItem\",\"position\":2,\"name\":\"Tienda\",\"item\":\"https:\/\/demoweb.info\/sexshop001\/tienda\/\"},{\"@type\":\"ListItem\",\"position\":3,\"name\":\"OPTIMALE ANILLO VIBRADOR C NEGRO\"}]},{\"@type\":\"WebSite\",\"@id\":\"https:\/\/demoweb.info\/sexshop001\/#website\",\"url\":\"https:\/\/demoweb.info\/sexshop001\/\",\"name\":\"Tienda Er\u00f3tica\",\"description\":\"DEMOWEB SL\",\"potentialAction\":[{\"@type\":\"SearchAction\",\"target\":{\"@type\":\"EntryPoint\",\"urlTemplate\":\"https:\/\/demoweb.info\/sexshop001\/?s={search_term_string}\"},\"query-input\":\"required name=search_term_string\"}],\"inLanguage\":\"es\"}]}<\/script>\n<!-- \/ Yoast SEO plugin. -->","yoast_head_json":{"title":"OPTIMALE ANILLO VIBRADOR C NEGRO - Tienda Er\u00f3tica","robots":{"index":"noindex","follow":"follow","max-snippet":"max-snippet:-1","max-image-preview":"max-image-preview:large","max-video-preview":"max-video-preview:-1"},"og_locale":"es_ES","og_type":"article","og_title":"OPTIMALE ANILLO VIBRADOR C NEGRO - Tienda Er\u00f3tica","og_description":"OPTIMALE VIBRATING C RING BLACK \u00a1Mejora tu vida sexual! El anillo en C vibrante y recargable OptiMALE presenta 7 potentes","og_url":"https:\/\/demoweb.info\/sexshop001\/producto\/optimale-anillo-vibrador-c-negro\/","og_site_name":"Tienda Er\u00f3tica","article_modified_time":"2022-01-22T15:13:57+00:00","og_image":[{"width":550,"height":550,"url":"https:\/\/demoweb.info\/sexshop001\/wp-content\/uploads\/2022\/01\/OPTIMALE-ANILLO-VIBRADOR-C-NEGRO.jpg","type":"image\/jpeg"}],"twitter_card":"summary_large_image","twitter_misc":{"Tiempo de lectura":"1 minuto"},"schema":{"@context":"https:\/\/schema.org","@graph":[{"@type":"WebPage","@id":"https:\/\/demoweb.info\/sexshop001\/producto\/optimale-anillo-vibrador-c-negro\/","url":"https:\/\/demoweb.info\/sexshop001\/producto\/optimale-anillo-vibrador-c-negro\/","name":"OPTIMALE ANILLO VIBRADOR C NEGRO - Tienda Er\u00f3tica","isPartOf":{"@id":"https:\/\/demoweb.info\/sexshop001\/#website"},"datePublished":"2022-01-22T15:13:54+00:00","dateModified":"2022-01-22T15:13:57+00:00","breadcrumb":{"@id":"https:\/\/demoweb.info\/sexshop001\/producto\/optimale-anillo-vibrador-c-negro\/#breadcrumb"},"inLanguage":"es","potentialAction":[{"@type":"ReadAction","target":["https:\/\/demoweb.info\/sexshop001\/producto\/optimale-anillo-vibrador-c-negro\/"]}]},{"@type":"BreadcrumbList","@id":"https:\/\/demoweb.info\/sexshop001\/producto\/optimale-anillo-vibrador-c-negro\/#breadcrumb","itemListElement":[{"@type":"ListItem","position":1,"name":"Portada","item":"https:\/\/demoweb.info\/sexshop001\/"},{"@type":"ListItem","position":2,"name":"Tienda","item":"https:\/\/demoweb.info\/sexshop001\/tienda\/"},{"@type":"ListItem","position":3,"name":"OPTIMALE ANILLO VIBRADOR C NEGRO"}]},{"@type":"WebSite","@id":"https:\/\/demoweb.info\/sexshop001\/#website","url":"https:\/\/demoweb.info\/sexshop001\/","name":"Tienda Er\u00f3tica","description":"DEMOWEB SL","potentialAction":[{"@type":"SearchAction","target":{"@type":"EntryPoint","urlTemplate":"https:\/\/demoweb.info\/sexshop001\/?s={search_term_string}"},"query-input":"required name=search_term_string"}],"inLanguage":"es"}]}},"_links":{"self":[{"href":"https:\/\/demoweb.info\/sexshop001\/wp-json\/wp\/v3\/product\/51230","targetHints":{"allow":["GET"]}}],"collection":[{"href":"https:\/\/demoweb.info\/sexshop001\/wp-json\/wp\/v3\/product"}],"about":[{"href":"https:\/\/demoweb.info\/sexshop001\/wp-json\/wp\/v2\/types\/product"}],"replies":[{"embeddable":true,"href":"https:\/\/demoweb.info\/sexshop001\/wp-json\/wp\/v2\/comments?post=51230"}],"wp:featuredmedia":[{"embeddable":true,"href":"https:\/\/demoweb.info\/sexshop001\/wp-json\/wp\/v2\/media\/51231"}],"wp:attachment":[{"href":"https:\/\/demoweb.info\/sexshop001\/wp-json\/wp\/v2\/media?parent=51230"}],"wp:term":[{"taxonomy":"product_cat","embeddable":true,"href":"https:\/\/demoweb.info\/sexshop001\/wp-json\/wp\/v2\/product_cat?post=51230"},{"taxonomy":"product_tag","embeddable":true,"href":"https:\/\/demoweb.info\/sexshop001\/wp-json\/wp\/v2\/product_tag?post=51230"}],"curies":[{"name":"wp","href":"https:\/\/api.w.org\/{rel}","templated":true}]}}