{"id":50704,"date":"2022-01-22T16:08:26","date_gmt":"2022-01-22T15:08:26","guid":{"rendered":"https:\/\/demoweb.info\/sexshop001\/producto\/fish-bowl-50uds-anillos-pene-lisos\/"},"modified":"2022-01-22T16:08:31","modified_gmt":"2022-01-22T15:08:31","slug":"fish-bowl-50uds-anillos-pene-lisos","status":"publish","type":"product","link":"https:\/\/demoweb.info\/sexshop001\/producto\/fish-bowl-50uds-anillos-pene-lisos\/","title":{"rendered":"FISH BOWL &#8211; 50UDS ANILLOS PENE LISOS"},"content":{"rendered":"<p><strong>RAM RING FISH BOWL &#8211; 50 PCS<\/strong><\/p>\n<p>El Ram Ring fue dise\u00f1ado por Tribal Son, un d\u00fao de maestros artesanos conocidos en todo el mundo por sus dise\u00f1os de joyer\u00eda de plata masculina. El anillo de gran estilo puede ser utilizado como un anillo para el pene tradicional o usado como un adorno del cuerpo. Est\u00e1 fabricado con PF Blend, que es una mezcla de materiales Silicona y TPR, lo que lo convierte en un anillo duradero de larga duraci\u00f3n que es extremadamente c\u00f3modo de llevar.<\/p>\n<p>L\u00e1vese bien con jab\u00f3n suave y agua.<\/p>\n<p>Seguro con lubricantes a base de agua. Este producto no es compatible con productos de l\u00e1tex. Gu\u00e1rdelo por separado.<\/p>\n","protected":false},"excerpt":{"rendered":"<p>RAM RING FISH BOWL &#8211; 50 PCS El Ram Ring fue dise\u00f1ado por Tribal Son, un d\u00fao de maestros artesanos<\/p>\n","protected":false},"featured_media":50705,"comment_status":"open","ping_status":"open","template":"","meta":[],"product_cat":[324],"product_tag":[1323],"class_list":["post-50704","product","type-product","status-publish","has-post-thumbnail","hentry","product_cat-kits-anillos","product_tag-perfect-fit"],"bundled_by":[],"bundle_stock_status":"instock","bundle_stock_quantity":1,"bundle_virtual":false,"bundle_layout":"","bundle_add_to_cart_form_location":"","bundle_editable_in_cart":false,"bundle_sold_individually_context":"","bundle_item_grouping":"","bundle_min_size":"","bundle_max_size":"","bundled_items":[],"yoast_head":"<!-- This site is optimized with the Yoast SEO plugin v20.6 - https:\/\/yoast.com\/wordpress\/plugins\/seo\/ -->\n<title>FISH BOWL - 50UDS ANILLOS PENE LISOS - Tienda Er\u00f3tica<\/title>\n<meta name=\"robots\" content=\"noindex, follow, max-snippet:-1, max-image-preview:large, max-video-preview:-1\" \/>\n<meta property=\"og:locale\" content=\"es_ES\" \/>\n<meta property=\"og:type\" content=\"article\" \/>\n<meta property=\"og:title\" content=\"FISH BOWL - 50UDS ANILLOS PENE LISOS - Tienda Er\u00f3tica\" \/>\n<meta property=\"og:description\" content=\"RAM RING FISH BOWL &#8211; 50 PCS El Ram Ring fue dise\u00f1ado por Tribal Son, un d\u00fao de maestros artesanos\" \/>\n<meta property=\"og:url\" content=\"https:\/\/demoweb.info\/sexshop001\/producto\/fish-bowl-50uds-anillos-pene-lisos\/\" \/>\n<meta property=\"og:site_name\" content=\"Tienda Er\u00f3tica\" \/>\n<meta property=\"article:modified_time\" content=\"2022-01-22T15:08:31+00:00\" \/>\n<meta property=\"og:image\" content=\"https:\/\/demoweb.info\/sexshop001\/wp-content\/uploads\/2022\/01\/FISH-BOWL-50UDS-ANILLOS-PENE-LISOS.jpg\" \/>\n\t<meta property=\"og:image:width\" content=\"550\" \/>\n\t<meta property=\"og:image:height\" content=\"550\" \/>\n\t<meta property=\"og:image:type\" content=\"image\/jpeg\" \/>\n<meta name=\"twitter:card\" content=\"summary_large_image\" \/>\n<meta name=\"twitter:label1\" content=\"Tiempo de lectura\" \/>\n\t<meta name=\"twitter:data1\" content=\"1 minuto\" \/>\n<script type=\"application\/ld+json\" class=\"yoast-schema-graph\">{\"@context\":\"https:\/\/schema.org\",\"@graph\":[{\"@type\":\"WebPage\",\"@id\":\"https:\/\/demoweb.info\/sexshop001\/producto\/fish-bowl-50uds-anillos-pene-lisos\/\",\"url\":\"https:\/\/demoweb.info\/sexshop001\/producto\/fish-bowl-50uds-anillos-pene-lisos\/\",\"name\":\"FISH BOWL - 50UDS ANILLOS PENE LISOS - Tienda Er\u00f3tica\",\"isPartOf\":{\"@id\":\"https:\/\/demoweb.info\/sexshop001\/#website\"},\"datePublished\":\"2022-01-22T15:08:26+00:00\",\"dateModified\":\"2022-01-22T15:08:31+00:00\",\"breadcrumb\":{\"@id\":\"https:\/\/demoweb.info\/sexshop001\/producto\/fish-bowl-50uds-anillos-pene-lisos\/#breadcrumb\"},\"inLanguage\":\"es\",\"potentialAction\":[{\"@type\":\"ReadAction\",\"target\":[\"https:\/\/demoweb.info\/sexshop001\/producto\/fish-bowl-50uds-anillos-pene-lisos\/\"]}]},{\"@type\":\"BreadcrumbList\",\"@id\":\"https:\/\/demoweb.info\/sexshop001\/producto\/fish-bowl-50uds-anillos-pene-lisos\/#breadcrumb\",\"itemListElement\":[{\"@type\":\"ListItem\",\"position\":1,\"name\":\"Portada\",\"item\":\"https:\/\/demoweb.info\/sexshop001\/\"},{\"@type\":\"ListItem\",\"position\":2,\"name\":\"Tienda\",\"item\":\"https:\/\/demoweb.info\/sexshop001\/tienda\/\"},{\"@type\":\"ListItem\",\"position\":3,\"name\":\"FISH BOWL &#8211; 50UDS ANILLOS PENE LISOS\"}]},{\"@type\":\"WebSite\",\"@id\":\"https:\/\/demoweb.info\/sexshop001\/#website\",\"url\":\"https:\/\/demoweb.info\/sexshop001\/\",\"name\":\"Tienda Er\u00f3tica\",\"description\":\"DEMOWEB SL\",\"potentialAction\":[{\"@type\":\"SearchAction\",\"target\":{\"@type\":\"EntryPoint\",\"urlTemplate\":\"https:\/\/demoweb.info\/sexshop001\/?s={search_term_string}\"},\"query-input\":\"required name=search_term_string\"}],\"inLanguage\":\"es\"}]}<\/script>\n<!-- \/ Yoast SEO plugin. -->","yoast_head_json":{"title":"FISH BOWL - 50UDS ANILLOS PENE LISOS - Tienda Er\u00f3tica","robots":{"index":"noindex","follow":"follow","max-snippet":"max-snippet:-1","max-image-preview":"max-image-preview:large","max-video-preview":"max-video-preview:-1"},"og_locale":"es_ES","og_type":"article","og_title":"FISH BOWL - 50UDS ANILLOS PENE LISOS - Tienda Er\u00f3tica","og_description":"RAM RING FISH BOWL &#8211; 50 PCS El Ram Ring fue dise\u00f1ado por Tribal Son, un d\u00fao de maestros artesanos","og_url":"https:\/\/demoweb.info\/sexshop001\/producto\/fish-bowl-50uds-anillos-pene-lisos\/","og_site_name":"Tienda Er\u00f3tica","article_modified_time":"2022-01-22T15:08:31+00:00","og_image":[{"width":550,"height":550,"url":"https:\/\/demoweb.info\/sexshop001\/wp-content\/uploads\/2022\/01\/FISH-BOWL-50UDS-ANILLOS-PENE-LISOS.jpg","type":"image\/jpeg"}],"twitter_card":"summary_large_image","twitter_misc":{"Tiempo de lectura":"1 minuto"},"schema":{"@context":"https:\/\/schema.org","@graph":[{"@type":"WebPage","@id":"https:\/\/demoweb.info\/sexshop001\/producto\/fish-bowl-50uds-anillos-pene-lisos\/","url":"https:\/\/demoweb.info\/sexshop001\/producto\/fish-bowl-50uds-anillos-pene-lisos\/","name":"FISH BOWL - 50UDS ANILLOS PENE LISOS - Tienda Er\u00f3tica","isPartOf":{"@id":"https:\/\/demoweb.info\/sexshop001\/#website"},"datePublished":"2022-01-22T15:08:26+00:00","dateModified":"2022-01-22T15:08:31+00:00","breadcrumb":{"@id":"https:\/\/demoweb.info\/sexshop001\/producto\/fish-bowl-50uds-anillos-pene-lisos\/#breadcrumb"},"inLanguage":"es","potentialAction":[{"@type":"ReadAction","target":["https:\/\/demoweb.info\/sexshop001\/producto\/fish-bowl-50uds-anillos-pene-lisos\/"]}]},{"@type":"BreadcrumbList","@id":"https:\/\/demoweb.info\/sexshop001\/producto\/fish-bowl-50uds-anillos-pene-lisos\/#breadcrumb","itemListElement":[{"@type":"ListItem","position":1,"name":"Portada","item":"https:\/\/demoweb.info\/sexshop001\/"},{"@type":"ListItem","position":2,"name":"Tienda","item":"https:\/\/demoweb.info\/sexshop001\/tienda\/"},{"@type":"ListItem","position":3,"name":"FISH BOWL &#8211; 50UDS ANILLOS PENE LISOS"}]},{"@type":"WebSite","@id":"https:\/\/demoweb.info\/sexshop001\/#website","url":"https:\/\/demoweb.info\/sexshop001\/","name":"Tienda Er\u00f3tica","description":"DEMOWEB SL","potentialAction":[{"@type":"SearchAction","target":{"@type":"EntryPoint","urlTemplate":"https:\/\/demoweb.info\/sexshop001\/?s={search_term_string}"},"query-input":"required name=search_term_string"}],"inLanguage":"es"}]}},"_links":{"self":[{"href":"https:\/\/demoweb.info\/sexshop001\/wp-json\/wp\/v3\/product\/50704","targetHints":{"allow":["GET"]}}],"collection":[{"href":"https:\/\/demoweb.info\/sexshop001\/wp-json\/wp\/v3\/product"}],"about":[{"href":"https:\/\/demoweb.info\/sexshop001\/wp-json\/wp\/v2\/types\/product"}],"replies":[{"embeddable":true,"href":"https:\/\/demoweb.info\/sexshop001\/wp-json\/wp\/v2\/comments?post=50704"}],"wp:featuredmedia":[{"embeddable":true,"href":"https:\/\/demoweb.info\/sexshop001\/wp-json\/wp\/v2\/media\/50705"}],"wp:attachment":[{"href":"https:\/\/demoweb.info\/sexshop001\/wp-json\/wp\/v2\/media?parent=50704"}],"wp:term":[{"taxonomy":"product_cat","embeddable":true,"href":"https:\/\/demoweb.info\/sexshop001\/wp-json\/wp\/v2\/product_cat?post=50704"},{"taxonomy":"product_tag","embeddable":true,"href":"https:\/\/demoweb.info\/sexshop001\/wp-json\/wp\/v2\/product_tag?post=50704"}],"curies":[{"name":"wp","href":"https:\/\/api.w.org\/{rel}","templated":true}]}}