{"id":50588,"date":"2022-01-22T16:07:15","date_gmt":"2022-01-22T15:07:15","guid":{"rendered":"https:\/\/demoweb.info\/sexshop001\/producto\/electrastim-sensavox\/"},"modified":"2022-01-22T16:07:15","modified_gmt":"2022-01-22T15:07:15","slug":"electrastim-sensavox","status":"publish","type":"product","link":"https:\/\/demoweb.info\/sexshop001\/producto\/electrastim-sensavox\/","title":{"rendered":"ELECTRASTIM SENSAVOX"},"content":{"rendered":"<p><strong>ELECTRASTIM SENSAVOX<\/strong><\/p>\n<p>Electrastim SensaVox es un potente estimulador de electrosex que puede ser controlado de forma manual o con bater\u00eda.<\/p>\n<p>Cuenta con una amplia gama de caracter\u00edsticas para explorar y puede estimular incluso con el audio usando el micr\u00f3fono incluido o l\u00ednea de cable.<\/p>\n<p><strong>Caracter\u00edsticas estimulador:<\/strong><\/p>\n<p>Manual y mediante bater\u00eda.<br \/>\n2 canales de estimulaci\u00f3n verdaderamente aislados (uso de diferentes niveles de intensidad en cada canal).<br \/>\n9 ajustes del patr\u00f3n<br \/>\n99 niveles de intensidad<br \/>\nModificar Modo &#8211; Cambiar los par\u00e1metros de estimulaci\u00f3n<br \/>\nEntrada de audio<br \/>\nEntrada de micr\u00f3fono<br \/>\nBot\u00f3n de impulso &#8211; aumenta temporalmente la intensidad en un 25%<\/p>\n<p><strong>Incluye:<\/strong><\/p>\n<p>SensaVox Em140 Estimulador<br \/>\nBater\u00eda de 9 voltios<br \/>\nAdaptador de red en todo el mundo<br \/>\n2 cables de conexi\u00f3n (conexi\u00f3n pin 2 mM)<br \/>\nMicr\u00f3fono<br \/>\nLa l\u00ednea de audio por cable<br \/>\nCaja de almacenamiento<br \/>\nCD con pistas de estimulaci\u00f3n<\/p>\n","protected":false},"excerpt":{"rendered":"<p>ELECTRASTIM SENSAVOX Electrastim SensaVox es un potente estimulador de electrosex que puede ser controlado de forma manual o con bater\u00eda.<\/p>\n","protected":false},"featured_media":50589,"comment_status":"open","ping_status":"open","template":"","meta":[],"product_cat":[492],"product_tag":[648],"class_list":["post-50588","product","type-product","status-publish","has-post-thumbnail","hentry","product_cat-electroestimulacion","product_tag-electrastim"],"bundled_by":[],"bundle_stock_status":"instock","bundle_stock_quantity":2,"bundle_virtual":false,"bundle_layout":"","bundle_add_to_cart_form_location":"","bundle_editable_in_cart":false,"bundle_sold_individually_context":"","bundle_item_grouping":"","bundle_min_size":"","bundle_max_size":"","bundled_items":[],"yoast_head":"<!-- This site is optimized with the Yoast SEO plugin v20.6 - https:\/\/yoast.com\/wordpress\/plugins\/seo\/ -->\n<title>ELECTRASTIM SENSAVOX - Tienda Er\u00f3tica<\/title>\n<meta name=\"robots\" content=\"noindex, follow, max-snippet:-1, max-image-preview:large, max-video-preview:-1\" \/>\n<meta property=\"og:locale\" content=\"es_ES\" \/>\n<meta property=\"og:type\" content=\"article\" \/>\n<meta property=\"og:title\" content=\"ELECTRASTIM SENSAVOX - Tienda Er\u00f3tica\" \/>\n<meta property=\"og:description\" content=\"ELECTRASTIM SENSAVOX Electrastim SensaVox es un potente estimulador de electrosex que puede ser controlado de forma manual o con bater\u00eda.\" \/>\n<meta property=\"og:url\" content=\"https:\/\/demoweb.info\/sexshop001\/producto\/electrastim-sensavox\/\" \/>\n<meta property=\"og:site_name\" content=\"Tienda Er\u00f3tica\" \/>\n<meta property=\"og:image\" content=\"https:\/\/demoweb.info\/sexshop001\/wp-content\/uploads\/2022\/01\/ELECTRASTIM-SENSAVOX.jpg\" \/>\n\t<meta property=\"og:image:width\" content=\"550\" \/>\n\t<meta property=\"og:image:height\" content=\"550\" \/>\n\t<meta property=\"og:image:type\" content=\"image\/jpeg\" \/>\n<meta name=\"twitter:card\" content=\"summary_large_image\" \/>\n<meta name=\"twitter:label1\" content=\"Tiempo de lectura\" \/>\n\t<meta name=\"twitter:data1\" content=\"1 minuto\" \/>\n<script type=\"application\/ld+json\" class=\"yoast-schema-graph\">{\"@context\":\"https:\/\/schema.org\",\"@graph\":[{\"@type\":\"WebPage\",\"@id\":\"https:\/\/demoweb.info\/sexshop001\/producto\/electrastim-sensavox\/\",\"url\":\"https:\/\/demoweb.info\/sexshop001\/producto\/electrastim-sensavox\/\",\"name\":\"ELECTRASTIM SENSAVOX - Tienda Er\u00f3tica\",\"isPartOf\":{\"@id\":\"https:\/\/demoweb.info\/sexshop001\/#website\"},\"datePublished\":\"2022-01-22T15:07:15+00:00\",\"dateModified\":\"2022-01-22T15:07:15+00:00\",\"breadcrumb\":{\"@id\":\"https:\/\/demoweb.info\/sexshop001\/producto\/electrastim-sensavox\/#breadcrumb\"},\"inLanguage\":\"es\",\"potentialAction\":[{\"@type\":\"ReadAction\",\"target\":[\"https:\/\/demoweb.info\/sexshop001\/producto\/electrastim-sensavox\/\"]}]},{\"@type\":\"BreadcrumbList\",\"@id\":\"https:\/\/demoweb.info\/sexshop001\/producto\/electrastim-sensavox\/#breadcrumb\",\"itemListElement\":[{\"@type\":\"ListItem\",\"position\":1,\"name\":\"Portada\",\"item\":\"https:\/\/demoweb.info\/sexshop001\/\"},{\"@type\":\"ListItem\",\"position\":2,\"name\":\"Tienda\",\"item\":\"https:\/\/demoweb.info\/sexshop001\/tienda\/\"},{\"@type\":\"ListItem\",\"position\":3,\"name\":\"ELECTRASTIM SENSAVOX\"}]},{\"@type\":\"WebSite\",\"@id\":\"https:\/\/demoweb.info\/sexshop001\/#website\",\"url\":\"https:\/\/demoweb.info\/sexshop001\/\",\"name\":\"Tienda Er\u00f3tica\",\"description\":\"DEMOWEB SL\",\"potentialAction\":[{\"@type\":\"SearchAction\",\"target\":{\"@type\":\"EntryPoint\",\"urlTemplate\":\"https:\/\/demoweb.info\/sexshop001\/?s={search_term_string}\"},\"query-input\":\"required name=search_term_string\"}],\"inLanguage\":\"es\"}]}<\/script>\n<!-- \/ Yoast SEO plugin. -->","yoast_head_json":{"title":"ELECTRASTIM SENSAVOX - Tienda Er\u00f3tica","robots":{"index":"noindex","follow":"follow","max-snippet":"max-snippet:-1","max-image-preview":"max-image-preview:large","max-video-preview":"max-video-preview:-1"},"og_locale":"es_ES","og_type":"article","og_title":"ELECTRASTIM SENSAVOX - Tienda Er\u00f3tica","og_description":"ELECTRASTIM SENSAVOX Electrastim SensaVox es un potente estimulador de electrosex que puede ser controlado de forma manual o con bater\u00eda.","og_url":"https:\/\/demoweb.info\/sexshop001\/producto\/electrastim-sensavox\/","og_site_name":"Tienda Er\u00f3tica","og_image":[{"width":550,"height":550,"url":"https:\/\/demoweb.info\/sexshop001\/wp-content\/uploads\/2022\/01\/ELECTRASTIM-SENSAVOX.jpg","type":"image\/jpeg"}],"twitter_card":"summary_large_image","twitter_misc":{"Tiempo de lectura":"1 minuto"},"schema":{"@context":"https:\/\/schema.org","@graph":[{"@type":"WebPage","@id":"https:\/\/demoweb.info\/sexshop001\/producto\/electrastim-sensavox\/","url":"https:\/\/demoweb.info\/sexshop001\/producto\/electrastim-sensavox\/","name":"ELECTRASTIM SENSAVOX - Tienda Er\u00f3tica","isPartOf":{"@id":"https:\/\/demoweb.info\/sexshop001\/#website"},"datePublished":"2022-01-22T15:07:15+00:00","dateModified":"2022-01-22T15:07:15+00:00","breadcrumb":{"@id":"https:\/\/demoweb.info\/sexshop001\/producto\/electrastim-sensavox\/#breadcrumb"},"inLanguage":"es","potentialAction":[{"@type":"ReadAction","target":["https:\/\/demoweb.info\/sexshop001\/producto\/electrastim-sensavox\/"]}]},{"@type":"BreadcrumbList","@id":"https:\/\/demoweb.info\/sexshop001\/producto\/electrastim-sensavox\/#breadcrumb","itemListElement":[{"@type":"ListItem","position":1,"name":"Portada","item":"https:\/\/demoweb.info\/sexshop001\/"},{"@type":"ListItem","position":2,"name":"Tienda","item":"https:\/\/demoweb.info\/sexshop001\/tienda\/"},{"@type":"ListItem","position":3,"name":"ELECTRASTIM SENSAVOX"}]},{"@type":"WebSite","@id":"https:\/\/demoweb.info\/sexshop001\/#website","url":"https:\/\/demoweb.info\/sexshop001\/","name":"Tienda Er\u00f3tica","description":"DEMOWEB SL","potentialAction":[{"@type":"SearchAction","target":{"@type":"EntryPoint","urlTemplate":"https:\/\/demoweb.info\/sexshop001\/?s={search_term_string}"},"query-input":"required name=search_term_string"}],"inLanguage":"es"}]}},"_links":{"self":[{"href":"https:\/\/demoweb.info\/sexshop001\/wp-json\/wp\/v3\/product\/50588","targetHints":{"allow":["GET"]}}],"collection":[{"href":"https:\/\/demoweb.info\/sexshop001\/wp-json\/wp\/v3\/product"}],"about":[{"href":"https:\/\/demoweb.info\/sexshop001\/wp-json\/wp\/v2\/types\/product"}],"replies":[{"embeddable":true,"href":"https:\/\/demoweb.info\/sexshop001\/wp-json\/wp\/v2\/comments?post=50588"}],"wp:featuredmedia":[{"embeddable":true,"href":"https:\/\/demoweb.info\/sexshop001\/wp-json\/wp\/v2\/media\/50589"}],"wp:attachment":[{"href":"https:\/\/demoweb.info\/sexshop001\/wp-json\/wp\/v2\/media?parent=50588"}],"wp:term":[{"taxonomy":"product_cat","embeddable":true,"href":"https:\/\/demoweb.info\/sexshop001\/wp-json\/wp\/v2\/product_cat?post=50588"},{"taxonomy":"product_tag","embeddable":true,"href":"https:\/\/demoweb.info\/sexshop001\/wp-json\/wp\/v2\/product_tag?post=50588"}],"curies":[{"name":"wp","href":"https:\/\/api.w.org\/{rel}","templated":true}]}}