{"id":49735,"date":"2022-01-22T15:57:41","date_gmt":"2022-01-22T14:57:41","guid":{"rendered":"https:\/\/demoweb.info\/sexshop001\/producto\/depth-charge-dildo-electroestimulacion\/"},"modified":"2022-01-22T15:57:42","modified_gmt":"2022-01-22T14:57:42","slug":"depth-charge-dildo-electroestimulacion","status":"publish","type":"product","link":"https:\/\/demoweb.info\/sexshop001\/producto\/depth-charge-dildo-electroestimulacion\/","title":{"rendered":"DEPTH CHARGE DILDO ELECTROESTIMULACI\u00d3N"},"content":{"rendered":"<p><strong>DEPTH CHARGE ELECTRO DILDO<\/strong><\/p>\n<p>Consiga la estimulaci\u00f3n que lograr\u00eda con un huevo del amor combinado con las profundas habilidades de un consolador de 17,78 cm. La sonda bipolar Depth Charge de ElectraStim es la forma perfecta para satisfacer sus deseos ya que es adecuado tanto para uso vaginal como anal. Elija una inserci\u00f3n poco profunda para tocar el punto G de ella o masajear la pr\u00f3stata de \u00e9l o vaya m\u00e1s profundo para realzar la satisfacci\u00f3n.<\/p>\n<p>Dise\u00f1ado para ser utilizado con cualquier estimulador ElectraStim (vendido por separado), Depth Charge crea hormigueos de placer que resuenan desde la punta. Las sensaciones hacen que sus m\u00fasculos se contraigan al tiempo que la estimulaci\u00f3n y puede sentir que est\u00e1 a punto del cl\u00edmax desde el comienzo del juego.<\/p>\n<p>Utilice un lubricante con base acuosa por la superficie del consolador antes de su uso para maximizar su placer. No utilice un lubricante de silicona ya que actuar\u00e1 como aislante.<\/p>\n<p>Dimensiones: <br \/>\nLongitud insertable de 18 cm x 3 cm de di\u00e1metro.<\/p>\n<p>Materiales:<br \/>\nConstrucci\u00f3n laminada con contactos de aluminio y un aislante acr\u00edlico central. Mango y superficie de silicona flexible. Sin ftalatos y seguro para el cuerpo.<\/p>\n","protected":false},"excerpt":{"rendered":"<p>DEPTH CHARGE ELECTRO DILDO Consiga la estimulaci\u00f3n que lograr\u00eda con un huevo del amor combinado con las profundas habilidades de<\/p>\n","protected":false},"featured_media":49736,"comment_status":"open","ping_status":"open","template":"","meta":[],"product_cat":[492],"product_tag":[648],"class_list":["post-49735","product","type-product","status-publish","has-post-thumbnail","hentry","product_cat-electroestimulacion","product_tag-electrastim"],"bundled_by":[],"bundle_stock_status":"instock","bundle_stock_quantity":1,"bundle_virtual":false,"bundle_layout":"","bundle_add_to_cart_form_location":"","bundle_editable_in_cart":false,"bundle_sold_individually_context":"","bundle_item_grouping":"","bundle_min_size":"","bundle_max_size":"","bundled_items":[],"yoast_head":"<!-- This site is optimized with the Yoast SEO plugin v20.6 - https:\/\/yoast.com\/wordpress\/plugins\/seo\/ -->\n<title>DEPTH CHARGE DILDO ELECTROESTIMULACI\u00d3N - Tienda Er\u00f3tica<\/title>\n<meta name=\"robots\" content=\"noindex, follow, max-snippet:-1, max-image-preview:large, max-video-preview:-1\" \/>\n<meta property=\"og:locale\" content=\"es_ES\" \/>\n<meta property=\"og:type\" content=\"article\" \/>\n<meta property=\"og:title\" content=\"DEPTH CHARGE DILDO ELECTROESTIMULACI\u00d3N - Tienda Er\u00f3tica\" \/>\n<meta property=\"og:description\" content=\"DEPTH CHARGE ELECTRO DILDO Consiga la estimulaci\u00f3n que lograr\u00eda con un huevo del amor combinado con las profundas habilidades de\" \/>\n<meta property=\"og:url\" content=\"https:\/\/demoweb.info\/sexshop001\/producto\/depth-charge-dildo-electroestimulacion\/\" \/>\n<meta property=\"og:site_name\" content=\"Tienda Er\u00f3tica\" \/>\n<meta property=\"article:modified_time\" content=\"2022-01-22T14:57:42+00:00\" \/>\n<meta property=\"og:image\" content=\"https:\/\/demoweb.info\/sexshop001\/wp-content\/uploads\/2022\/01\/DEPTH-CHARGE-DILDO-ELECTROESTIMULACION.jpg\" \/>\n\t<meta property=\"og:image:width\" content=\"550\" \/>\n\t<meta property=\"og:image:height\" content=\"550\" \/>\n\t<meta property=\"og:image:type\" content=\"image\/jpeg\" \/>\n<meta name=\"twitter:card\" content=\"summary_large_image\" \/>\n<meta name=\"twitter:label1\" content=\"Tiempo de lectura\" \/>\n\t<meta name=\"twitter:data1\" content=\"1 minuto\" \/>\n<script type=\"application\/ld+json\" class=\"yoast-schema-graph\">{\"@context\":\"https:\/\/schema.org\",\"@graph\":[{\"@type\":\"WebPage\",\"@id\":\"https:\/\/demoweb.info\/sexshop001\/producto\/depth-charge-dildo-electroestimulacion\/\",\"url\":\"https:\/\/demoweb.info\/sexshop001\/producto\/depth-charge-dildo-electroestimulacion\/\",\"name\":\"DEPTH CHARGE DILDO ELECTROESTIMULACI\u00d3N - Tienda Er\u00f3tica\",\"isPartOf\":{\"@id\":\"https:\/\/demoweb.info\/sexshop001\/#website\"},\"datePublished\":\"2022-01-22T14:57:41+00:00\",\"dateModified\":\"2022-01-22T14:57:42+00:00\",\"breadcrumb\":{\"@id\":\"https:\/\/demoweb.info\/sexshop001\/producto\/depth-charge-dildo-electroestimulacion\/#breadcrumb\"},\"inLanguage\":\"es\",\"potentialAction\":[{\"@type\":\"ReadAction\",\"target\":[\"https:\/\/demoweb.info\/sexshop001\/producto\/depth-charge-dildo-electroestimulacion\/\"]}]},{\"@type\":\"BreadcrumbList\",\"@id\":\"https:\/\/demoweb.info\/sexshop001\/producto\/depth-charge-dildo-electroestimulacion\/#breadcrumb\",\"itemListElement\":[{\"@type\":\"ListItem\",\"position\":1,\"name\":\"Portada\",\"item\":\"https:\/\/demoweb.info\/sexshop001\/\"},{\"@type\":\"ListItem\",\"position\":2,\"name\":\"Tienda\",\"item\":\"https:\/\/demoweb.info\/sexshop001\/tienda\/\"},{\"@type\":\"ListItem\",\"position\":3,\"name\":\"DEPTH CHARGE DILDO ELECTROESTIMULACI\u00d3N\"}]},{\"@type\":\"WebSite\",\"@id\":\"https:\/\/demoweb.info\/sexshop001\/#website\",\"url\":\"https:\/\/demoweb.info\/sexshop001\/\",\"name\":\"Tienda Er\u00f3tica\",\"description\":\"DEMOWEB SL\",\"potentialAction\":[{\"@type\":\"SearchAction\",\"target\":{\"@type\":\"EntryPoint\",\"urlTemplate\":\"https:\/\/demoweb.info\/sexshop001\/?s={search_term_string}\"},\"query-input\":\"required name=search_term_string\"}],\"inLanguage\":\"es\"}]}<\/script>\n<!-- \/ Yoast SEO plugin. -->","yoast_head_json":{"title":"DEPTH CHARGE DILDO ELECTROESTIMULACI\u00d3N - Tienda Er\u00f3tica","robots":{"index":"noindex","follow":"follow","max-snippet":"max-snippet:-1","max-image-preview":"max-image-preview:large","max-video-preview":"max-video-preview:-1"},"og_locale":"es_ES","og_type":"article","og_title":"DEPTH CHARGE DILDO ELECTROESTIMULACI\u00d3N - Tienda Er\u00f3tica","og_description":"DEPTH CHARGE ELECTRO DILDO Consiga la estimulaci\u00f3n que lograr\u00eda con un huevo del amor combinado con las profundas habilidades de","og_url":"https:\/\/demoweb.info\/sexshop001\/producto\/depth-charge-dildo-electroestimulacion\/","og_site_name":"Tienda Er\u00f3tica","article_modified_time":"2022-01-22T14:57:42+00:00","og_image":[{"width":550,"height":550,"url":"https:\/\/demoweb.info\/sexshop001\/wp-content\/uploads\/2022\/01\/DEPTH-CHARGE-DILDO-ELECTROESTIMULACION.jpg","type":"image\/jpeg"}],"twitter_card":"summary_large_image","twitter_misc":{"Tiempo de lectura":"1 minuto"},"schema":{"@context":"https:\/\/schema.org","@graph":[{"@type":"WebPage","@id":"https:\/\/demoweb.info\/sexshop001\/producto\/depth-charge-dildo-electroestimulacion\/","url":"https:\/\/demoweb.info\/sexshop001\/producto\/depth-charge-dildo-electroestimulacion\/","name":"DEPTH CHARGE DILDO ELECTROESTIMULACI\u00d3N - Tienda Er\u00f3tica","isPartOf":{"@id":"https:\/\/demoweb.info\/sexshop001\/#website"},"datePublished":"2022-01-22T14:57:41+00:00","dateModified":"2022-01-22T14:57:42+00:00","breadcrumb":{"@id":"https:\/\/demoweb.info\/sexshop001\/producto\/depth-charge-dildo-electroestimulacion\/#breadcrumb"},"inLanguage":"es","potentialAction":[{"@type":"ReadAction","target":["https:\/\/demoweb.info\/sexshop001\/producto\/depth-charge-dildo-electroestimulacion\/"]}]},{"@type":"BreadcrumbList","@id":"https:\/\/demoweb.info\/sexshop001\/producto\/depth-charge-dildo-electroestimulacion\/#breadcrumb","itemListElement":[{"@type":"ListItem","position":1,"name":"Portada","item":"https:\/\/demoweb.info\/sexshop001\/"},{"@type":"ListItem","position":2,"name":"Tienda","item":"https:\/\/demoweb.info\/sexshop001\/tienda\/"},{"@type":"ListItem","position":3,"name":"DEPTH CHARGE DILDO ELECTROESTIMULACI\u00d3N"}]},{"@type":"WebSite","@id":"https:\/\/demoweb.info\/sexshop001\/#website","url":"https:\/\/demoweb.info\/sexshop001\/","name":"Tienda Er\u00f3tica","description":"DEMOWEB SL","potentialAction":[{"@type":"SearchAction","target":{"@type":"EntryPoint","urlTemplate":"https:\/\/demoweb.info\/sexshop001\/?s={search_term_string}"},"query-input":"required name=search_term_string"}],"inLanguage":"es"}]}},"_links":{"self":[{"href":"https:\/\/demoweb.info\/sexshop001\/wp-json\/wp\/v3\/product\/49735","targetHints":{"allow":["GET"]}}],"collection":[{"href":"https:\/\/demoweb.info\/sexshop001\/wp-json\/wp\/v3\/product"}],"about":[{"href":"https:\/\/demoweb.info\/sexshop001\/wp-json\/wp\/v2\/types\/product"}],"replies":[{"embeddable":true,"href":"https:\/\/demoweb.info\/sexshop001\/wp-json\/wp\/v2\/comments?post=49735"}],"wp:featuredmedia":[{"embeddable":true,"href":"https:\/\/demoweb.info\/sexshop001\/wp-json\/wp\/v2\/media\/49736"}],"wp:attachment":[{"href":"https:\/\/demoweb.info\/sexshop001\/wp-json\/wp\/v2\/media?parent=49735"}],"wp:term":[{"taxonomy":"product_cat","embeddable":true,"href":"https:\/\/demoweb.info\/sexshop001\/wp-json\/wp\/v2\/product_cat?post=49735"},{"taxonomy":"product_tag","embeddable":true,"href":"https:\/\/demoweb.info\/sexshop001\/wp-json\/wp\/v2\/product_tag?post=49735"}],"curies":[{"name":"wp","href":"https:\/\/api.w.org\/{rel}","templated":true}]}}