{"id":49609,"date":"2022-01-22T15:56:16","date_gmt":"2022-01-22T14:56:16","guid":{"rendered":"https:\/\/demoweb.info\/sexshop001\/producto\/surenda-enhanced-vibrador-oral-rosa\/"},"modified":"2022-01-22T15:56:20","modified_gmt":"2022-01-22T14:56:20","slug":"surenda-enhanced-vibrador-oral-rosa","status":"publish","type":"product","link":"https:\/\/demoweb.info\/sexshop001\/producto\/surenda-enhanced-vibrador-oral-rosa\/","title":{"rendered":"SURENDA ENHANCED VIBRADOR ORAL ROSA"},"content":{"rendered":"<p><strong>SURENDA ENHANCED ORAL VIBE-PINK<\/strong><\/p>\n<p>El vibrante micro juguete de placer de silicona con suavidad, que se acopla c\u00f3modamente al lado de la mejilla, permitiendo al usuario usar su propia boca en su pareja como juguete sexual, mientras realiza placer oral en \u00e9l o ella.<\/p>\n<p>Un beso franc\u00e9s nunca ser\u00e1 lo mismo para su pareja despu\u00e9s de experimentar cinco diferentes vibraciones y pulsaciones que emanan de sus labios y la lengua.<\/p>\n<p>Este producto de placer est\u00e1 hecho de silicona de lujo y es impermeable y USB recargable. Se adorna maravillosamente con el ajuste entonado oro y es un regalo perfecto para un amante especial.<\/p>\n","protected":false},"excerpt":{"rendered":"<p>SURENDA ENHANCED ORAL VIBE-PINK El vibrante micro juguete de placer de silicona con suavidad, que se acopla c\u00f3modamente al lado<\/p>\n","protected":false},"featured_media":49610,"comment_status":"open","ping_status":"open","template":"","meta":[],"product_cat":[315],"product_tag":[1491],"class_list":["post-49609","product","type-product","status-publish","has-post-thumbnail","hentry","product_cat-silicona-vibradores-juguetes-xxx","product_tag-nasstoys"],"bundled_by":[],"bundle_stock_status":"instock","bundle_stock_quantity":1,"bundle_virtual":false,"bundle_layout":"","bundle_add_to_cart_form_location":"","bundle_editable_in_cart":false,"bundle_sold_individually_context":"","bundle_item_grouping":"","bundle_min_size":"","bundle_max_size":"","bundled_items":[],"yoast_head":"<!-- This site is optimized with the Yoast SEO plugin v20.6 - https:\/\/yoast.com\/wordpress\/plugins\/seo\/ -->\n<title>SURENDA ENHANCED VIBRADOR ORAL ROSA - Tienda Er\u00f3tica<\/title>\n<meta name=\"robots\" content=\"noindex, follow, max-snippet:-1, max-image-preview:large, max-video-preview:-1\" \/>\n<meta property=\"og:locale\" content=\"es_ES\" \/>\n<meta property=\"og:type\" content=\"article\" \/>\n<meta property=\"og:title\" content=\"SURENDA ENHANCED VIBRADOR ORAL ROSA - Tienda Er\u00f3tica\" \/>\n<meta property=\"og:description\" content=\"SURENDA ENHANCED ORAL VIBE-PINK El vibrante micro juguete de placer de silicona con suavidad, que se acopla c\u00f3modamente al lado\" \/>\n<meta property=\"og:url\" content=\"https:\/\/demoweb.info\/sexshop001\/producto\/surenda-enhanced-vibrador-oral-rosa\/\" \/>\n<meta property=\"og:site_name\" content=\"Tienda Er\u00f3tica\" \/>\n<meta property=\"article:modified_time\" content=\"2022-01-22T14:56:20+00:00\" \/>\n<meta property=\"og:image\" content=\"https:\/\/demoweb.info\/sexshop001\/wp-content\/uploads\/2022\/01\/SURENDA-ENHANCED-VIBRADOR-ORAL-ROSA.jpg\" \/>\n\t<meta property=\"og:image:width\" content=\"550\" \/>\n\t<meta property=\"og:image:height\" content=\"550\" \/>\n\t<meta property=\"og:image:type\" content=\"image\/jpeg\" \/>\n<meta name=\"twitter:card\" content=\"summary_large_image\" \/>\n<meta name=\"twitter:label1\" content=\"Tiempo de lectura\" \/>\n\t<meta name=\"twitter:data1\" content=\"1 minuto\" \/>\n<script type=\"application\/ld+json\" class=\"yoast-schema-graph\">{\"@context\":\"https:\/\/schema.org\",\"@graph\":[{\"@type\":\"WebPage\",\"@id\":\"https:\/\/demoweb.info\/sexshop001\/producto\/surenda-enhanced-vibrador-oral-rosa\/\",\"url\":\"https:\/\/demoweb.info\/sexshop001\/producto\/surenda-enhanced-vibrador-oral-rosa\/\",\"name\":\"SURENDA ENHANCED VIBRADOR ORAL ROSA - Tienda Er\u00f3tica\",\"isPartOf\":{\"@id\":\"https:\/\/demoweb.info\/sexshop001\/#website\"},\"datePublished\":\"2022-01-22T14:56:16+00:00\",\"dateModified\":\"2022-01-22T14:56:20+00:00\",\"breadcrumb\":{\"@id\":\"https:\/\/demoweb.info\/sexshop001\/producto\/surenda-enhanced-vibrador-oral-rosa\/#breadcrumb\"},\"inLanguage\":\"es\",\"potentialAction\":[{\"@type\":\"ReadAction\",\"target\":[\"https:\/\/demoweb.info\/sexshop001\/producto\/surenda-enhanced-vibrador-oral-rosa\/\"]}]},{\"@type\":\"BreadcrumbList\",\"@id\":\"https:\/\/demoweb.info\/sexshop001\/producto\/surenda-enhanced-vibrador-oral-rosa\/#breadcrumb\",\"itemListElement\":[{\"@type\":\"ListItem\",\"position\":1,\"name\":\"Portada\",\"item\":\"https:\/\/demoweb.info\/sexshop001\/\"},{\"@type\":\"ListItem\",\"position\":2,\"name\":\"Tienda\",\"item\":\"https:\/\/demoweb.info\/sexshop001\/tienda\/\"},{\"@type\":\"ListItem\",\"position\":3,\"name\":\"SURENDA ENHANCED VIBRADOR ORAL ROSA\"}]},{\"@type\":\"WebSite\",\"@id\":\"https:\/\/demoweb.info\/sexshop001\/#website\",\"url\":\"https:\/\/demoweb.info\/sexshop001\/\",\"name\":\"Tienda Er\u00f3tica\",\"description\":\"DEMOWEB SL\",\"potentialAction\":[{\"@type\":\"SearchAction\",\"target\":{\"@type\":\"EntryPoint\",\"urlTemplate\":\"https:\/\/demoweb.info\/sexshop001\/?s={search_term_string}\"},\"query-input\":\"required name=search_term_string\"}],\"inLanguage\":\"es\"}]}<\/script>\n<!-- \/ Yoast SEO plugin. -->","yoast_head_json":{"title":"SURENDA ENHANCED VIBRADOR ORAL ROSA - Tienda Er\u00f3tica","robots":{"index":"noindex","follow":"follow","max-snippet":"max-snippet:-1","max-image-preview":"max-image-preview:large","max-video-preview":"max-video-preview:-1"},"og_locale":"es_ES","og_type":"article","og_title":"SURENDA ENHANCED VIBRADOR ORAL ROSA - Tienda Er\u00f3tica","og_description":"SURENDA ENHANCED ORAL VIBE-PINK El vibrante micro juguete de placer de silicona con suavidad, que se acopla c\u00f3modamente al lado","og_url":"https:\/\/demoweb.info\/sexshop001\/producto\/surenda-enhanced-vibrador-oral-rosa\/","og_site_name":"Tienda Er\u00f3tica","article_modified_time":"2022-01-22T14:56:20+00:00","og_image":[{"width":550,"height":550,"url":"https:\/\/demoweb.info\/sexshop001\/wp-content\/uploads\/2022\/01\/SURENDA-ENHANCED-VIBRADOR-ORAL-ROSA.jpg","type":"image\/jpeg"}],"twitter_card":"summary_large_image","twitter_misc":{"Tiempo de lectura":"1 minuto"},"schema":{"@context":"https:\/\/schema.org","@graph":[{"@type":"WebPage","@id":"https:\/\/demoweb.info\/sexshop001\/producto\/surenda-enhanced-vibrador-oral-rosa\/","url":"https:\/\/demoweb.info\/sexshop001\/producto\/surenda-enhanced-vibrador-oral-rosa\/","name":"SURENDA ENHANCED VIBRADOR ORAL ROSA - Tienda Er\u00f3tica","isPartOf":{"@id":"https:\/\/demoweb.info\/sexshop001\/#website"},"datePublished":"2022-01-22T14:56:16+00:00","dateModified":"2022-01-22T14:56:20+00:00","breadcrumb":{"@id":"https:\/\/demoweb.info\/sexshop001\/producto\/surenda-enhanced-vibrador-oral-rosa\/#breadcrumb"},"inLanguage":"es","potentialAction":[{"@type":"ReadAction","target":["https:\/\/demoweb.info\/sexshop001\/producto\/surenda-enhanced-vibrador-oral-rosa\/"]}]},{"@type":"BreadcrumbList","@id":"https:\/\/demoweb.info\/sexshop001\/producto\/surenda-enhanced-vibrador-oral-rosa\/#breadcrumb","itemListElement":[{"@type":"ListItem","position":1,"name":"Portada","item":"https:\/\/demoweb.info\/sexshop001\/"},{"@type":"ListItem","position":2,"name":"Tienda","item":"https:\/\/demoweb.info\/sexshop001\/tienda\/"},{"@type":"ListItem","position":3,"name":"SURENDA ENHANCED VIBRADOR ORAL ROSA"}]},{"@type":"WebSite","@id":"https:\/\/demoweb.info\/sexshop001\/#website","url":"https:\/\/demoweb.info\/sexshop001\/","name":"Tienda Er\u00f3tica","description":"DEMOWEB SL","potentialAction":[{"@type":"SearchAction","target":{"@type":"EntryPoint","urlTemplate":"https:\/\/demoweb.info\/sexshop001\/?s={search_term_string}"},"query-input":"required name=search_term_string"}],"inLanguage":"es"}]}},"_links":{"self":[{"href":"https:\/\/demoweb.info\/sexshop001\/wp-json\/wp\/v3\/product\/49609","targetHints":{"allow":["GET"]}}],"collection":[{"href":"https:\/\/demoweb.info\/sexshop001\/wp-json\/wp\/v3\/product"}],"about":[{"href":"https:\/\/demoweb.info\/sexshop001\/wp-json\/wp\/v2\/types\/product"}],"replies":[{"embeddable":true,"href":"https:\/\/demoweb.info\/sexshop001\/wp-json\/wp\/v2\/comments?post=49609"}],"wp:featuredmedia":[{"embeddable":true,"href":"https:\/\/demoweb.info\/sexshop001\/wp-json\/wp\/v2\/media\/49610"}],"wp:attachment":[{"href":"https:\/\/demoweb.info\/sexshop001\/wp-json\/wp\/v2\/media?parent=49609"}],"wp:term":[{"taxonomy":"product_cat","embeddable":true,"href":"https:\/\/demoweb.info\/sexshop001\/wp-json\/wp\/v2\/product_cat?post=49609"},{"taxonomy":"product_tag","embeddable":true,"href":"https:\/\/demoweb.info\/sexshop001\/wp-json\/wp\/v2\/product_tag?post=49609"}],"curies":[{"name":"wp","href":"https:\/\/api.w.org\/{rel}","templated":true}]}}