{"id":49372,"date":"2022-01-22T15:53:41","date_gmt":"2022-01-22T14:53:41","guid":{"rendered":"https:\/\/demoweb.info\/sexshop001\/producto\/rubber-ring-blanco-set-3pcs\/"},"modified":"2022-01-22T15:53:48","modified_gmt":"2022-01-22T14:53:48","slug":"rubber-ring-blanco-set-3pcs","status":"publish","type":"product","link":"https:\/\/demoweb.info\/sexshop001\/producto\/rubber-ring-blanco-set-3pcs\/","title":{"rendered":"RUBBER RING BLANCO SET 3PCS"},"content":{"rendered":"<p><strong>RUBBER RING WHITE SET 3PCS<\/strong><\/p>\n<p>Anillos para el pene. Para un buen uso debe comenzar con el tama\u00f1o m\u00e1s grande y reducir gradualmente el tama\u00f1o en funci\u00f3n del efecto Tenga en cuenta que los anillos pueden ser usados ya no m\u00e1s de 30 minutos, ya que puede conducir a trastornos circulatorios.<\/p>\n<p>Di\u00e1metro del anillo 4 cm<br \/>\nDi\u00e1metro del anillo 5 cm<br \/>\nDi\u00e1metro del anillo 6 cm<\/p>\n<p>Se recomienda el uso con un lubricante de agua.<\/p>\n","protected":false},"excerpt":{"rendered":"<p>RUBBER RING WHITE SET 3PCS Anillos para el pene. Para un buen uso debe comenzar con el tama\u00f1o m\u00e1s grande<\/p>\n","protected":false},"featured_media":49373,"comment_status":"open","ping_status":"open","template":"","meta":[],"product_cat":[324],"product_tag":[660],"class_list":["post-49372","product","type-product","status-publish","has-post-thumbnail","hentry","product_cat-kits-anillos","product_tag-calexotics"],"bundled_by":[],"bundle_stock_status":"instock","bundle_stock_quantity":4,"bundle_virtual":false,"bundle_layout":"","bundle_add_to_cart_form_location":"","bundle_editable_in_cart":false,"bundle_sold_individually_context":"","bundle_item_grouping":"","bundle_min_size":"","bundle_max_size":"","bundled_items":[],"yoast_head":"<!-- This site is optimized with the Yoast SEO plugin v20.6 - https:\/\/yoast.com\/wordpress\/plugins\/seo\/ -->\n<title>RUBBER RING BLANCO SET 3PCS - Tienda Er\u00f3tica<\/title>\n<meta name=\"robots\" content=\"noindex, follow, max-snippet:-1, max-image-preview:large, max-video-preview:-1\" \/>\n<meta property=\"og:locale\" content=\"es_ES\" \/>\n<meta property=\"og:type\" content=\"article\" \/>\n<meta property=\"og:title\" content=\"RUBBER RING BLANCO SET 3PCS - Tienda Er\u00f3tica\" \/>\n<meta property=\"og:description\" content=\"RUBBER RING WHITE SET 3PCS Anillos para el pene. Para un buen uso debe comenzar con el tama\u00f1o m\u00e1s grande\" \/>\n<meta property=\"og:url\" content=\"https:\/\/demoweb.info\/sexshop001\/producto\/rubber-ring-blanco-set-3pcs\/\" \/>\n<meta property=\"og:site_name\" content=\"Tienda Er\u00f3tica\" \/>\n<meta property=\"article:modified_time\" content=\"2022-01-22T14:53:48+00:00\" \/>\n<meta property=\"og:image\" content=\"https:\/\/demoweb.info\/sexshop001\/wp-content\/uploads\/2022\/01\/RUBBER-RING-BLANCO-SET-3PCS.jpg\" \/>\n\t<meta property=\"og:image:width\" content=\"550\" \/>\n\t<meta property=\"og:image:height\" content=\"550\" \/>\n\t<meta property=\"og:image:type\" content=\"image\/jpeg\" \/>\n<meta name=\"twitter:card\" content=\"summary_large_image\" \/>\n<script type=\"application\/ld+json\" class=\"yoast-schema-graph\">{\"@context\":\"https:\/\/schema.org\",\"@graph\":[{\"@type\":\"WebPage\",\"@id\":\"https:\/\/demoweb.info\/sexshop001\/producto\/rubber-ring-blanco-set-3pcs\/\",\"url\":\"https:\/\/demoweb.info\/sexshop001\/producto\/rubber-ring-blanco-set-3pcs\/\",\"name\":\"RUBBER RING BLANCO SET 3PCS - Tienda Er\u00f3tica\",\"isPartOf\":{\"@id\":\"https:\/\/demoweb.info\/sexshop001\/#website\"},\"datePublished\":\"2022-01-22T14:53:41+00:00\",\"dateModified\":\"2022-01-22T14:53:48+00:00\",\"breadcrumb\":{\"@id\":\"https:\/\/demoweb.info\/sexshop001\/producto\/rubber-ring-blanco-set-3pcs\/#breadcrumb\"},\"inLanguage\":\"es\",\"potentialAction\":[{\"@type\":\"ReadAction\",\"target\":[\"https:\/\/demoweb.info\/sexshop001\/producto\/rubber-ring-blanco-set-3pcs\/\"]}]},{\"@type\":\"BreadcrumbList\",\"@id\":\"https:\/\/demoweb.info\/sexshop001\/producto\/rubber-ring-blanco-set-3pcs\/#breadcrumb\",\"itemListElement\":[{\"@type\":\"ListItem\",\"position\":1,\"name\":\"Portada\",\"item\":\"https:\/\/demoweb.info\/sexshop001\/\"},{\"@type\":\"ListItem\",\"position\":2,\"name\":\"Tienda\",\"item\":\"https:\/\/demoweb.info\/sexshop001\/tienda\/\"},{\"@type\":\"ListItem\",\"position\":3,\"name\":\"RUBBER RING BLANCO SET 3PCS\"}]},{\"@type\":\"WebSite\",\"@id\":\"https:\/\/demoweb.info\/sexshop001\/#website\",\"url\":\"https:\/\/demoweb.info\/sexshop001\/\",\"name\":\"Tienda Er\u00f3tica\",\"description\":\"DEMOWEB SL\",\"potentialAction\":[{\"@type\":\"SearchAction\",\"target\":{\"@type\":\"EntryPoint\",\"urlTemplate\":\"https:\/\/demoweb.info\/sexshop001\/?s={search_term_string}\"},\"query-input\":\"required name=search_term_string\"}],\"inLanguage\":\"es\"}]}<\/script>\n<!-- \/ Yoast SEO plugin. -->","yoast_head_json":{"title":"RUBBER RING BLANCO SET 3PCS - Tienda Er\u00f3tica","robots":{"index":"noindex","follow":"follow","max-snippet":"max-snippet:-1","max-image-preview":"max-image-preview:large","max-video-preview":"max-video-preview:-1"},"og_locale":"es_ES","og_type":"article","og_title":"RUBBER RING BLANCO SET 3PCS - Tienda Er\u00f3tica","og_description":"RUBBER RING WHITE SET 3PCS Anillos para el pene. Para un buen uso debe comenzar con el tama\u00f1o m\u00e1s grande","og_url":"https:\/\/demoweb.info\/sexshop001\/producto\/rubber-ring-blanco-set-3pcs\/","og_site_name":"Tienda Er\u00f3tica","article_modified_time":"2022-01-22T14:53:48+00:00","og_image":[{"width":550,"height":550,"url":"https:\/\/demoweb.info\/sexshop001\/wp-content\/uploads\/2022\/01\/RUBBER-RING-BLANCO-SET-3PCS.jpg","type":"image\/jpeg"}],"twitter_card":"summary_large_image","schema":{"@context":"https:\/\/schema.org","@graph":[{"@type":"WebPage","@id":"https:\/\/demoweb.info\/sexshop001\/producto\/rubber-ring-blanco-set-3pcs\/","url":"https:\/\/demoweb.info\/sexshop001\/producto\/rubber-ring-blanco-set-3pcs\/","name":"RUBBER RING BLANCO SET 3PCS - Tienda Er\u00f3tica","isPartOf":{"@id":"https:\/\/demoweb.info\/sexshop001\/#website"},"datePublished":"2022-01-22T14:53:41+00:00","dateModified":"2022-01-22T14:53:48+00:00","breadcrumb":{"@id":"https:\/\/demoweb.info\/sexshop001\/producto\/rubber-ring-blanco-set-3pcs\/#breadcrumb"},"inLanguage":"es","potentialAction":[{"@type":"ReadAction","target":["https:\/\/demoweb.info\/sexshop001\/producto\/rubber-ring-blanco-set-3pcs\/"]}]},{"@type":"BreadcrumbList","@id":"https:\/\/demoweb.info\/sexshop001\/producto\/rubber-ring-blanco-set-3pcs\/#breadcrumb","itemListElement":[{"@type":"ListItem","position":1,"name":"Portada","item":"https:\/\/demoweb.info\/sexshop001\/"},{"@type":"ListItem","position":2,"name":"Tienda","item":"https:\/\/demoweb.info\/sexshop001\/tienda\/"},{"@type":"ListItem","position":3,"name":"RUBBER RING BLANCO SET 3PCS"}]},{"@type":"WebSite","@id":"https:\/\/demoweb.info\/sexshop001\/#website","url":"https:\/\/demoweb.info\/sexshop001\/","name":"Tienda Er\u00f3tica","description":"DEMOWEB SL","potentialAction":[{"@type":"SearchAction","target":{"@type":"EntryPoint","urlTemplate":"https:\/\/demoweb.info\/sexshop001\/?s={search_term_string}"},"query-input":"required name=search_term_string"}],"inLanguage":"es"}]}},"_links":{"self":[{"href":"https:\/\/demoweb.info\/sexshop001\/wp-json\/wp\/v3\/product\/49372","targetHints":{"allow":["GET"]}}],"collection":[{"href":"https:\/\/demoweb.info\/sexshop001\/wp-json\/wp\/v3\/product"}],"about":[{"href":"https:\/\/demoweb.info\/sexshop001\/wp-json\/wp\/v2\/types\/product"}],"replies":[{"embeddable":true,"href":"https:\/\/demoweb.info\/sexshop001\/wp-json\/wp\/v2\/comments?post=49372"}],"wp:featuredmedia":[{"embeddable":true,"href":"https:\/\/demoweb.info\/sexshop001\/wp-json\/wp\/v2\/media\/49373"}],"wp:attachment":[{"href":"https:\/\/demoweb.info\/sexshop001\/wp-json\/wp\/v2\/media?parent=49372"}],"wp:term":[{"taxonomy":"product_cat","embeddable":true,"href":"https:\/\/demoweb.info\/sexshop001\/wp-json\/wp\/v2\/product_cat?post=49372"},{"taxonomy":"product_tag","embeddable":true,"href":"https:\/\/demoweb.info\/sexshop001\/wp-json\/wp\/v2\/product_tag?post=49372"}],"curies":[{"name":"wp","href":"https:\/\/api.w.org\/{rel}","templated":true}]}}