{"id":49105,"date":"2022-01-22T15:50:54","date_gmt":"2022-01-22T14:50:54","guid":{"rendered":"https:\/\/demoweb.info\/sexshop001\/producto\/hummer-estimulador-de-clitoris-10-velocidades-blanco\/"},"modified":"2022-01-22T15:50:58","modified_gmt":"2022-01-22T14:50:58","slug":"hummer-estimulador-de-clitoris-10-velocidades-blanco","status":"publish","type":"product","link":"https:\/\/demoweb.info\/sexshop001\/producto\/hummer-estimulador-de-clitoris-10-velocidades-blanco\/","title":{"rendered":"HUMMER ESTIMULADOR DE CLITORIS 10 VELOCIDADES BLANCO"},"content":{"rendered":"<p><strong>10 F CLITORAL HUMMER WHITE<\/strong><\/p>\n<p>Estimulador de cl\u00edtoris con 10 velocidades, dise\u00f1o ergon\u00f3mico y resistente al agua.<\/p>\n<p>Fabricado en pl\u00e1tico ABS de alta calidad, funciona con 2 pilas AA no incluidas.<\/p>\n<p>Medidas: 16 cm x 3 cm<\/p>\n","protected":false},"excerpt":{"rendered":"<p>10 F CLITORAL HUMMER WHITE Estimulador de cl\u00edtoris con 10 velocidades, dise\u00f1o ergon\u00f3mico y resistente al agua. Fabricado en pl\u00e1tico<\/p>\n","protected":false},"featured_media":49106,"comment_status":"open","ping_status":"open","template":"","meta":[],"product_cat":[370],"product_tag":[660,1486],"class_list":["post-49105","product","type-product","status-publish","has-post-thumbnail","hentry","product_cat-clitoris","product_tag-calexotics","product_tag-signature"],"bundled_by":[],"bundle_stock_status":"instock","bundle_stock_quantity":1,"bundle_virtual":false,"bundle_layout":"","bundle_add_to_cart_form_location":"","bundle_editable_in_cart":false,"bundle_sold_individually_context":"","bundle_item_grouping":"","bundle_min_size":"","bundle_max_size":"","bundled_items":[],"yoast_head":"<!-- This site is optimized with the Yoast SEO plugin v20.6 - https:\/\/yoast.com\/wordpress\/plugins\/seo\/ -->\n<title>HUMMER ESTIMULADOR DE CLITORIS 10 VELOCIDADES BLANCO - Tienda Er\u00f3tica<\/title>\n<meta name=\"robots\" content=\"noindex, follow, max-snippet:-1, max-image-preview:large, max-video-preview:-1\" \/>\n<meta property=\"og:locale\" content=\"es_ES\" \/>\n<meta property=\"og:type\" content=\"article\" \/>\n<meta property=\"og:title\" content=\"HUMMER ESTIMULADOR DE CLITORIS 10 VELOCIDADES BLANCO - Tienda Er\u00f3tica\" \/>\n<meta property=\"og:description\" content=\"10 F CLITORAL HUMMER WHITE Estimulador de cl\u00edtoris con 10 velocidades, dise\u00f1o ergon\u00f3mico y resistente al agua. Fabricado en pl\u00e1tico\" \/>\n<meta property=\"og:url\" content=\"https:\/\/demoweb.info\/sexshop001\/producto\/hummer-estimulador-de-clitoris-10-velocidades-blanco\/\" \/>\n<meta property=\"og:site_name\" content=\"Tienda Er\u00f3tica\" \/>\n<meta property=\"article:modified_time\" content=\"2022-01-22T14:50:58+00:00\" \/>\n<meta property=\"og:image\" content=\"https:\/\/demoweb.info\/sexshop001\/wp-content\/uploads\/2022\/01\/HUMMER-ESTIMULADOR-DE-CLITORIS-10-VELOCIDADES-BLANCO.jpg\" \/>\n\t<meta property=\"og:image:width\" content=\"550\" \/>\n\t<meta property=\"og:image:height\" content=\"550\" \/>\n\t<meta property=\"og:image:type\" content=\"image\/jpeg\" \/>\n<meta name=\"twitter:card\" content=\"summary_large_image\" \/>\n<script type=\"application\/ld+json\" class=\"yoast-schema-graph\">{\"@context\":\"https:\/\/schema.org\",\"@graph\":[{\"@type\":\"WebPage\",\"@id\":\"https:\/\/demoweb.info\/sexshop001\/producto\/hummer-estimulador-de-clitoris-10-velocidades-blanco\/\",\"url\":\"https:\/\/demoweb.info\/sexshop001\/producto\/hummer-estimulador-de-clitoris-10-velocidades-blanco\/\",\"name\":\"HUMMER ESTIMULADOR DE CLITORIS 10 VELOCIDADES BLANCO - Tienda Er\u00f3tica\",\"isPartOf\":{\"@id\":\"https:\/\/demoweb.info\/sexshop001\/#website\"},\"datePublished\":\"2022-01-22T14:50:54+00:00\",\"dateModified\":\"2022-01-22T14:50:58+00:00\",\"breadcrumb\":{\"@id\":\"https:\/\/demoweb.info\/sexshop001\/producto\/hummer-estimulador-de-clitoris-10-velocidades-blanco\/#breadcrumb\"},\"inLanguage\":\"es\",\"potentialAction\":[{\"@type\":\"ReadAction\",\"target\":[\"https:\/\/demoweb.info\/sexshop001\/producto\/hummer-estimulador-de-clitoris-10-velocidades-blanco\/\"]}]},{\"@type\":\"BreadcrumbList\",\"@id\":\"https:\/\/demoweb.info\/sexshop001\/producto\/hummer-estimulador-de-clitoris-10-velocidades-blanco\/#breadcrumb\",\"itemListElement\":[{\"@type\":\"ListItem\",\"position\":1,\"name\":\"Portada\",\"item\":\"https:\/\/demoweb.info\/sexshop001\/\"},{\"@type\":\"ListItem\",\"position\":2,\"name\":\"Tienda\",\"item\":\"https:\/\/demoweb.info\/sexshop001\/tienda\/\"},{\"@type\":\"ListItem\",\"position\":3,\"name\":\"HUMMER ESTIMULADOR DE CLITORIS 10 VELOCIDADES BLANCO\"}]},{\"@type\":\"WebSite\",\"@id\":\"https:\/\/demoweb.info\/sexshop001\/#website\",\"url\":\"https:\/\/demoweb.info\/sexshop001\/\",\"name\":\"Tienda Er\u00f3tica\",\"description\":\"DEMOWEB SL\",\"potentialAction\":[{\"@type\":\"SearchAction\",\"target\":{\"@type\":\"EntryPoint\",\"urlTemplate\":\"https:\/\/demoweb.info\/sexshop001\/?s={search_term_string}\"},\"query-input\":\"required name=search_term_string\"}],\"inLanguage\":\"es\"}]}<\/script>\n<!-- \/ Yoast SEO plugin. -->","yoast_head_json":{"title":"HUMMER ESTIMULADOR DE CLITORIS 10 VELOCIDADES BLANCO - Tienda Er\u00f3tica","robots":{"index":"noindex","follow":"follow","max-snippet":"max-snippet:-1","max-image-preview":"max-image-preview:large","max-video-preview":"max-video-preview:-1"},"og_locale":"es_ES","og_type":"article","og_title":"HUMMER ESTIMULADOR DE CLITORIS 10 VELOCIDADES BLANCO - Tienda Er\u00f3tica","og_description":"10 F CLITORAL HUMMER WHITE Estimulador de cl\u00edtoris con 10 velocidades, dise\u00f1o ergon\u00f3mico y resistente al agua. Fabricado en pl\u00e1tico","og_url":"https:\/\/demoweb.info\/sexshop001\/producto\/hummer-estimulador-de-clitoris-10-velocidades-blanco\/","og_site_name":"Tienda Er\u00f3tica","article_modified_time":"2022-01-22T14:50:58+00:00","og_image":[{"width":550,"height":550,"url":"https:\/\/demoweb.info\/sexshop001\/wp-content\/uploads\/2022\/01\/HUMMER-ESTIMULADOR-DE-CLITORIS-10-VELOCIDADES-BLANCO.jpg","type":"image\/jpeg"}],"twitter_card":"summary_large_image","schema":{"@context":"https:\/\/schema.org","@graph":[{"@type":"WebPage","@id":"https:\/\/demoweb.info\/sexshop001\/producto\/hummer-estimulador-de-clitoris-10-velocidades-blanco\/","url":"https:\/\/demoweb.info\/sexshop001\/producto\/hummer-estimulador-de-clitoris-10-velocidades-blanco\/","name":"HUMMER ESTIMULADOR DE CLITORIS 10 VELOCIDADES BLANCO - Tienda Er\u00f3tica","isPartOf":{"@id":"https:\/\/demoweb.info\/sexshop001\/#website"},"datePublished":"2022-01-22T14:50:54+00:00","dateModified":"2022-01-22T14:50:58+00:00","breadcrumb":{"@id":"https:\/\/demoweb.info\/sexshop001\/producto\/hummer-estimulador-de-clitoris-10-velocidades-blanco\/#breadcrumb"},"inLanguage":"es","potentialAction":[{"@type":"ReadAction","target":["https:\/\/demoweb.info\/sexshop001\/producto\/hummer-estimulador-de-clitoris-10-velocidades-blanco\/"]}]},{"@type":"BreadcrumbList","@id":"https:\/\/demoweb.info\/sexshop001\/producto\/hummer-estimulador-de-clitoris-10-velocidades-blanco\/#breadcrumb","itemListElement":[{"@type":"ListItem","position":1,"name":"Portada","item":"https:\/\/demoweb.info\/sexshop001\/"},{"@type":"ListItem","position":2,"name":"Tienda","item":"https:\/\/demoweb.info\/sexshop001\/tienda\/"},{"@type":"ListItem","position":3,"name":"HUMMER ESTIMULADOR DE CLITORIS 10 VELOCIDADES BLANCO"}]},{"@type":"WebSite","@id":"https:\/\/demoweb.info\/sexshop001\/#website","url":"https:\/\/demoweb.info\/sexshop001\/","name":"Tienda Er\u00f3tica","description":"DEMOWEB SL","potentialAction":[{"@type":"SearchAction","target":{"@type":"EntryPoint","urlTemplate":"https:\/\/demoweb.info\/sexshop001\/?s={search_term_string}"},"query-input":"required name=search_term_string"}],"inLanguage":"es"}]}},"_links":{"self":[{"href":"https:\/\/demoweb.info\/sexshop001\/wp-json\/wp\/v3\/product\/49105","targetHints":{"allow":["GET"]}}],"collection":[{"href":"https:\/\/demoweb.info\/sexshop001\/wp-json\/wp\/v3\/product"}],"about":[{"href":"https:\/\/demoweb.info\/sexshop001\/wp-json\/wp\/v2\/types\/product"}],"replies":[{"embeddable":true,"href":"https:\/\/demoweb.info\/sexshop001\/wp-json\/wp\/v2\/comments?post=49105"}],"wp:featuredmedia":[{"embeddable":true,"href":"https:\/\/demoweb.info\/sexshop001\/wp-json\/wp\/v2\/media\/49106"}],"wp:attachment":[{"href":"https:\/\/demoweb.info\/sexshop001\/wp-json\/wp\/v2\/media?parent=49105"}],"wp:term":[{"taxonomy":"product_cat","embeddable":true,"href":"https:\/\/demoweb.info\/sexshop001\/wp-json\/wp\/v2\/product_cat?post=49105"},{"taxonomy":"product_tag","embeddable":true,"href":"https:\/\/demoweb.info\/sexshop001\/wp-json\/wp\/v2\/product_tag?post=49105"}],"curies":[{"name":"wp","href":"https:\/\/api.w.org\/{rel}","templated":true}]}}