{"id":47919,"date":"2022-01-22T15:38:09","date_gmt":"2022-01-22T14:38:09","guid":{"rendered":"https:\/\/demoweb.info\/sexshop001\/producto\/date-night-braguitas-con-vibracion-negro\/"},"modified":"2022-01-22T15:38:15","modified_gmt":"2022-01-22T14:38:15","slug":"date-night-braguitas-con-vibracion-negro","status":"publish","type":"product","link":"https:\/\/demoweb.info\/sexshop001\/producto\/date-night-braguitas-con-vibracion-negro\/","title":{"rendered":"DATE NIGHT BRAGUITAS CON VIBRACI\u00d3N NEGRO"},"content":{"rendered":"<p><strong>DATE NIGHT PANTIES BLACK<\/strong><\/p>\n<p>\u00a1Tus citas ya no volver\u00e1n a ser lo mismo! Este sexy tanga esconde una micro bala con control remoto dise\u00f1ada para oscilar tu mundo.<\/p>\n<p>El tejido suave de encaje es tan c\u00f3modo que te olvidar\u00e1s de que est\u00e1s usando ropa interior hasta que activas las vibraciones con el discreto controlador con forma de anillo. Con el empuje de un bot\u00f3n en el anillo remoto, el motor silencioso de la bala cobra vida y proporciona la estimulaci\u00f3n directa donde m\u00e1s lo deseas.<\/p>\n<p>Elige entre 10 patrones de pulsaci\u00f3n y pasa de un alboroto a un latido al instante. El mando a distancia inal\u00e1mbrico permite a tu pareja controlar las vibraciones desde la habitaci\u00f3n de al lado o desde el otro lado de la mesa en la cena, d\u00e1ndole un nuevo elemento de sorpresa a tu pr\u00f3xima cita.<\/p>\n<p>Lo mejor de todo, nadie sabr\u00e1 nunca por qu\u00e9 est\u00e1s sonriendo tanto.<\/p>\n<p>Talla \u00fanica.<\/p>\n<p>Funciona con 3 pilas LR44, incluidas.<\/p>\n","protected":false},"excerpt":{"rendered":"<p>DATE NIGHT PANTIES BLACK \u00a1Tus citas ya no volver\u00e1n a ser lo mismo! Este sexy tanga esconde una micro bala<\/p>\n","protected":false},"featured_media":47920,"comment_status":"open","ping_status":"open","template":"","meta":[],"product_cat":[375],"product_tag":[260,259],"class_list":["post-47919","product","type-product","status-publish","has-post-thumbnail","hentry","product_cat-con-vibrador-para-ella","product_tag-fetish-fantasy-series","product_tag-pipedream"],"bundled_by":[],"bundle_stock_status":"instock","bundle_stock_quantity":1,"bundle_virtual":false,"bundle_layout":"","bundle_add_to_cart_form_location":"","bundle_editable_in_cart":false,"bundle_sold_individually_context":"","bundle_item_grouping":"","bundle_min_size":"","bundle_max_size":"","bundled_items":[],"yoast_head":"<!-- This site is optimized with the Yoast SEO plugin v20.6 - https:\/\/yoast.com\/wordpress\/plugins\/seo\/ -->\n<title>DATE NIGHT BRAGUITAS CON VIBRACI\u00d3N NEGRO - Tienda Er\u00f3tica<\/title>\n<meta name=\"robots\" content=\"noindex, follow, max-snippet:-1, max-image-preview:large, max-video-preview:-1\" \/>\n<meta property=\"og:locale\" content=\"es_ES\" \/>\n<meta property=\"og:type\" content=\"article\" \/>\n<meta property=\"og:title\" content=\"DATE NIGHT BRAGUITAS CON VIBRACI\u00d3N NEGRO - Tienda Er\u00f3tica\" \/>\n<meta property=\"og:description\" content=\"DATE NIGHT PANTIES BLACK \u00a1Tus citas ya no volver\u00e1n a ser lo mismo! Este sexy tanga esconde una micro bala\" \/>\n<meta property=\"og:url\" content=\"https:\/\/demoweb.info\/sexshop001\/producto\/date-night-braguitas-con-vibracion-negro\/\" \/>\n<meta property=\"og:site_name\" content=\"Tienda Er\u00f3tica\" \/>\n<meta property=\"article:modified_time\" content=\"2022-01-22T14:38:15+00:00\" \/>\n<meta property=\"og:image\" content=\"https:\/\/demoweb.info\/sexshop001\/wp-content\/uploads\/2022\/01\/DATE-NIGHT-BRAGUITAS-CON-VIBRACION-NEGRO.jpg\" \/>\n\t<meta property=\"og:image:width\" content=\"550\" \/>\n\t<meta property=\"og:image:height\" content=\"550\" \/>\n\t<meta property=\"og:image:type\" content=\"image\/jpeg\" \/>\n<meta name=\"twitter:card\" content=\"summary_large_image\" \/>\n<meta name=\"twitter:label1\" content=\"Tiempo de lectura\" \/>\n\t<meta name=\"twitter:data1\" content=\"1 minuto\" \/>\n<script type=\"application\/ld+json\" class=\"yoast-schema-graph\">{\"@context\":\"https:\/\/schema.org\",\"@graph\":[{\"@type\":\"WebPage\",\"@id\":\"https:\/\/demoweb.info\/sexshop001\/producto\/date-night-braguitas-con-vibracion-negro\/\",\"url\":\"https:\/\/demoweb.info\/sexshop001\/producto\/date-night-braguitas-con-vibracion-negro\/\",\"name\":\"DATE NIGHT BRAGUITAS CON VIBRACI\u00d3N NEGRO - Tienda Er\u00f3tica\",\"isPartOf\":{\"@id\":\"https:\/\/demoweb.info\/sexshop001\/#website\"},\"datePublished\":\"2022-01-22T14:38:09+00:00\",\"dateModified\":\"2022-01-22T14:38:15+00:00\",\"breadcrumb\":{\"@id\":\"https:\/\/demoweb.info\/sexshop001\/producto\/date-night-braguitas-con-vibracion-negro\/#breadcrumb\"},\"inLanguage\":\"es\",\"potentialAction\":[{\"@type\":\"ReadAction\",\"target\":[\"https:\/\/demoweb.info\/sexshop001\/producto\/date-night-braguitas-con-vibracion-negro\/\"]}]},{\"@type\":\"BreadcrumbList\",\"@id\":\"https:\/\/demoweb.info\/sexshop001\/producto\/date-night-braguitas-con-vibracion-negro\/#breadcrumb\",\"itemListElement\":[{\"@type\":\"ListItem\",\"position\":1,\"name\":\"Portada\",\"item\":\"https:\/\/demoweb.info\/sexshop001\/\"},{\"@type\":\"ListItem\",\"position\":2,\"name\":\"Tienda\",\"item\":\"https:\/\/demoweb.info\/sexshop001\/tienda\/\"},{\"@type\":\"ListItem\",\"position\":3,\"name\":\"DATE NIGHT BRAGUITAS CON VIBRACI\u00d3N NEGRO\"}]},{\"@type\":\"WebSite\",\"@id\":\"https:\/\/demoweb.info\/sexshop001\/#website\",\"url\":\"https:\/\/demoweb.info\/sexshop001\/\",\"name\":\"Tienda Er\u00f3tica\",\"description\":\"DEMOWEB SL\",\"potentialAction\":[{\"@type\":\"SearchAction\",\"target\":{\"@type\":\"EntryPoint\",\"urlTemplate\":\"https:\/\/demoweb.info\/sexshop001\/?s={search_term_string}\"},\"query-input\":\"required name=search_term_string\"}],\"inLanguage\":\"es\"}]}<\/script>\n<!-- \/ Yoast SEO plugin. -->","yoast_head_json":{"title":"DATE NIGHT BRAGUITAS CON VIBRACI\u00d3N NEGRO - Tienda Er\u00f3tica","robots":{"index":"noindex","follow":"follow","max-snippet":"max-snippet:-1","max-image-preview":"max-image-preview:large","max-video-preview":"max-video-preview:-1"},"og_locale":"es_ES","og_type":"article","og_title":"DATE NIGHT BRAGUITAS CON VIBRACI\u00d3N NEGRO - Tienda Er\u00f3tica","og_description":"DATE NIGHT PANTIES BLACK \u00a1Tus citas ya no volver\u00e1n a ser lo mismo! Este sexy tanga esconde una micro bala","og_url":"https:\/\/demoweb.info\/sexshop001\/producto\/date-night-braguitas-con-vibracion-negro\/","og_site_name":"Tienda Er\u00f3tica","article_modified_time":"2022-01-22T14:38:15+00:00","og_image":[{"width":550,"height":550,"url":"https:\/\/demoweb.info\/sexshop001\/wp-content\/uploads\/2022\/01\/DATE-NIGHT-BRAGUITAS-CON-VIBRACION-NEGRO.jpg","type":"image\/jpeg"}],"twitter_card":"summary_large_image","twitter_misc":{"Tiempo de lectura":"1 minuto"},"schema":{"@context":"https:\/\/schema.org","@graph":[{"@type":"WebPage","@id":"https:\/\/demoweb.info\/sexshop001\/producto\/date-night-braguitas-con-vibracion-negro\/","url":"https:\/\/demoweb.info\/sexshop001\/producto\/date-night-braguitas-con-vibracion-negro\/","name":"DATE NIGHT BRAGUITAS CON VIBRACI\u00d3N NEGRO - Tienda Er\u00f3tica","isPartOf":{"@id":"https:\/\/demoweb.info\/sexshop001\/#website"},"datePublished":"2022-01-22T14:38:09+00:00","dateModified":"2022-01-22T14:38:15+00:00","breadcrumb":{"@id":"https:\/\/demoweb.info\/sexshop001\/producto\/date-night-braguitas-con-vibracion-negro\/#breadcrumb"},"inLanguage":"es","potentialAction":[{"@type":"ReadAction","target":["https:\/\/demoweb.info\/sexshop001\/producto\/date-night-braguitas-con-vibracion-negro\/"]}]},{"@type":"BreadcrumbList","@id":"https:\/\/demoweb.info\/sexshop001\/producto\/date-night-braguitas-con-vibracion-negro\/#breadcrumb","itemListElement":[{"@type":"ListItem","position":1,"name":"Portada","item":"https:\/\/demoweb.info\/sexshop001\/"},{"@type":"ListItem","position":2,"name":"Tienda","item":"https:\/\/demoweb.info\/sexshop001\/tienda\/"},{"@type":"ListItem","position":3,"name":"DATE NIGHT BRAGUITAS CON VIBRACI\u00d3N NEGRO"}]},{"@type":"WebSite","@id":"https:\/\/demoweb.info\/sexshop001\/#website","url":"https:\/\/demoweb.info\/sexshop001\/","name":"Tienda Er\u00f3tica","description":"DEMOWEB SL","potentialAction":[{"@type":"SearchAction","target":{"@type":"EntryPoint","urlTemplate":"https:\/\/demoweb.info\/sexshop001\/?s={search_term_string}"},"query-input":"required name=search_term_string"}],"inLanguage":"es"}]}},"_links":{"self":[{"href":"https:\/\/demoweb.info\/sexshop001\/wp-json\/wp\/v3\/product\/47919","targetHints":{"allow":["GET"]}}],"collection":[{"href":"https:\/\/demoweb.info\/sexshop001\/wp-json\/wp\/v3\/product"}],"about":[{"href":"https:\/\/demoweb.info\/sexshop001\/wp-json\/wp\/v2\/types\/product"}],"replies":[{"embeddable":true,"href":"https:\/\/demoweb.info\/sexshop001\/wp-json\/wp\/v2\/comments?post=47919"}],"wp:featuredmedia":[{"embeddable":true,"href":"https:\/\/demoweb.info\/sexshop001\/wp-json\/wp\/v2\/media\/47920"}],"wp:attachment":[{"href":"https:\/\/demoweb.info\/sexshop001\/wp-json\/wp\/v2\/media?parent=47919"}],"wp:term":[{"taxonomy":"product_cat","embeddable":true,"href":"https:\/\/demoweb.info\/sexshop001\/wp-json\/wp\/v2\/product_cat?post=47919"},{"taxonomy":"product_tag","embeddable":true,"href":"https:\/\/demoweb.info\/sexshop001\/wp-json\/wp\/v2\/product_tag?post=47919"}],"curies":[{"name":"wp","href":"https:\/\/api.w.org\/{rel}","templated":true}]}}