{"id":47593,"date":"2022-01-22T15:34:34","date_gmt":"2022-01-22T14:34:34","guid":{"rendered":"https:\/\/demoweb.info\/sexshop001\/producto\/angel-egg-huevo-vibrador-rosa\/"},"modified":"2022-01-22T15:34:38","modified_gmt":"2022-01-22T14:34:38","slug":"angel-egg-huevo-vibrador-rosa","status":"publish","type":"product","link":"https:\/\/demoweb.info\/sexshop001\/producto\/angel-egg-huevo-vibrador-rosa\/","title":{"rendered":"ANGEL EGG &#8211; HUEVO VIBRADOR ROSA"},"content":{"rendered":"<p><strong>ANGEL EGG &#8211; PINK<\/strong><\/p>\n<p>Este gran huevo vibrador inal\u00e1mbrico cuenta siente aterciopelada y con diez modos de vibraci\u00f3n diferentes muy excitantes. Estos se pueden cambiar mediante el mando a distancia inal\u00e1mbrico, que funciona hasta a veinte metros de distancia. Las alas de este huevo est\u00e1n dise\u00f1adas para ofrecerte una estimulaci\u00f3n extra. Tambi\u00e9n dispone de una capa suave y sedosa para una apariencia y una sensaci\u00f3n \u00fanicas. El control remoto dispone de un llavero. Se incluyen pilas para el huevo y el control remoto.<\/p>\n<p>Caracter\u00edsticas:<br \/>\n&#8211; Rotaciones por minuto: 12,000 RPM<br \/>\n&#8211; Velocidades: 10<br \/>\n&#8211; Nivel de ruido: Max, 75 dB<br \/>\n&#8211; Mando control remoto.<br \/>\n&#8211; Distancia remota: 20 Metros<br \/>\n&#8211; Longitud Total: 8 cm<br \/>\n&#8211; Di\u00e1metro Total: 3,8 cm<br \/>\n&#8211; Pilas: incluidas, 2x AAA<br \/>\n&#8211; Material: ABS<br \/>\n&#8211; Resistente al agua<br \/>\n&#8211; Sin phalatos\n <\/p>\n","protected":false},"excerpt":{"rendered":"<p>ANGEL EGG &#8211; PINK Este gran huevo vibrador inal\u00e1mbrico cuenta siente aterciopelada y con diez modos de vibraci\u00f3n diferentes muy<\/p>\n","protected":false},"featured_media":47594,"comment_status":"open","ping_status":"open","template":"","meta":[],"product_cat":[322],"product_tag":[1467,302],"class_list":["post-47593","product","type-product","status-publish","has-post-thumbnail","hentry","product_cat-con-mando","product_tag-mjuze","product_tag-shots"],"bundled_by":[],"bundle_stock_status":"outofstock","bundle_stock_quantity":0,"bundle_virtual":false,"bundle_layout":"","bundle_add_to_cart_form_location":"","bundle_editable_in_cart":false,"bundle_sold_individually_context":"","bundle_item_grouping":"","bundle_min_size":"","bundle_max_size":"","bundled_items":[],"yoast_head":"<!-- This site is optimized with the Yoast SEO plugin v20.6 - https:\/\/yoast.com\/wordpress\/plugins\/seo\/ -->\n<title>ANGEL EGG - HUEVO VIBRADOR ROSA - Tienda Er\u00f3tica<\/title>\n<meta name=\"robots\" content=\"noindex, follow, max-snippet:-1, max-image-preview:large, max-video-preview:-1\" \/>\n<meta property=\"og:locale\" content=\"es_ES\" \/>\n<meta property=\"og:type\" content=\"article\" \/>\n<meta property=\"og:title\" content=\"ANGEL EGG - HUEVO VIBRADOR ROSA - Tienda Er\u00f3tica\" \/>\n<meta property=\"og:description\" content=\"ANGEL EGG &#8211; PINK Este gran huevo vibrador inal\u00e1mbrico cuenta siente aterciopelada y con diez modos de vibraci\u00f3n diferentes muy\" \/>\n<meta property=\"og:url\" content=\"https:\/\/demoweb.info\/sexshop001\/producto\/angel-egg-huevo-vibrador-rosa\/\" \/>\n<meta property=\"og:site_name\" content=\"Tienda Er\u00f3tica\" \/>\n<meta property=\"article:modified_time\" content=\"2022-01-22T14:34:38+00:00\" \/>\n<meta property=\"og:image\" content=\"https:\/\/demoweb.info\/sexshop001\/wp-content\/uploads\/2022\/01\/ANGEL-EGG-HUEVO-VIBRADOR-ROSA.jpg\" \/>\n\t<meta property=\"og:image:width\" content=\"550\" \/>\n\t<meta property=\"og:image:height\" content=\"550\" \/>\n\t<meta property=\"og:image:type\" content=\"image\/jpeg\" \/>\n<meta name=\"twitter:card\" content=\"summary_large_image\" \/>\n<meta name=\"twitter:label1\" content=\"Tiempo de lectura\" \/>\n\t<meta name=\"twitter:data1\" content=\"1 minuto\" \/>\n<script type=\"application\/ld+json\" class=\"yoast-schema-graph\">{\"@context\":\"https:\/\/schema.org\",\"@graph\":[{\"@type\":\"WebPage\",\"@id\":\"https:\/\/demoweb.info\/sexshop001\/producto\/angel-egg-huevo-vibrador-rosa\/\",\"url\":\"https:\/\/demoweb.info\/sexshop001\/producto\/angel-egg-huevo-vibrador-rosa\/\",\"name\":\"ANGEL EGG - HUEVO VIBRADOR ROSA - Tienda Er\u00f3tica\",\"isPartOf\":{\"@id\":\"https:\/\/demoweb.info\/sexshop001\/#website\"},\"datePublished\":\"2022-01-22T14:34:34+00:00\",\"dateModified\":\"2022-01-22T14:34:38+00:00\",\"breadcrumb\":{\"@id\":\"https:\/\/demoweb.info\/sexshop001\/producto\/angel-egg-huevo-vibrador-rosa\/#breadcrumb\"},\"inLanguage\":\"es\",\"potentialAction\":[{\"@type\":\"ReadAction\",\"target\":[\"https:\/\/demoweb.info\/sexshop001\/producto\/angel-egg-huevo-vibrador-rosa\/\"]}]},{\"@type\":\"BreadcrumbList\",\"@id\":\"https:\/\/demoweb.info\/sexshop001\/producto\/angel-egg-huevo-vibrador-rosa\/#breadcrumb\",\"itemListElement\":[{\"@type\":\"ListItem\",\"position\":1,\"name\":\"Portada\",\"item\":\"https:\/\/demoweb.info\/sexshop001\/\"},{\"@type\":\"ListItem\",\"position\":2,\"name\":\"Tienda\",\"item\":\"https:\/\/demoweb.info\/sexshop001\/tienda\/\"},{\"@type\":\"ListItem\",\"position\":3,\"name\":\"ANGEL EGG &#8211; HUEVO VIBRADOR ROSA\"}]},{\"@type\":\"WebSite\",\"@id\":\"https:\/\/demoweb.info\/sexshop001\/#website\",\"url\":\"https:\/\/demoweb.info\/sexshop001\/\",\"name\":\"Tienda Er\u00f3tica\",\"description\":\"DEMOWEB SL\",\"potentialAction\":[{\"@type\":\"SearchAction\",\"target\":{\"@type\":\"EntryPoint\",\"urlTemplate\":\"https:\/\/demoweb.info\/sexshop001\/?s={search_term_string}\"},\"query-input\":\"required name=search_term_string\"}],\"inLanguage\":\"es\"}]}<\/script>\n<!-- \/ Yoast SEO plugin. -->","yoast_head_json":{"title":"ANGEL EGG - HUEVO VIBRADOR ROSA - Tienda Er\u00f3tica","robots":{"index":"noindex","follow":"follow","max-snippet":"max-snippet:-1","max-image-preview":"max-image-preview:large","max-video-preview":"max-video-preview:-1"},"og_locale":"es_ES","og_type":"article","og_title":"ANGEL EGG - HUEVO VIBRADOR ROSA - Tienda Er\u00f3tica","og_description":"ANGEL EGG &#8211; PINK Este gran huevo vibrador inal\u00e1mbrico cuenta siente aterciopelada y con diez modos de vibraci\u00f3n diferentes muy","og_url":"https:\/\/demoweb.info\/sexshop001\/producto\/angel-egg-huevo-vibrador-rosa\/","og_site_name":"Tienda Er\u00f3tica","article_modified_time":"2022-01-22T14:34:38+00:00","og_image":[{"width":550,"height":550,"url":"https:\/\/demoweb.info\/sexshop001\/wp-content\/uploads\/2022\/01\/ANGEL-EGG-HUEVO-VIBRADOR-ROSA.jpg","type":"image\/jpeg"}],"twitter_card":"summary_large_image","twitter_misc":{"Tiempo de lectura":"1 minuto"},"schema":{"@context":"https:\/\/schema.org","@graph":[{"@type":"WebPage","@id":"https:\/\/demoweb.info\/sexshop001\/producto\/angel-egg-huevo-vibrador-rosa\/","url":"https:\/\/demoweb.info\/sexshop001\/producto\/angel-egg-huevo-vibrador-rosa\/","name":"ANGEL EGG - HUEVO VIBRADOR ROSA - Tienda Er\u00f3tica","isPartOf":{"@id":"https:\/\/demoweb.info\/sexshop001\/#website"},"datePublished":"2022-01-22T14:34:34+00:00","dateModified":"2022-01-22T14:34:38+00:00","breadcrumb":{"@id":"https:\/\/demoweb.info\/sexshop001\/producto\/angel-egg-huevo-vibrador-rosa\/#breadcrumb"},"inLanguage":"es","potentialAction":[{"@type":"ReadAction","target":["https:\/\/demoweb.info\/sexshop001\/producto\/angel-egg-huevo-vibrador-rosa\/"]}]},{"@type":"BreadcrumbList","@id":"https:\/\/demoweb.info\/sexshop001\/producto\/angel-egg-huevo-vibrador-rosa\/#breadcrumb","itemListElement":[{"@type":"ListItem","position":1,"name":"Portada","item":"https:\/\/demoweb.info\/sexshop001\/"},{"@type":"ListItem","position":2,"name":"Tienda","item":"https:\/\/demoweb.info\/sexshop001\/tienda\/"},{"@type":"ListItem","position":3,"name":"ANGEL EGG &#8211; HUEVO VIBRADOR ROSA"}]},{"@type":"WebSite","@id":"https:\/\/demoweb.info\/sexshop001\/#website","url":"https:\/\/demoweb.info\/sexshop001\/","name":"Tienda Er\u00f3tica","description":"DEMOWEB SL","potentialAction":[{"@type":"SearchAction","target":{"@type":"EntryPoint","urlTemplate":"https:\/\/demoweb.info\/sexshop001\/?s={search_term_string}"},"query-input":"required name=search_term_string"}],"inLanguage":"es"}]}},"_links":{"self":[{"href":"https:\/\/demoweb.info\/sexshop001\/wp-json\/wp\/v3\/product\/47593","targetHints":{"allow":["GET"]}}],"collection":[{"href":"https:\/\/demoweb.info\/sexshop001\/wp-json\/wp\/v3\/product"}],"about":[{"href":"https:\/\/demoweb.info\/sexshop001\/wp-json\/wp\/v2\/types\/product"}],"replies":[{"embeddable":true,"href":"https:\/\/demoweb.info\/sexshop001\/wp-json\/wp\/v2\/comments?post=47593"}],"wp:featuredmedia":[{"embeddable":true,"href":"https:\/\/demoweb.info\/sexshop001\/wp-json\/wp\/v2\/media\/47594"}],"wp:attachment":[{"href":"https:\/\/demoweb.info\/sexshop001\/wp-json\/wp\/v2\/media?parent=47593"}],"wp:term":[{"taxonomy":"product_cat","embeddable":true,"href":"https:\/\/demoweb.info\/sexshop001\/wp-json\/wp\/v2\/product_cat?post=47593"},{"taxonomy":"product_tag","embeddable":true,"href":"https:\/\/demoweb.info\/sexshop001\/wp-json\/wp\/v2\/product_tag?post=47593"}],"curies":[{"name":"wp","href":"https:\/\/api.w.org\/{rel}","templated":true}]}}