{"id":47505,"date":"2022-01-22T15:33:30","date_gmt":"2022-01-22T14:33:30","guid":{"rendered":"https:\/\/demoweb.info\/sexshop001\/producto\/satisfyer-number-one\/"},"modified":"2022-01-22T15:33:39","modified_gmt":"2022-01-22T14:33:39","slug":"satisfyer-number-one","status":"publish","type":"product","link":"https:\/\/demoweb.info\/sexshop001\/producto\/satisfyer-number-one\/","title":{"rendered":"SATISFYER NUMBER ONE"},"content":{"rendered":"<p><strong>SATISFYER NUMBER ONE &#8211; NUEVA EDICI\u00d3N 2020<\/strong><\/p>\n<p>Dise\u00f1o f\u00e1cil de manipular y utilizar para principiantes.<\/p>\n<p>REL\u00c1JATE PULSANDO SOLO UN BOT\u00d3N<\/p>\n<p>Este elegante vibrador de nueva generaci\u00f3n despierta el entusiasmo con su suave color oro rosado, y es todo un campe\u00f3n estimulando sin contacto tus zonas m\u00e1s \u00edntimas. Su suave cabecita de silicona antialerg\u00e9nica rodea cari\u00f1osamente tu cl\u00edtoris para que puedas relajarte tras un duro viaje: 11 programas diferentes te transportar\u00e1n hasta las m\u00e1s altas cotas del placer gracias a la intensa estimulaci\u00f3n del cl\u00edtoris.<\/p>\n<p>UN EXCITANTE COMPA\u00d1ERO DE VIAJE<\/p>\n<p>Si tu afici\u00f3n por los viajes te lleva de vez en cuando a destinos algo m\u00e1s fr\u00edos, llena la ba\u00f1era y, junto a tu compa\u00f1ero de viaje resistente al agua, disfruta de un ba\u00f1o que te calentar\u00e1 por fuera y por dentro. La forma ergon\u00f3mica del Satisfyer 1 te permite abandonarte completamente al \u00e9xtasis sin necesidad de complicadas contorsiones para acertar con tu punto m\u00e1s sensible. Para que siempre puedas llevar un poco de placer en la maleta, tu fiel compa\u00f1ero de viaje cuenta con un compartimento para bater\u00edas que te permite disfrutar de tu viaje sensual por el mundo sin complicaciones debidas a la incompatibilidad de los enchufes.<\/p>\n<ul>\n<li>Nuevo dise\u00f1o de botones: bot\u00f3n +\/-<\/li>\n<li>11 programas de ondas de presi\u00f3n<\/li>\n<li>Motor mejorado. M\u00e1s silencioso<\/li>\n<li>Resistente al agua. Nuevo dise\u00f1o<\/li>\n<li>Silicona antialerg\u00e9nica<\/li>\n<li><strong>Nueva edici\u00f3n 2020<\/strong><\/li>\n<li><strong>Con tecnolog\u00eda AIR PULSE MEJORADA<\/strong><\/li>\n<li><strong><strong>Nuevo embalaje acorde con la nueva imagen de la marca<\/strong><\/strong><\/li>\n<li><strong><strong><strong><strong>GARANT\u00cdA DE HIGIENE: Tendr\u00e1s 100% asegurado que eres la primera persona en abrir tu nuevo juguete.<\/strong><\/strong><\/strong><\/strong><\/li>\n<\/ul>\n<p>\u00a1Atenci\u00f3n trotamundos! El Satisfyer 1 de nueva generaci\u00f3n ya est\u00e1 aqu\u00ed, listo para acompa\u00f1arte en un viaje org\u00e1smico por todo el mundo. Con su nuevo dise\u00f1o, su aspecto es m\u00e1s elegante que nunca.<\/p>\n<p>No importa si est\u00e1s de viaje por Cuba o Per\u00fa, visitando las principales ciudades europeas o de mochilera por Tailandia, el Satisfyer 1 de nueva generaci\u00f3n te acompa\u00f1ar\u00e1 a descubrir el mundo del deseo. Gracias a su pr\u00e1ctico formato especial para el bolso, este moderno vibrador por ondas de presi\u00f3n cabe en cualquier equipaje para que no tengas que renunciar a los mimos de este maravilloso compa\u00f1ero de viaje all\u00e1 donde est\u00e9s.<\/p>\n<p>MATERIAL<\/p>\n<p>La c\u00f3moda caperuza de silicona antialerg\u00e9nica puede desmontarse de forma sencilla para lavarla f\u00e1cilmente con agua y un jab\u00f3n suave e higienizarla con un producto limpiador de dildos. Consigue el m\u00e1ximo placer usando un lubricante con base de agua.<\/p>\n","protected":false},"excerpt":{"rendered":"<p>SATISFYER NUMBER ONE &#8211; NUEVA EDICI\u00d3N 2020 Dise\u00f1o f\u00e1cil de manipular y utilizar para principiantes. REL\u00c1JATE PULSANDO SOLO UN BOT\u00d3N<\/p>\n","protected":false},"featured_media":47506,"comment_status":"open","ping_status":"open","template":"","meta":[],"product_cat":[405],"product_tag":[1060,442],"class_list":["post-47505","product","type-product","status-publish","has-post-thumbnail","hentry","product_cat-succionadores","product_tag-air-pulse","product_tag-satisfyer"],"bundled_by":[],"bundle_stock_status":"instock","bundle_stock_quantity":25,"bundle_virtual":false,"bundle_layout":"","bundle_add_to_cart_form_location":"","bundle_editable_in_cart":false,"bundle_sold_individually_context":"","bundle_item_grouping":"","bundle_min_size":"","bundle_max_size":"","bundled_items":[],"yoast_head":"<!-- This site is optimized with the Yoast SEO plugin v20.6 - https:\/\/yoast.com\/wordpress\/plugins\/seo\/ -->\n<title>SATISFYER NUMBER ONE - Tienda Er\u00f3tica<\/title>\n<meta name=\"robots\" content=\"noindex, follow, max-snippet:-1, max-image-preview:large, max-video-preview:-1\" \/>\n<meta property=\"og:locale\" content=\"es_ES\" \/>\n<meta property=\"og:type\" content=\"article\" \/>\n<meta property=\"og:title\" content=\"SATISFYER NUMBER ONE - Tienda Er\u00f3tica\" \/>\n<meta property=\"og:description\" content=\"SATISFYER NUMBER ONE &#8211; NUEVA EDICI\u00d3N 2020 Dise\u00f1o f\u00e1cil de manipular y utilizar para principiantes. REL\u00c1JATE PULSANDO SOLO UN BOT\u00d3N\" \/>\n<meta property=\"og:url\" content=\"https:\/\/demoweb.info\/sexshop001\/producto\/satisfyer-number-one\/\" \/>\n<meta property=\"og:site_name\" content=\"Tienda Er\u00f3tica\" \/>\n<meta property=\"article:modified_time\" content=\"2022-01-22T14:33:39+00:00\" \/>\n<meta property=\"og:image\" content=\"https:\/\/demoweb.info\/sexshop001\/wp-content\/uploads\/2022\/01\/SATISFYER-NUMBER-ONE.jpg\" \/>\n\t<meta property=\"og:image:width\" content=\"550\" \/>\n\t<meta property=\"og:image:height\" content=\"550\" \/>\n\t<meta property=\"og:image:type\" content=\"image\/jpeg\" \/>\n<meta name=\"twitter:card\" content=\"summary_large_image\" \/>\n<meta name=\"twitter:label1\" content=\"Tiempo de lectura\" \/>\n\t<meta name=\"twitter:data1\" content=\"2 minutos\" \/>\n<script type=\"application\/ld+json\" class=\"yoast-schema-graph\">{\"@context\":\"https:\/\/schema.org\",\"@graph\":[{\"@type\":\"WebPage\",\"@id\":\"https:\/\/demoweb.info\/sexshop001\/producto\/satisfyer-number-one\/\",\"url\":\"https:\/\/demoweb.info\/sexshop001\/producto\/satisfyer-number-one\/\",\"name\":\"SATISFYER NUMBER ONE - Tienda Er\u00f3tica\",\"isPartOf\":{\"@id\":\"https:\/\/demoweb.info\/sexshop001\/#website\"},\"datePublished\":\"2022-01-22T14:33:30+00:00\",\"dateModified\":\"2022-01-22T14:33:39+00:00\",\"breadcrumb\":{\"@id\":\"https:\/\/demoweb.info\/sexshop001\/producto\/satisfyer-number-one\/#breadcrumb\"},\"inLanguage\":\"es\",\"potentialAction\":[{\"@type\":\"ReadAction\",\"target\":[\"https:\/\/demoweb.info\/sexshop001\/producto\/satisfyer-number-one\/\"]}]},{\"@type\":\"BreadcrumbList\",\"@id\":\"https:\/\/demoweb.info\/sexshop001\/producto\/satisfyer-number-one\/#breadcrumb\",\"itemListElement\":[{\"@type\":\"ListItem\",\"position\":1,\"name\":\"Portada\",\"item\":\"https:\/\/demoweb.info\/sexshop001\/\"},{\"@type\":\"ListItem\",\"position\":2,\"name\":\"Tienda\",\"item\":\"https:\/\/demoweb.info\/sexshop001\/tienda\/\"},{\"@type\":\"ListItem\",\"position\":3,\"name\":\"SATISFYER NUMBER ONE\"}]},{\"@type\":\"WebSite\",\"@id\":\"https:\/\/demoweb.info\/sexshop001\/#website\",\"url\":\"https:\/\/demoweb.info\/sexshop001\/\",\"name\":\"Tienda Er\u00f3tica\",\"description\":\"DEMOWEB SL\",\"potentialAction\":[{\"@type\":\"SearchAction\",\"target\":{\"@type\":\"EntryPoint\",\"urlTemplate\":\"https:\/\/demoweb.info\/sexshop001\/?s={search_term_string}\"},\"query-input\":\"required name=search_term_string\"}],\"inLanguage\":\"es\"}]}<\/script>\n<!-- \/ Yoast SEO plugin. -->","yoast_head_json":{"title":"SATISFYER NUMBER ONE - Tienda Er\u00f3tica","robots":{"index":"noindex","follow":"follow","max-snippet":"max-snippet:-1","max-image-preview":"max-image-preview:large","max-video-preview":"max-video-preview:-1"},"og_locale":"es_ES","og_type":"article","og_title":"SATISFYER NUMBER ONE - Tienda Er\u00f3tica","og_description":"SATISFYER NUMBER ONE &#8211; NUEVA EDICI\u00d3N 2020 Dise\u00f1o f\u00e1cil de manipular y utilizar para principiantes. REL\u00c1JATE PULSANDO SOLO UN BOT\u00d3N","og_url":"https:\/\/demoweb.info\/sexshop001\/producto\/satisfyer-number-one\/","og_site_name":"Tienda Er\u00f3tica","article_modified_time":"2022-01-22T14:33:39+00:00","og_image":[{"width":550,"height":550,"url":"https:\/\/demoweb.info\/sexshop001\/wp-content\/uploads\/2022\/01\/SATISFYER-NUMBER-ONE.jpg","type":"image\/jpeg"}],"twitter_card":"summary_large_image","twitter_misc":{"Tiempo de lectura":"2 minutos"},"schema":{"@context":"https:\/\/schema.org","@graph":[{"@type":"WebPage","@id":"https:\/\/demoweb.info\/sexshop001\/producto\/satisfyer-number-one\/","url":"https:\/\/demoweb.info\/sexshop001\/producto\/satisfyer-number-one\/","name":"SATISFYER NUMBER ONE - Tienda Er\u00f3tica","isPartOf":{"@id":"https:\/\/demoweb.info\/sexshop001\/#website"},"datePublished":"2022-01-22T14:33:30+00:00","dateModified":"2022-01-22T14:33:39+00:00","breadcrumb":{"@id":"https:\/\/demoweb.info\/sexshop001\/producto\/satisfyer-number-one\/#breadcrumb"},"inLanguage":"es","potentialAction":[{"@type":"ReadAction","target":["https:\/\/demoweb.info\/sexshop001\/producto\/satisfyer-number-one\/"]}]},{"@type":"BreadcrumbList","@id":"https:\/\/demoweb.info\/sexshop001\/producto\/satisfyer-number-one\/#breadcrumb","itemListElement":[{"@type":"ListItem","position":1,"name":"Portada","item":"https:\/\/demoweb.info\/sexshop001\/"},{"@type":"ListItem","position":2,"name":"Tienda","item":"https:\/\/demoweb.info\/sexshop001\/tienda\/"},{"@type":"ListItem","position":3,"name":"SATISFYER NUMBER ONE"}]},{"@type":"WebSite","@id":"https:\/\/demoweb.info\/sexshop001\/#website","url":"https:\/\/demoweb.info\/sexshop001\/","name":"Tienda Er\u00f3tica","description":"DEMOWEB SL","potentialAction":[{"@type":"SearchAction","target":{"@type":"EntryPoint","urlTemplate":"https:\/\/demoweb.info\/sexshop001\/?s={search_term_string}"},"query-input":"required name=search_term_string"}],"inLanguage":"es"}]}},"_links":{"self":[{"href":"https:\/\/demoweb.info\/sexshop001\/wp-json\/wp\/v3\/product\/47505","targetHints":{"allow":["GET"]}}],"collection":[{"href":"https:\/\/demoweb.info\/sexshop001\/wp-json\/wp\/v3\/product"}],"about":[{"href":"https:\/\/demoweb.info\/sexshop001\/wp-json\/wp\/v2\/types\/product"}],"replies":[{"embeddable":true,"href":"https:\/\/demoweb.info\/sexshop001\/wp-json\/wp\/v2\/comments?post=47505"}],"wp:featuredmedia":[{"embeddable":true,"href":"https:\/\/demoweb.info\/sexshop001\/wp-json\/wp\/v2\/media\/47506"}],"wp:attachment":[{"href":"https:\/\/demoweb.info\/sexshop001\/wp-json\/wp\/v2\/media?parent=47505"}],"wp:term":[{"taxonomy":"product_cat","embeddable":true,"href":"https:\/\/demoweb.info\/sexshop001\/wp-json\/wp\/v2\/product_cat?post=47505"},{"taxonomy":"product_tag","embeddable":true,"href":"https:\/\/demoweb.info\/sexshop001\/wp-json\/wp\/v2\/product_tag?post=47505"}],"curies":[{"name":"wp","href":"https:\/\/api.w.org\/{rel}","templated":true}]}}