{"id":46459,"date":"2022-01-22T15:22:38","date_gmt":"2022-01-22T14:22:38","guid":{"rendered":"https:\/\/demoweb.info\/sexshop001\/producto\/blow-n-grow-bomba-de-ereccion\/"},"modified":"2022-01-22T15:22:40","modified_gmt":"2022-01-22T14:22:40","slug":"blow-n-grow-bomba-de-ereccion","status":"publish","type":"product","link":"https:\/\/demoweb.info\/sexshop001\/producto\/blow-n-grow-bomba-de-ereccion\/","title":{"rendered":"BLOW-N-GROW BOMBA DE ERECCI\u00d3N"},"content":{"rendered":"<p><strong>BLOW-N-GROW PENIS PUMP<\/strong><\/p>\n<p><em>\u00a1Obt\u00e9n el tama\u00f1o y confianza que siempre has so\u00f1ado!<\/em><\/p>\n<p>Al rodear todo tu eje con succi\u00f3n de vac\u00edo directa, el <strong>BLOW-N-GROW PENIS PUMP <\/strong>se siente igual o incluso mejorque una acci\u00f3n real. El manguito TPR s\u00faper suave se envuelve firmemente a su alrededor, aferr\u00e1ndose a la totalidad de su pene para crear un vac\u00edo super-fuerte que produce los mejores resultados.<\/p>\n<p>La vaina de aspiraci\u00f3n s\u00faper apretada a\u00f1ade una nueva dimensi\u00f3n a la bomba. Una vez que penetran en la apertura de PVC flexible y suave descubrir\u00e1s r\u00e1pidamente erecciones duras que se sienten muy bien. El PVC blando forma un sello perfectamente apretado contra la piel y crea un vac\u00edo de gran alcance dentro de la c\u00e1mara, obligando a su erecci\u00f3n para expandir r\u00e1pidamente su longitud y circunferencia.<\/p>\n<p>El tubo de vac\u00edo transparente permite que puedas ver crecer tu pene, mientras que el agarre antideslizante suave ofrece un manejo c\u00f3modo. Basta con pulsar el bot\u00f3n de liberaci\u00f3n r\u00e1pida para aliviar la presi\u00f3n al instante.<\/p>\n<p>Para prolongar la eyaculaci\u00f3n, desliza el anillo de mejora incluido sobre tu eje hasta que sea agradable y c\u00f3modo. El poco apretado prolongar\u00e1 la eyaculaci\u00f3n, ayudar\u00e1 a mantener tu erecci\u00f3n, y a extender la diversi\u00f3n.<\/p>\n<p>Cuando hayas terminado, s\u00f3lo tienes que separar el cilindro de la manguera de aspiraci\u00f3n y lavarlo con un limpiador de juguetes y agua tibia.<\/p>\n","protected":false},"excerpt":{"rendered":"<p>BLOW-N-GROW PENIS PUMP \u00a1Obt\u00e9n el tama\u00f1o y confianza que siempre has so\u00f1ado! Al rodear todo tu eje con succi\u00f3n de<\/p>\n","protected":false},"featured_media":46460,"comment_status":"open","ping_status":"open","template":"","meta":[],"product_cat":[495],"product_tag":[259,865],"class_list":["post-46459","product","type-product","status-publish","has-post-thumbnail","hentry","product_cat-basicos","product_tag-pipedream","product_tag-pump-worx"],"bundled_by":[],"bundle_stock_status":"instock","bundle_stock_quantity":1,"bundle_virtual":false,"bundle_layout":"","bundle_add_to_cart_form_location":"","bundle_editable_in_cart":false,"bundle_sold_individually_context":"","bundle_item_grouping":"","bundle_min_size":"","bundle_max_size":"","bundled_items":[],"yoast_head":"<!-- This site is optimized with the Yoast SEO plugin v20.6 - https:\/\/yoast.com\/wordpress\/plugins\/seo\/ -->\n<title>BLOW-N-GROW BOMBA DE ERECCI\u00d3N - Tienda Er\u00f3tica<\/title>\n<meta name=\"robots\" content=\"noindex, follow, max-snippet:-1, max-image-preview:large, max-video-preview:-1\" \/>\n<meta property=\"og:locale\" content=\"es_ES\" \/>\n<meta property=\"og:type\" content=\"article\" \/>\n<meta property=\"og:title\" content=\"BLOW-N-GROW BOMBA DE ERECCI\u00d3N - Tienda Er\u00f3tica\" \/>\n<meta property=\"og:description\" content=\"BLOW-N-GROW PENIS PUMP \u00a1Obt\u00e9n el tama\u00f1o y confianza que siempre has so\u00f1ado! Al rodear todo tu eje con succi\u00f3n de\" \/>\n<meta property=\"og:url\" content=\"https:\/\/demoweb.info\/sexshop001\/producto\/blow-n-grow-bomba-de-ereccion\/\" \/>\n<meta property=\"og:site_name\" content=\"Tienda Er\u00f3tica\" \/>\n<meta property=\"article:modified_time\" content=\"2022-01-22T14:22:40+00:00\" \/>\n<meta property=\"og:image\" content=\"https:\/\/demoweb.info\/sexshop001\/wp-content\/uploads\/2022\/01\/BLOW-N-GROW-BOMBA-DE-ERECCION.jpg\" \/>\n\t<meta property=\"og:image:width\" content=\"550\" \/>\n\t<meta property=\"og:image:height\" content=\"550\" \/>\n\t<meta property=\"og:image:type\" content=\"image\/jpeg\" \/>\n<meta name=\"twitter:card\" content=\"summary_large_image\" \/>\n<meta name=\"twitter:label1\" content=\"Tiempo de lectura\" \/>\n\t<meta name=\"twitter:data1\" content=\"1 minuto\" \/>\n<script type=\"application\/ld+json\" class=\"yoast-schema-graph\">{\"@context\":\"https:\/\/schema.org\",\"@graph\":[{\"@type\":\"WebPage\",\"@id\":\"https:\/\/demoweb.info\/sexshop001\/producto\/blow-n-grow-bomba-de-ereccion\/\",\"url\":\"https:\/\/demoweb.info\/sexshop001\/producto\/blow-n-grow-bomba-de-ereccion\/\",\"name\":\"BLOW-N-GROW BOMBA DE ERECCI\u00d3N - Tienda Er\u00f3tica\",\"isPartOf\":{\"@id\":\"https:\/\/demoweb.info\/sexshop001\/#website\"},\"datePublished\":\"2022-01-22T14:22:38+00:00\",\"dateModified\":\"2022-01-22T14:22:40+00:00\",\"breadcrumb\":{\"@id\":\"https:\/\/demoweb.info\/sexshop001\/producto\/blow-n-grow-bomba-de-ereccion\/#breadcrumb\"},\"inLanguage\":\"es\",\"potentialAction\":[{\"@type\":\"ReadAction\",\"target\":[\"https:\/\/demoweb.info\/sexshop001\/producto\/blow-n-grow-bomba-de-ereccion\/\"]}]},{\"@type\":\"BreadcrumbList\",\"@id\":\"https:\/\/demoweb.info\/sexshop001\/producto\/blow-n-grow-bomba-de-ereccion\/#breadcrumb\",\"itemListElement\":[{\"@type\":\"ListItem\",\"position\":1,\"name\":\"Portada\",\"item\":\"https:\/\/demoweb.info\/sexshop001\/\"},{\"@type\":\"ListItem\",\"position\":2,\"name\":\"Tienda\",\"item\":\"https:\/\/demoweb.info\/sexshop001\/tienda\/\"},{\"@type\":\"ListItem\",\"position\":3,\"name\":\"BLOW-N-GROW BOMBA DE ERECCI\u00d3N\"}]},{\"@type\":\"WebSite\",\"@id\":\"https:\/\/demoweb.info\/sexshop001\/#website\",\"url\":\"https:\/\/demoweb.info\/sexshop001\/\",\"name\":\"Tienda Er\u00f3tica\",\"description\":\"DEMOWEB SL\",\"potentialAction\":[{\"@type\":\"SearchAction\",\"target\":{\"@type\":\"EntryPoint\",\"urlTemplate\":\"https:\/\/demoweb.info\/sexshop001\/?s={search_term_string}\"},\"query-input\":\"required name=search_term_string\"}],\"inLanguage\":\"es\"}]}<\/script>\n<!-- \/ Yoast SEO plugin. -->","yoast_head_json":{"title":"BLOW-N-GROW BOMBA DE ERECCI\u00d3N - Tienda Er\u00f3tica","robots":{"index":"noindex","follow":"follow","max-snippet":"max-snippet:-1","max-image-preview":"max-image-preview:large","max-video-preview":"max-video-preview:-1"},"og_locale":"es_ES","og_type":"article","og_title":"BLOW-N-GROW BOMBA DE ERECCI\u00d3N - Tienda Er\u00f3tica","og_description":"BLOW-N-GROW PENIS PUMP \u00a1Obt\u00e9n el tama\u00f1o y confianza que siempre has so\u00f1ado! Al rodear todo tu eje con succi\u00f3n de","og_url":"https:\/\/demoweb.info\/sexshop001\/producto\/blow-n-grow-bomba-de-ereccion\/","og_site_name":"Tienda Er\u00f3tica","article_modified_time":"2022-01-22T14:22:40+00:00","og_image":[{"width":550,"height":550,"url":"https:\/\/demoweb.info\/sexshop001\/wp-content\/uploads\/2022\/01\/BLOW-N-GROW-BOMBA-DE-ERECCION.jpg","type":"image\/jpeg"}],"twitter_card":"summary_large_image","twitter_misc":{"Tiempo de lectura":"1 minuto"},"schema":{"@context":"https:\/\/schema.org","@graph":[{"@type":"WebPage","@id":"https:\/\/demoweb.info\/sexshop001\/producto\/blow-n-grow-bomba-de-ereccion\/","url":"https:\/\/demoweb.info\/sexshop001\/producto\/blow-n-grow-bomba-de-ereccion\/","name":"BLOW-N-GROW BOMBA DE ERECCI\u00d3N - Tienda Er\u00f3tica","isPartOf":{"@id":"https:\/\/demoweb.info\/sexshop001\/#website"},"datePublished":"2022-01-22T14:22:38+00:00","dateModified":"2022-01-22T14:22:40+00:00","breadcrumb":{"@id":"https:\/\/demoweb.info\/sexshop001\/producto\/blow-n-grow-bomba-de-ereccion\/#breadcrumb"},"inLanguage":"es","potentialAction":[{"@type":"ReadAction","target":["https:\/\/demoweb.info\/sexshop001\/producto\/blow-n-grow-bomba-de-ereccion\/"]}]},{"@type":"BreadcrumbList","@id":"https:\/\/demoweb.info\/sexshop001\/producto\/blow-n-grow-bomba-de-ereccion\/#breadcrumb","itemListElement":[{"@type":"ListItem","position":1,"name":"Portada","item":"https:\/\/demoweb.info\/sexshop001\/"},{"@type":"ListItem","position":2,"name":"Tienda","item":"https:\/\/demoweb.info\/sexshop001\/tienda\/"},{"@type":"ListItem","position":3,"name":"BLOW-N-GROW BOMBA DE ERECCI\u00d3N"}]},{"@type":"WebSite","@id":"https:\/\/demoweb.info\/sexshop001\/#website","url":"https:\/\/demoweb.info\/sexshop001\/","name":"Tienda Er\u00f3tica","description":"DEMOWEB SL","potentialAction":[{"@type":"SearchAction","target":{"@type":"EntryPoint","urlTemplate":"https:\/\/demoweb.info\/sexshop001\/?s={search_term_string}"},"query-input":"required name=search_term_string"}],"inLanguage":"es"}]}},"_links":{"self":[{"href":"https:\/\/demoweb.info\/sexshop001\/wp-json\/wp\/v3\/product\/46459","targetHints":{"allow":["GET"]}}],"collection":[{"href":"https:\/\/demoweb.info\/sexshop001\/wp-json\/wp\/v3\/product"}],"about":[{"href":"https:\/\/demoweb.info\/sexshop001\/wp-json\/wp\/v2\/types\/product"}],"replies":[{"embeddable":true,"href":"https:\/\/demoweb.info\/sexshop001\/wp-json\/wp\/v2\/comments?post=46459"}],"wp:featuredmedia":[{"embeddable":true,"href":"https:\/\/demoweb.info\/sexshop001\/wp-json\/wp\/v2\/media\/46460"}],"wp:attachment":[{"href":"https:\/\/demoweb.info\/sexshop001\/wp-json\/wp\/v2\/media?parent=46459"}],"wp:term":[{"taxonomy":"product_cat","embeddable":true,"href":"https:\/\/demoweb.info\/sexshop001\/wp-json\/wp\/v2\/product_cat?post=46459"},{"taxonomy":"product_tag","embeddable":true,"href":"https:\/\/demoweb.info\/sexshop001\/wp-json\/wp\/v2\/product_tag?post=46459"}],"curies":[{"name":"wp","href":"https:\/\/api.w.org\/{rel}","templated":true}]}}