{"id":46362,"date":"2022-01-22T15:21:41","date_gmt":"2022-01-22T14:21:41","guid":{"rendered":"https:\/\/demoweb.info\/sexshop001\/producto\/di-mi-nombre-trilogia-affaire-stark-i\/"},"modified":"2022-01-22T15:21:42","modified_gmt":"2022-01-22T14:21:42","slug":"di-mi-nombre-trilogia-affaire-stark-i","status":"publish","type":"product","link":"https:\/\/demoweb.info\/sexshop001\/producto\/di-mi-nombre-trilogia-affaire-stark-i\/","title":{"rendered":"DI MI NOMBRE &#8211; TRILOG\u00cdA AFFAIRE STARK I"},"content":{"rendered":"<p><strong>DI MI NOMBRE &#8211; TRILOG\u00cdA AFFAIRE STARK I<\/strong><\/p>\n<p><em>Di mi nombre, la primera novela de la excitante trilog\u00eda de romance er\u00f3tico \u00abEl affaire Stark\u00bb, es el inicio perfecto para una historia inolvidable, elegante y tremendamente sensual. Sylvia y Jackson sin duda ser\u00e1n los personajes m\u00e1s sexys, atractivos y vulnerables de la temporada. Erotismo sin l\u00edmites, amor apasionado y unas gotas de misterio se mezclan en este cocktail irresistible y adictivo, escrito por una de las maestras indiscutibles del g\u00e9nero.<\/em><\/p>\n<p>Sylvia Brooks es una mujer emprendedora y en apariencia muy segura de s\u00ed misma que trabaja a las \u00f3rdenes del magnate Damien Stark. Acostumbrada a moverse en un mundo de hombres poderosos, Sylvia recibe de su jefe un encargo que puede suponer su definitiva consagraci\u00f3n profesional: la urbanizaci\u00f3n de una isla paradis\u00edaca del Caribe llamada a convertirse en un complejo vacacional incomparable.<\/p>\n<p>Ella es consciente de que el \u00e9xito radicar\u00e1 en encontrar al arquitecto adecuado y de que no hay otro mejor que el viril e independiente Jackson Steele, el apuesto hombre con quien mantuvo una relaci\u00f3n a la que ella puso fin cuando intuy\u00f3 que los sentimientos que albergaba hacia \u00e9l pod\u00edan derribar todas sus barreras y sacar a la luz sus secretos m\u00e1s \u00edntimos.<\/p>\n<p>Pero ha llegado el momento del reen&#8230;<\/p>\n<ul>\n<li>Tapa Blanda<\/li>\n<li>368 p\u00e1ginas<\/li>\n<\/ul>\n","protected":false},"excerpt":{"rendered":"<p>DI MI NOMBRE &#8211; TRILOG\u00cdA AFFAIRE STARK I Di mi nombre, la primera novela de la excitante trilog\u00eda de romance<\/p>\n","protected":false},"featured_media":46363,"comment_status":"open","ping_status":"open","template":"","meta":[],"product_cat":[713],"product_tag":[416],"class_list":["post-46362","product","type-product","status-publish","has-post-thumbnail","hentry","product_cat-libros-lectura","product_tag-grijalbo"],"bundled_by":[],"bundle_stock_status":"instock","bundle_stock_quantity":5,"bundle_virtual":false,"bundle_layout":"","bundle_add_to_cart_form_location":"","bundle_editable_in_cart":false,"bundle_sold_individually_context":"","bundle_item_grouping":"","bundle_min_size":"","bundle_max_size":"","bundled_items":[],"yoast_head":"<!-- This site is optimized with the Yoast SEO plugin v20.6 - https:\/\/yoast.com\/wordpress\/plugins\/seo\/ -->\n<title>DI MI NOMBRE - TRILOG\u00cdA AFFAIRE STARK I - Tienda Er\u00f3tica<\/title>\n<meta name=\"robots\" content=\"noindex, follow, max-snippet:-1, max-image-preview:large, max-video-preview:-1\" \/>\n<meta property=\"og:locale\" content=\"es_ES\" \/>\n<meta property=\"og:type\" content=\"article\" \/>\n<meta property=\"og:title\" content=\"DI MI NOMBRE - TRILOG\u00cdA AFFAIRE STARK I - Tienda Er\u00f3tica\" \/>\n<meta property=\"og:description\" content=\"DI MI NOMBRE &#8211; TRILOG\u00cdA AFFAIRE STARK I Di mi nombre, la primera novela de la excitante trilog\u00eda de romance\" \/>\n<meta property=\"og:url\" content=\"https:\/\/demoweb.info\/sexshop001\/producto\/di-mi-nombre-trilogia-affaire-stark-i\/\" \/>\n<meta property=\"og:site_name\" content=\"Tienda Er\u00f3tica\" \/>\n<meta property=\"article:modified_time\" content=\"2022-01-22T14:21:42+00:00\" \/>\n<meta property=\"og:image\" content=\"https:\/\/demoweb.info\/sexshop001\/wp-content\/uploads\/2022\/01\/DI-MI-NOMBRE-TRILOGIA-AFFAIRE-STARK-I.jpg\" \/>\n\t<meta property=\"og:image:width\" content=\"550\" \/>\n\t<meta property=\"og:image:height\" content=\"550\" \/>\n\t<meta property=\"og:image:type\" content=\"image\/jpeg\" \/>\n<meta name=\"twitter:card\" content=\"summary_large_image\" \/>\n<meta name=\"twitter:label1\" content=\"Tiempo de lectura\" \/>\n\t<meta name=\"twitter:data1\" content=\"1 minuto\" \/>\n<script type=\"application\/ld+json\" class=\"yoast-schema-graph\">{\"@context\":\"https:\/\/schema.org\",\"@graph\":[{\"@type\":\"WebPage\",\"@id\":\"https:\/\/demoweb.info\/sexshop001\/producto\/di-mi-nombre-trilogia-affaire-stark-i\/\",\"url\":\"https:\/\/demoweb.info\/sexshop001\/producto\/di-mi-nombre-trilogia-affaire-stark-i\/\",\"name\":\"DI MI NOMBRE - TRILOG\u00cdA AFFAIRE STARK I - Tienda Er\u00f3tica\",\"isPartOf\":{\"@id\":\"https:\/\/demoweb.info\/sexshop001\/#website\"},\"datePublished\":\"2022-01-22T14:21:41+00:00\",\"dateModified\":\"2022-01-22T14:21:42+00:00\",\"breadcrumb\":{\"@id\":\"https:\/\/demoweb.info\/sexshop001\/producto\/di-mi-nombre-trilogia-affaire-stark-i\/#breadcrumb\"},\"inLanguage\":\"es\",\"potentialAction\":[{\"@type\":\"ReadAction\",\"target\":[\"https:\/\/demoweb.info\/sexshop001\/producto\/di-mi-nombre-trilogia-affaire-stark-i\/\"]}]},{\"@type\":\"BreadcrumbList\",\"@id\":\"https:\/\/demoweb.info\/sexshop001\/producto\/di-mi-nombre-trilogia-affaire-stark-i\/#breadcrumb\",\"itemListElement\":[{\"@type\":\"ListItem\",\"position\":1,\"name\":\"Portada\",\"item\":\"https:\/\/demoweb.info\/sexshop001\/\"},{\"@type\":\"ListItem\",\"position\":2,\"name\":\"Tienda\",\"item\":\"https:\/\/demoweb.info\/sexshop001\/tienda\/\"},{\"@type\":\"ListItem\",\"position\":3,\"name\":\"DI MI NOMBRE &#8211; TRILOG\u00cdA AFFAIRE STARK I\"}]},{\"@type\":\"WebSite\",\"@id\":\"https:\/\/demoweb.info\/sexshop001\/#website\",\"url\":\"https:\/\/demoweb.info\/sexshop001\/\",\"name\":\"Tienda Er\u00f3tica\",\"description\":\"DEMOWEB SL\",\"potentialAction\":[{\"@type\":\"SearchAction\",\"target\":{\"@type\":\"EntryPoint\",\"urlTemplate\":\"https:\/\/demoweb.info\/sexshop001\/?s={search_term_string}\"},\"query-input\":\"required name=search_term_string\"}],\"inLanguage\":\"es\"}]}<\/script>\n<!-- \/ Yoast SEO plugin. -->","yoast_head_json":{"title":"DI MI NOMBRE - TRILOG\u00cdA AFFAIRE STARK I - Tienda Er\u00f3tica","robots":{"index":"noindex","follow":"follow","max-snippet":"max-snippet:-1","max-image-preview":"max-image-preview:large","max-video-preview":"max-video-preview:-1"},"og_locale":"es_ES","og_type":"article","og_title":"DI MI NOMBRE - TRILOG\u00cdA AFFAIRE STARK I - Tienda Er\u00f3tica","og_description":"DI MI NOMBRE &#8211; TRILOG\u00cdA AFFAIRE STARK I Di mi nombre, la primera novela de la excitante trilog\u00eda de romance","og_url":"https:\/\/demoweb.info\/sexshop001\/producto\/di-mi-nombre-trilogia-affaire-stark-i\/","og_site_name":"Tienda Er\u00f3tica","article_modified_time":"2022-01-22T14:21:42+00:00","og_image":[{"width":550,"height":550,"url":"https:\/\/demoweb.info\/sexshop001\/wp-content\/uploads\/2022\/01\/DI-MI-NOMBRE-TRILOGIA-AFFAIRE-STARK-I.jpg","type":"image\/jpeg"}],"twitter_card":"summary_large_image","twitter_misc":{"Tiempo de lectura":"1 minuto"},"schema":{"@context":"https:\/\/schema.org","@graph":[{"@type":"WebPage","@id":"https:\/\/demoweb.info\/sexshop001\/producto\/di-mi-nombre-trilogia-affaire-stark-i\/","url":"https:\/\/demoweb.info\/sexshop001\/producto\/di-mi-nombre-trilogia-affaire-stark-i\/","name":"DI MI NOMBRE - TRILOG\u00cdA AFFAIRE STARK I - Tienda Er\u00f3tica","isPartOf":{"@id":"https:\/\/demoweb.info\/sexshop001\/#website"},"datePublished":"2022-01-22T14:21:41+00:00","dateModified":"2022-01-22T14:21:42+00:00","breadcrumb":{"@id":"https:\/\/demoweb.info\/sexshop001\/producto\/di-mi-nombre-trilogia-affaire-stark-i\/#breadcrumb"},"inLanguage":"es","potentialAction":[{"@type":"ReadAction","target":["https:\/\/demoweb.info\/sexshop001\/producto\/di-mi-nombre-trilogia-affaire-stark-i\/"]}]},{"@type":"BreadcrumbList","@id":"https:\/\/demoweb.info\/sexshop001\/producto\/di-mi-nombre-trilogia-affaire-stark-i\/#breadcrumb","itemListElement":[{"@type":"ListItem","position":1,"name":"Portada","item":"https:\/\/demoweb.info\/sexshop001\/"},{"@type":"ListItem","position":2,"name":"Tienda","item":"https:\/\/demoweb.info\/sexshop001\/tienda\/"},{"@type":"ListItem","position":3,"name":"DI MI NOMBRE &#8211; TRILOG\u00cdA AFFAIRE STARK I"}]},{"@type":"WebSite","@id":"https:\/\/demoweb.info\/sexshop001\/#website","url":"https:\/\/demoweb.info\/sexshop001\/","name":"Tienda Er\u00f3tica","description":"DEMOWEB SL","potentialAction":[{"@type":"SearchAction","target":{"@type":"EntryPoint","urlTemplate":"https:\/\/demoweb.info\/sexshop001\/?s={search_term_string}"},"query-input":"required name=search_term_string"}],"inLanguage":"es"}]}},"_links":{"self":[{"href":"https:\/\/demoweb.info\/sexshop001\/wp-json\/wp\/v3\/product\/46362","targetHints":{"allow":["GET"]}}],"collection":[{"href":"https:\/\/demoweb.info\/sexshop001\/wp-json\/wp\/v3\/product"}],"about":[{"href":"https:\/\/demoweb.info\/sexshop001\/wp-json\/wp\/v2\/types\/product"}],"replies":[{"embeddable":true,"href":"https:\/\/demoweb.info\/sexshop001\/wp-json\/wp\/v2\/comments?post=46362"}],"wp:featuredmedia":[{"embeddable":true,"href":"https:\/\/demoweb.info\/sexshop001\/wp-json\/wp\/v2\/media\/46363"}],"wp:attachment":[{"href":"https:\/\/demoweb.info\/sexshop001\/wp-json\/wp\/v2\/media?parent=46362"}],"wp:term":[{"taxonomy":"product_cat","embeddable":true,"href":"https:\/\/demoweb.info\/sexshop001\/wp-json\/wp\/v2\/product_cat?post=46362"},{"taxonomy":"product_tag","embeddable":true,"href":"https:\/\/demoweb.info\/sexshop001\/wp-json\/wp\/v2\/product_tag?post=46362"}],"curies":[{"name":"wp","href":"https:\/\/api.w.org\/{rel}","templated":true}]}}