{"id":46301,"date":"2022-01-22T15:21:01","date_gmt":"2022-01-22T14:21:01","guid":{"rendered":"https:\/\/demoweb.info\/sexshop001\/producto\/esposas-tobillos-reversibles-rojo\/"},"modified":"2022-01-22T15:21:02","modified_gmt":"2022-01-22T14:21:02","slug":"esposas-tobillos-reversibles-rojo","status":"publish","type":"product","link":"https:\/\/demoweb.info\/sexshop001\/producto\/esposas-tobillos-reversibles-rojo\/","title":{"rendered":"ESPOSAS TOBILLOS REVERSIBLES ROJO"},"content":{"rendered":"<p><strong>REVERSIBLE ANKLE CUFFS &#8211; RED<\/strong><\/p>\n<p>Estas esposas est\u00e1n dise\u00f1adas con un lado de cuero y otro de neopreno para que puedas elegir el material que sentir\u00e1s en la piel simplemente dando vuelta las esposas. \u00a1El lado de neopreno es de color y el lado de cuero es negro para darle una apariencia m\u00e1s ruda! Tambi\u00e9n tienen cierres de velcro para que le quepa a todos, un cierre a presi\u00f3n para intercambiarlas con otros juguetes para \u201cbondage\u201d!<\/p>\n","protected":false},"excerpt":{"rendered":"<p>REVERSIBLE ANKLE CUFFS &#8211; RED Estas esposas est\u00e1n dise\u00f1adas con un lado de cuero y otro de neopreno para que<\/p>\n","protected":false},"featured_media":46302,"comment_status":"open","ping_status":"open","template":"","meta":[],"product_cat":[507],"product_tag":[307,302],"class_list":["post-46301","product","type-product","status-publish","has-post-thumbnail","hentry","product_cat-basicas","product_tag-ouch","product_tag-shots"],"bundled_by":[],"bundle_stock_status":"outofstock","bundle_stock_quantity":0,"bundle_virtual":false,"bundle_layout":"","bundle_add_to_cart_form_location":"","bundle_editable_in_cart":false,"bundle_sold_individually_context":"","bundle_item_grouping":"","bundle_min_size":"","bundle_max_size":"","bundled_items":[],"yoast_head":"<!-- This site is optimized with the Yoast SEO plugin v20.6 - https:\/\/yoast.com\/wordpress\/plugins\/seo\/ -->\n<title>ESPOSAS TOBILLOS REVERSIBLES ROJO - Tienda Er\u00f3tica<\/title>\n<meta name=\"robots\" content=\"noindex, follow, max-snippet:-1, max-image-preview:large, max-video-preview:-1\" \/>\n<meta property=\"og:locale\" content=\"es_ES\" \/>\n<meta property=\"og:type\" content=\"article\" \/>\n<meta property=\"og:title\" content=\"ESPOSAS TOBILLOS REVERSIBLES ROJO - Tienda Er\u00f3tica\" \/>\n<meta property=\"og:description\" content=\"REVERSIBLE ANKLE CUFFS &#8211; RED Estas esposas est\u00e1n dise\u00f1adas con un lado de cuero y otro de neopreno para que\" \/>\n<meta property=\"og:url\" content=\"https:\/\/demoweb.info\/sexshop001\/producto\/esposas-tobillos-reversibles-rojo\/\" \/>\n<meta property=\"og:site_name\" content=\"Tienda Er\u00f3tica\" \/>\n<meta property=\"article:modified_time\" content=\"2022-01-22T14:21:02+00:00\" \/>\n<meta property=\"og:image\" content=\"https:\/\/demoweb.info\/sexshop001\/wp-content\/uploads\/2022\/01\/ESPOSAS-TOBILLOS-REVERSIBLES-ROJO.jpg\" \/>\n\t<meta property=\"og:image:width\" content=\"550\" \/>\n\t<meta property=\"og:image:height\" content=\"550\" \/>\n\t<meta property=\"og:image:type\" content=\"image\/jpeg\" \/>\n<meta name=\"twitter:card\" content=\"summary_large_image\" \/>\n<script type=\"application\/ld+json\" class=\"yoast-schema-graph\">{\"@context\":\"https:\/\/schema.org\",\"@graph\":[{\"@type\":\"WebPage\",\"@id\":\"https:\/\/demoweb.info\/sexshop001\/producto\/esposas-tobillos-reversibles-rojo\/\",\"url\":\"https:\/\/demoweb.info\/sexshop001\/producto\/esposas-tobillos-reversibles-rojo\/\",\"name\":\"ESPOSAS TOBILLOS REVERSIBLES ROJO - Tienda Er\u00f3tica\",\"isPartOf\":{\"@id\":\"https:\/\/demoweb.info\/sexshop001\/#website\"},\"datePublished\":\"2022-01-22T14:21:01+00:00\",\"dateModified\":\"2022-01-22T14:21:02+00:00\",\"breadcrumb\":{\"@id\":\"https:\/\/demoweb.info\/sexshop001\/producto\/esposas-tobillos-reversibles-rojo\/#breadcrumb\"},\"inLanguage\":\"es\",\"potentialAction\":[{\"@type\":\"ReadAction\",\"target\":[\"https:\/\/demoweb.info\/sexshop001\/producto\/esposas-tobillos-reversibles-rojo\/\"]}]},{\"@type\":\"BreadcrumbList\",\"@id\":\"https:\/\/demoweb.info\/sexshop001\/producto\/esposas-tobillos-reversibles-rojo\/#breadcrumb\",\"itemListElement\":[{\"@type\":\"ListItem\",\"position\":1,\"name\":\"Portada\",\"item\":\"https:\/\/demoweb.info\/sexshop001\/\"},{\"@type\":\"ListItem\",\"position\":2,\"name\":\"Tienda\",\"item\":\"https:\/\/demoweb.info\/sexshop001\/tienda\/\"},{\"@type\":\"ListItem\",\"position\":3,\"name\":\"ESPOSAS TOBILLOS REVERSIBLES ROJO\"}]},{\"@type\":\"WebSite\",\"@id\":\"https:\/\/demoweb.info\/sexshop001\/#website\",\"url\":\"https:\/\/demoweb.info\/sexshop001\/\",\"name\":\"Tienda Er\u00f3tica\",\"description\":\"DEMOWEB SL\",\"potentialAction\":[{\"@type\":\"SearchAction\",\"target\":{\"@type\":\"EntryPoint\",\"urlTemplate\":\"https:\/\/demoweb.info\/sexshop001\/?s={search_term_string}\"},\"query-input\":\"required name=search_term_string\"}],\"inLanguage\":\"es\"}]}<\/script>\n<!-- \/ Yoast SEO plugin. -->","yoast_head_json":{"title":"ESPOSAS TOBILLOS REVERSIBLES ROJO - Tienda Er\u00f3tica","robots":{"index":"noindex","follow":"follow","max-snippet":"max-snippet:-1","max-image-preview":"max-image-preview:large","max-video-preview":"max-video-preview:-1"},"og_locale":"es_ES","og_type":"article","og_title":"ESPOSAS TOBILLOS REVERSIBLES ROJO - Tienda Er\u00f3tica","og_description":"REVERSIBLE ANKLE CUFFS &#8211; RED Estas esposas est\u00e1n dise\u00f1adas con un lado de cuero y otro de neopreno para que","og_url":"https:\/\/demoweb.info\/sexshop001\/producto\/esposas-tobillos-reversibles-rojo\/","og_site_name":"Tienda Er\u00f3tica","article_modified_time":"2022-01-22T14:21:02+00:00","og_image":[{"width":550,"height":550,"url":"https:\/\/demoweb.info\/sexshop001\/wp-content\/uploads\/2022\/01\/ESPOSAS-TOBILLOS-REVERSIBLES-ROJO.jpg","type":"image\/jpeg"}],"twitter_card":"summary_large_image","schema":{"@context":"https:\/\/schema.org","@graph":[{"@type":"WebPage","@id":"https:\/\/demoweb.info\/sexshop001\/producto\/esposas-tobillos-reversibles-rojo\/","url":"https:\/\/demoweb.info\/sexshop001\/producto\/esposas-tobillos-reversibles-rojo\/","name":"ESPOSAS TOBILLOS REVERSIBLES ROJO - Tienda Er\u00f3tica","isPartOf":{"@id":"https:\/\/demoweb.info\/sexshop001\/#website"},"datePublished":"2022-01-22T14:21:01+00:00","dateModified":"2022-01-22T14:21:02+00:00","breadcrumb":{"@id":"https:\/\/demoweb.info\/sexshop001\/producto\/esposas-tobillos-reversibles-rojo\/#breadcrumb"},"inLanguage":"es","potentialAction":[{"@type":"ReadAction","target":["https:\/\/demoweb.info\/sexshop001\/producto\/esposas-tobillos-reversibles-rojo\/"]}]},{"@type":"BreadcrumbList","@id":"https:\/\/demoweb.info\/sexshop001\/producto\/esposas-tobillos-reversibles-rojo\/#breadcrumb","itemListElement":[{"@type":"ListItem","position":1,"name":"Portada","item":"https:\/\/demoweb.info\/sexshop001\/"},{"@type":"ListItem","position":2,"name":"Tienda","item":"https:\/\/demoweb.info\/sexshop001\/tienda\/"},{"@type":"ListItem","position":3,"name":"ESPOSAS TOBILLOS REVERSIBLES ROJO"}]},{"@type":"WebSite","@id":"https:\/\/demoweb.info\/sexshop001\/#website","url":"https:\/\/demoweb.info\/sexshop001\/","name":"Tienda Er\u00f3tica","description":"DEMOWEB SL","potentialAction":[{"@type":"SearchAction","target":{"@type":"EntryPoint","urlTemplate":"https:\/\/demoweb.info\/sexshop001\/?s={search_term_string}"},"query-input":"required name=search_term_string"}],"inLanguage":"es"}]}},"_links":{"self":[{"href":"https:\/\/demoweb.info\/sexshop001\/wp-json\/wp\/v3\/product\/46301","targetHints":{"allow":["GET"]}}],"collection":[{"href":"https:\/\/demoweb.info\/sexshop001\/wp-json\/wp\/v3\/product"}],"about":[{"href":"https:\/\/demoweb.info\/sexshop001\/wp-json\/wp\/v2\/types\/product"}],"replies":[{"embeddable":true,"href":"https:\/\/demoweb.info\/sexshop001\/wp-json\/wp\/v2\/comments?post=46301"}],"wp:featuredmedia":[{"embeddable":true,"href":"https:\/\/demoweb.info\/sexshop001\/wp-json\/wp\/v2\/media\/46302"}],"wp:attachment":[{"href":"https:\/\/demoweb.info\/sexshop001\/wp-json\/wp\/v2\/media?parent=46301"}],"wp:term":[{"taxonomy":"product_cat","embeddable":true,"href":"https:\/\/demoweb.info\/sexshop001\/wp-json\/wp\/v2\/product_cat?post=46301"},{"taxonomy":"product_tag","embeddable":true,"href":"https:\/\/demoweb.info\/sexshop001\/wp-json\/wp\/v2\/product_tag?post=46301"}],"curies":[{"name":"wp","href":"https:\/\/api.w.org\/{rel}","templated":true}]}}