{"id":46270,"date":"2022-01-22T15:20:44","date_gmt":"2022-01-22T14:20:44","guid":{"rendered":"https:\/\/demoweb.info\/sexshop001\/producto\/xs-lipo-reducer-cream-woman-crema-anticelulitica-y-reductora-mujer\/"},"modified":"2022-01-22T15:20:44","modified_gmt":"2022-01-22T14:20:44","slug":"xs-lipo-reducer-cream-woman-crema-anticelulitica-y-reductora-mujer","status":"publish","type":"product","link":"https:\/\/demoweb.info\/sexshop001\/producto\/xs-lipo-reducer-cream-woman-crema-anticelulitica-y-reductora-mujer\/","title":{"rendered":"XS LIPO-REDUCER CREAM WOMAN &#8211; CREMA ANTICELUL\u00cdTICA Y REDUCTORA MUJER"},"content":{"rendered":"<p><strong>XS Natural crema lipo-reductora para mujer<\/strong> es una <strong>anticelul\u00edtica<\/strong> que ayuda a<strong>eliminar grasa localizada<\/strong>. Act\u00faa contra los ac\u00famulos de grasa localizados, rebeldes y de larga duraci\u00f3n. La piel queda lisa, el\u00e1stica e hidratada, y <strong>las protuberancias causadas por la celulitis se reducen<\/strong>. Diferentes estudios han demostrado que sus activos y sus <strong>propiedades reductoras<\/strong> trabajan para disminuir significativamente el per\u00edmetro de los muslos, el contorno del abdomen y de los brazos y, como consecuencia, que se produzca una bajada de peso.<\/p>\n<p><strong>XS Natural crema lipo-reductora mujer<\/strong> est\u00e1 indicado para:<\/p>\n<ul>\n<li><strong>Eliminar<\/strong> grasa localizada<\/li>\n<li><strong>Reducir<\/strong> la celulitis y la piel de naranja<\/li>\n<li><strong>Disminuir<\/strong> el contorno de muslos, abdomen y brazos<\/li>\n<\/ul>\n<p><strong>XS Natural crema lipo-reductora mujer<\/strong> est\u00e1 indicada para tratar zonas localizadas como los muslos, el abdomen y los brazos, <strong>reduciendo la piel de naranja y moldeando la figura<\/strong>. Es una crema reductora para mujer que, combinando su aplicaci\u00f3n junto con ejercicio y una dieta equilibrada, ofrece resultados magn\u00edficos. Es posible reducir el contorno del abdomen, brazos y piernas y, por tanto, perder m\u00e1s peso de manera natural.<\/p>\n<p>Sus componentes, como la <strong>manteca de Karit\u00e9, el Pronalen adelgazante o el Legactif<\/strong>, entre otros, act\u00faan en conjunto para notar los primeros resultados a los pocos d\u00edas tras la primera aplicaci\u00f3n. Aparte de <strong>reducir la celulitis<\/strong>, la crema XS Natural evita la acumulaci\u00f3n de l\u00edquidos, estimula la circulaci\u00f3n sangu\u00ednea y genera una mayor suavidad y elasticidad en la piel. Todo ello fomenta una visible reducci\u00f3n del contorno del cuerpo.<\/p>\n<p><em><strong>Aplicar XS Natural crema lipo-reductora mujer de 1 a 2 veces al d\u00eda:<\/strong><\/em><\/p>\n<p><strong>Uso:<\/strong> v\u00eda t\u00f3pica<\/p>\n<p><strong>Formato: <\/strong>crema de 200 ml<\/p>\n<p><strong>Duraci\u00f3n: <\/strong>puede variar dependiendo del uso<\/p>\n<p><strong>Dosis:<\/strong> se debe aplicar entre 1 y 2 veces al d\u00eda<\/p>\n<p><strong>Cu\u00e1ndo se debe aplicar:<\/strong> se recomienda aplicar XS Natural crema lipo-reductora para mujer al menos una vez al d\u00eda, preferiblemente por la noche, en las zonas del cuerpo que se quieran reducir o en las afectadas con celulitis. Tambi\u00e9n se puede aplicar antes de realizar ejercicio.<\/p>\n<p><strong>Ingredientes:<\/strong><\/p>\n<ul>\n<li><strong>Manteca de Karit\u00e9:<\/strong> aporta \u00e1cidos grasos esenciales que nutren y evitan que aparezca la piel de naranja. Tambi\u00e9n contiene Queratina que mantiene la elasticidad de la piel.<\/li>\n<li><strong>Pronalen Adelgazante:<\/strong> compuesto por algas marinas, Guaran\u00e1, Brusco y lim\u00f3n. Activa el metabolismo para quemar m\u00e1s, mejora la circulaci\u00f3n sangu\u00ednea y aporta un extra de firmeza a la piel.<\/li>\n<li><strong>Actigym<\/strong>: ayuda a sintetizar la Adiponectina que favorece la oxidaci\u00f3n de \u00e1cidos grasos y el uso de glucosa por parte de las c\u00e9lulas. Mejora el tono y redefine la silueta.<\/li>\n<li><strong>Legactif<\/strong>: la vara de oro, el Brusco y el lim\u00f3n mejoran la circulaci\u00f3n y evitan que se acumulen l\u00edquidos.<\/li>\n<li><strong>Nicotinato de Metilo<\/strong>: dilata los capilares para aumentar la temperatura local y as\u00ed favorecer la absorci\u00f3n del resto de componentes.<\/li>\n<\/ul>\n","protected":false},"excerpt":{"rendered":"<p>XS Natural crema lipo-reductora para mujer es una anticelul\u00edtica que ayuda aeliminar grasa localizada. Act\u00faa contra los ac\u00famulos de grasa<\/p>\n","protected":false},"featured_media":46271,"comment_status":"open","ping_status":"open","template":"","meta":[],"product_cat":[833],"product_tag":[1441],"class_list":["post-46270","product","type-product","status-publish","has-post-thumbnail","hentry","product_cat-para-ellas-tratamientos","product_tag-xs-natural"],"bundled_by":[],"bundle_stock_status":"instock","bundle_stock_quantity":7,"bundle_virtual":false,"bundle_layout":"","bundle_add_to_cart_form_location":"","bundle_editable_in_cart":false,"bundle_sold_individually_context":"","bundle_item_grouping":"","bundle_min_size":"","bundle_max_size":"","bundled_items":[],"yoast_head":"<!-- This site is optimized with the Yoast SEO plugin v20.6 - https:\/\/yoast.com\/wordpress\/plugins\/seo\/ -->\n<title>XS LIPO-REDUCER CREAM WOMAN - CREMA ANTICELUL\u00cdTICA Y REDUCTORA MUJER - Tienda Er\u00f3tica<\/title>\n<meta name=\"robots\" content=\"noindex, follow, max-snippet:-1, max-image-preview:large, max-video-preview:-1\" \/>\n<meta property=\"og:locale\" content=\"es_ES\" \/>\n<meta property=\"og:type\" content=\"article\" \/>\n<meta property=\"og:title\" content=\"XS LIPO-REDUCER CREAM WOMAN - CREMA ANTICELUL\u00cdTICA Y REDUCTORA MUJER - Tienda Er\u00f3tica\" \/>\n<meta property=\"og:description\" content=\"XS Natural crema lipo-reductora para mujer es una anticelul\u00edtica que ayuda aeliminar grasa localizada. Act\u00faa contra los ac\u00famulos de grasa\" \/>\n<meta property=\"og:url\" content=\"https:\/\/demoweb.info\/sexshop001\/producto\/xs-lipo-reducer-cream-woman-crema-anticelulitica-y-reductora-mujer\/\" \/>\n<meta property=\"og:site_name\" content=\"Tienda Er\u00f3tica\" \/>\n<meta property=\"og:image\" content=\"https:\/\/demoweb.info\/sexshop001\/wp-content\/uploads\/2022\/01\/XS-LIPO-REDUCER-CREAM-WOMAN-CREMA-ANTICELULITICA-Y-REDUCTORA-MUJER.jpg\" \/>\n\t<meta property=\"og:image:width\" content=\"550\" \/>\n\t<meta property=\"og:image:height\" content=\"550\" \/>\n\t<meta property=\"og:image:type\" content=\"image\/jpeg\" \/>\n<meta name=\"twitter:card\" content=\"summary_large_image\" \/>\n<meta name=\"twitter:label1\" content=\"Tiempo de lectura\" \/>\n\t<meta name=\"twitter:data1\" content=\"2 minutos\" \/>\n<script type=\"application\/ld+json\" class=\"yoast-schema-graph\">{\"@context\":\"https:\/\/schema.org\",\"@graph\":[{\"@type\":\"WebPage\",\"@id\":\"https:\/\/demoweb.info\/sexshop001\/producto\/xs-lipo-reducer-cream-woman-crema-anticelulitica-y-reductora-mujer\/\",\"url\":\"https:\/\/demoweb.info\/sexshop001\/producto\/xs-lipo-reducer-cream-woman-crema-anticelulitica-y-reductora-mujer\/\",\"name\":\"XS LIPO-REDUCER CREAM WOMAN - CREMA ANTICELUL\u00cdTICA Y REDUCTORA MUJER - Tienda Er\u00f3tica\",\"isPartOf\":{\"@id\":\"https:\/\/demoweb.info\/sexshop001\/#website\"},\"datePublished\":\"2022-01-22T14:20:44+00:00\",\"dateModified\":\"2022-01-22T14:20:44+00:00\",\"breadcrumb\":{\"@id\":\"https:\/\/demoweb.info\/sexshop001\/producto\/xs-lipo-reducer-cream-woman-crema-anticelulitica-y-reductora-mujer\/#breadcrumb\"},\"inLanguage\":\"es\",\"potentialAction\":[{\"@type\":\"ReadAction\",\"target\":[\"https:\/\/demoweb.info\/sexshop001\/producto\/xs-lipo-reducer-cream-woman-crema-anticelulitica-y-reductora-mujer\/\"]}]},{\"@type\":\"BreadcrumbList\",\"@id\":\"https:\/\/demoweb.info\/sexshop001\/producto\/xs-lipo-reducer-cream-woman-crema-anticelulitica-y-reductora-mujer\/#breadcrumb\",\"itemListElement\":[{\"@type\":\"ListItem\",\"position\":1,\"name\":\"Portada\",\"item\":\"https:\/\/demoweb.info\/sexshop001\/\"},{\"@type\":\"ListItem\",\"position\":2,\"name\":\"Tienda\",\"item\":\"https:\/\/demoweb.info\/sexshop001\/tienda\/\"},{\"@type\":\"ListItem\",\"position\":3,\"name\":\"XS LIPO-REDUCER CREAM WOMAN &#8211; CREMA ANTICELUL\u00cdTICA Y REDUCTORA MUJER\"}]},{\"@type\":\"WebSite\",\"@id\":\"https:\/\/demoweb.info\/sexshop001\/#website\",\"url\":\"https:\/\/demoweb.info\/sexshop001\/\",\"name\":\"Tienda Er\u00f3tica\",\"description\":\"DEMOWEB SL\",\"potentialAction\":[{\"@type\":\"SearchAction\",\"target\":{\"@type\":\"EntryPoint\",\"urlTemplate\":\"https:\/\/demoweb.info\/sexshop001\/?s={search_term_string}\"},\"query-input\":\"required name=search_term_string\"}],\"inLanguage\":\"es\"}]}<\/script>\n<!-- \/ Yoast SEO plugin. -->","yoast_head_json":{"title":"XS LIPO-REDUCER CREAM WOMAN - CREMA ANTICELUL\u00cdTICA Y REDUCTORA MUJER - Tienda Er\u00f3tica","robots":{"index":"noindex","follow":"follow","max-snippet":"max-snippet:-1","max-image-preview":"max-image-preview:large","max-video-preview":"max-video-preview:-1"},"og_locale":"es_ES","og_type":"article","og_title":"XS LIPO-REDUCER CREAM WOMAN - CREMA ANTICELUL\u00cdTICA Y REDUCTORA MUJER - Tienda Er\u00f3tica","og_description":"XS Natural crema lipo-reductora para mujer es una anticelul\u00edtica que ayuda aeliminar grasa localizada. Act\u00faa contra los ac\u00famulos de grasa","og_url":"https:\/\/demoweb.info\/sexshop001\/producto\/xs-lipo-reducer-cream-woman-crema-anticelulitica-y-reductora-mujer\/","og_site_name":"Tienda Er\u00f3tica","og_image":[{"width":550,"height":550,"url":"https:\/\/demoweb.info\/sexshop001\/wp-content\/uploads\/2022\/01\/XS-LIPO-REDUCER-CREAM-WOMAN-CREMA-ANTICELULITICA-Y-REDUCTORA-MUJER.jpg","type":"image\/jpeg"}],"twitter_card":"summary_large_image","twitter_misc":{"Tiempo de lectura":"2 minutos"},"schema":{"@context":"https:\/\/schema.org","@graph":[{"@type":"WebPage","@id":"https:\/\/demoweb.info\/sexshop001\/producto\/xs-lipo-reducer-cream-woman-crema-anticelulitica-y-reductora-mujer\/","url":"https:\/\/demoweb.info\/sexshop001\/producto\/xs-lipo-reducer-cream-woman-crema-anticelulitica-y-reductora-mujer\/","name":"XS LIPO-REDUCER CREAM WOMAN - CREMA ANTICELUL\u00cdTICA Y REDUCTORA MUJER - Tienda Er\u00f3tica","isPartOf":{"@id":"https:\/\/demoweb.info\/sexshop001\/#website"},"datePublished":"2022-01-22T14:20:44+00:00","dateModified":"2022-01-22T14:20:44+00:00","breadcrumb":{"@id":"https:\/\/demoweb.info\/sexshop001\/producto\/xs-lipo-reducer-cream-woman-crema-anticelulitica-y-reductora-mujer\/#breadcrumb"},"inLanguage":"es","potentialAction":[{"@type":"ReadAction","target":["https:\/\/demoweb.info\/sexshop001\/producto\/xs-lipo-reducer-cream-woman-crema-anticelulitica-y-reductora-mujer\/"]}]},{"@type":"BreadcrumbList","@id":"https:\/\/demoweb.info\/sexshop001\/producto\/xs-lipo-reducer-cream-woman-crema-anticelulitica-y-reductora-mujer\/#breadcrumb","itemListElement":[{"@type":"ListItem","position":1,"name":"Portada","item":"https:\/\/demoweb.info\/sexshop001\/"},{"@type":"ListItem","position":2,"name":"Tienda","item":"https:\/\/demoweb.info\/sexshop001\/tienda\/"},{"@type":"ListItem","position":3,"name":"XS LIPO-REDUCER CREAM WOMAN &#8211; CREMA ANTICELUL\u00cdTICA Y REDUCTORA MUJER"}]},{"@type":"WebSite","@id":"https:\/\/demoweb.info\/sexshop001\/#website","url":"https:\/\/demoweb.info\/sexshop001\/","name":"Tienda Er\u00f3tica","description":"DEMOWEB SL","potentialAction":[{"@type":"SearchAction","target":{"@type":"EntryPoint","urlTemplate":"https:\/\/demoweb.info\/sexshop001\/?s={search_term_string}"},"query-input":"required name=search_term_string"}],"inLanguage":"es"}]}},"_links":{"self":[{"href":"https:\/\/demoweb.info\/sexshop001\/wp-json\/wp\/v3\/product\/46270","targetHints":{"allow":["GET"]}}],"collection":[{"href":"https:\/\/demoweb.info\/sexshop001\/wp-json\/wp\/v3\/product"}],"about":[{"href":"https:\/\/demoweb.info\/sexshop001\/wp-json\/wp\/v2\/types\/product"}],"replies":[{"embeddable":true,"href":"https:\/\/demoweb.info\/sexshop001\/wp-json\/wp\/v2\/comments?post=46270"}],"wp:featuredmedia":[{"embeddable":true,"href":"https:\/\/demoweb.info\/sexshop001\/wp-json\/wp\/v2\/media\/46271"}],"wp:attachment":[{"href":"https:\/\/demoweb.info\/sexshop001\/wp-json\/wp\/v2\/media?parent=46270"}],"wp:term":[{"taxonomy":"product_cat","embeddable":true,"href":"https:\/\/demoweb.info\/sexshop001\/wp-json\/wp\/v2\/product_cat?post=46270"},{"taxonomy":"product_tag","embeddable":true,"href":"https:\/\/demoweb.info\/sexshop001\/wp-json\/wp\/v2\/product_tag?post=46270"}],"curies":[{"name":"wp","href":"https:\/\/api.w.org\/{rel}","templated":true}]}}