{"id":45997,"date":"2022-01-22T15:17:54","date_gmt":"2022-01-22T14:17:54","guid":{"rendered":"https:\/\/demoweb.info\/sexshop001\/producto\/black-magic-kit-de-placer\/"},"modified":"2022-01-22T15:18:09","modified_gmt":"2022-01-22T14:18:09","slug":"black-magic-kit-de-placer","status":"publish","type":"product","link":"https:\/\/demoweb.info\/sexshop001\/producto\/black-magic-kit-de-placer\/","title":{"rendered":"BLACK MAGIC &#8211; KIT DE PLACER"},"content":{"rendered":"<p><strong>BLACK MAGIC PLEASURE KIT<\/strong><\/p>\n<p>Doc Johnson presenta el kit de placer Black Magic, una impresionante colecci\u00f3n de objetos que vibran suaves como la seda. <\/p>\n<p>Comience abriendo el delicioso lubricante activando el vibrador Pocket Rocket para la satisfacci\u00f3n del cl\u00edtoris. La tapa acanalada intensifica las sensaciones de remachado. Explora las potentes posibilidades con la incre\u00edble vibrador bala \/ del huevo. Cl\u00e1sico y elegante, el vibrador de 18 cm es una joya al tacto. Gira la parte inferior para alcanzar la velocidad deseada. Un tr\u00edo de susurro silenciosas vibraciones eclipsar\u00e1 tus expectativas.<\/p>\n<p>Los tres vibradores son resistentes al agua y libres de ftalatos. <\/p>\n","protected":false},"excerpt":{"rendered":"<p>BLACK MAGIC PLEASURE KIT Doc Johnson presenta el kit de placer Black Magic, una impresionante colecci\u00f3n de objetos que vibran<\/p>\n","protected":false},"featured_media":45998,"comment_status":"open","ping_status":"open","template":"","meta":[],"product_cat":[445],"product_tag":[1430,460],"class_list":["post-45997","product","type-product","status-publish","has-post-thumbnail","hentry","product_cat-para-parejas-vibradores-juguetes-xxx","product_tag-black-magic","product_tag-doc-johnson"],"bundled_by":[],"bundle_stock_status":"instock","bundle_stock_quantity":2,"bundle_virtual":false,"bundle_layout":"","bundle_add_to_cart_form_location":"","bundle_editable_in_cart":false,"bundle_sold_individually_context":"","bundle_item_grouping":"","bundle_min_size":"","bundle_max_size":"","bundled_items":[],"yoast_head":"<!-- This site is optimized with the Yoast SEO plugin v20.6 - https:\/\/yoast.com\/wordpress\/plugins\/seo\/ -->\n<title>BLACK MAGIC - KIT DE PLACER - Tienda Er\u00f3tica<\/title>\n<meta name=\"robots\" content=\"noindex, follow, max-snippet:-1, max-image-preview:large, max-video-preview:-1\" \/>\n<meta property=\"og:locale\" content=\"es_ES\" \/>\n<meta property=\"og:type\" content=\"article\" \/>\n<meta property=\"og:title\" content=\"BLACK MAGIC - KIT DE PLACER - Tienda Er\u00f3tica\" \/>\n<meta property=\"og:description\" content=\"BLACK MAGIC PLEASURE KIT Doc Johnson presenta el kit de placer Black Magic, una impresionante colecci\u00f3n de objetos que vibran\" \/>\n<meta property=\"og:url\" content=\"https:\/\/demoweb.info\/sexshop001\/producto\/black-magic-kit-de-placer\/\" \/>\n<meta property=\"og:site_name\" content=\"Tienda Er\u00f3tica\" \/>\n<meta property=\"article:modified_time\" content=\"2022-01-22T14:18:09+00:00\" \/>\n<meta property=\"og:image\" content=\"https:\/\/demoweb.info\/sexshop001\/wp-content\/uploads\/2022\/01\/BLACK-MAGIC-KIT-DE-PLACER.jpg\" \/>\n\t<meta property=\"og:image:width\" content=\"550\" \/>\n\t<meta property=\"og:image:height\" content=\"550\" \/>\n\t<meta property=\"og:image:type\" content=\"image\/jpeg\" \/>\n<meta name=\"twitter:card\" content=\"summary_large_image\" \/>\n<meta name=\"twitter:label1\" content=\"Tiempo de lectura\" \/>\n\t<meta name=\"twitter:data1\" content=\"1 minuto\" \/>\n<script type=\"application\/ld+json\" class=\"yoast-schema-graph\">{\"@context\":\"https:\/\/schema.org\",\"@graph\":[{\"@type\":\"WebPage\",\"@id\":\"https:\/\/demoweb.info\/sexshop001\/producto\/black-magic-kit-de-placer\/\",\"url\":\"https:\/\/demoweb.info\/sexshop001\/producto\/black-magic-kit-de-placer\/\",\"name\":\"BLACK MAGIC - KIT DE PLACER - Tienda Er\u00f3tica\",\"isPartOf\":{\"@id\":\"https:\/\/demoweb.info\/sexshop001\/#website\"},\"datePublished\":\"2022-01-22T14:17:54+00:00\",\"dateModified\":\"2022-01-22T14:18:09+00:00\",\"breadcrumb\":{\"@id\":\"https:\/\/demoweb.info\/sexshop001\/producto\/black-magic-kit-de-placer\/#breadcrumb\"},\"inLanguage\":\"es\",\"potentialAction\":[{\"@type\":\"ReadAction\",\"target\":[\"https:\/\/demoweb.info\/sexshop001\/producto\/black-magic-kit-de-placer\/\"]}]},{\"@type\":\"BreadcrumbList\",\"@id\":\"https:\/\/demoweb.info\/sexshop001\/producto\/black-magic-kit-de-placer\/#breadcrumb\",\"itemListElement\":[{\"@type\":\"ListItem\",\"position\":1,\"name\":\"Portada\",\"item\":\"https:\/\/demoweb.info\/sexshop001\/\"},{\"@type\":\"ListItem\",\"position\":2,\"name\":\"Tienda\",\"item\":\"https:\/\/demoweb.info\/sexshop001\/tienda\/\"},{\"@type\":\"ListItem\",\"position\":3,\"name\":\"BLACK MAGIC &#8211; KIT DE PLACER\"}]},{\"@type\":\"WebSite\",\"@id\":\"https:\/\/demoweb.info\/sexshop001\/#website\",\"url\":\"https:\/\/demoweb.info\/sexshop001\/\",\"name\":\"Tienda Er\u00f3tica\",\"description\":\"DEMOWEB SL\",\"potentialAction\":[{\"@type\":\"SearchAction\",\"target\":{\"@type\":\"EntryPoint\",\"urlTemplate\":\"https:\/\/demoweb.info\/sexshop001\/?s={search_term_string}\"},\"query-input\":\"required name=search_term_string\"}],\"inLanguage\":\"es\"}]}<\/script>\n<!-- \/ Yoast SEO plugin. -->","yoast_head_json":{"title":"BLACK MAGIC - KIT DE PLACER - Tienda Er\u00f3tica","robots":{"index":"noindex","follow":"follow","max-snippet":"max-snippet:-1","max-image-preview":"max-image-preview:large","max-video-preview":"max-video-preview:-1"},"og_locale":"es_ES","og_type":"article","og_title":"BLACK MAGIC - KIT DE PLACER - Tienda Er\u00f3tica","og_description":"BLACK MAGIC PLEASURE KIT Doc Johnson presenta el kit de placer Black Magic, una impresionante colecci\u00f3n de objetos que vibran","og_url":"https:\/\/demoweb.info\/sexshop001\/producto\/black-magic-kit-de-placer\/","og_site_name":"Tienda Er\u00f3tica","article_modified_time":"2022-01-22T14:18:09+00:00","og_image":[{"width":550,"height":550,"url":"https:\/\/demoweb.info\/sexshop001\/wp-content\/uploads\/2022\/01\/BLACK-MAGIC-KIT-DE-PLACER.jpg","type":"image\/jpeg"}],"twitter_card":"summary_large_image","twitter_misc":{"Tiempo de lectura":"1 minuto"},"schema":{"@context":"https:\/\/schema.org","@graph":[{"@type":"WebPage","@id":"https:\/\/demoweb.info\/sexshop001\/producto\/black-magic-kit-de-placer\/","url":"https:\/\/demoweb.info\/sexshop001\/producto\/black-magic-kit-de-placer\/","name":"BLACK MAGIC - KIT DE PLACER - Tienda Er\u00f3tica","isPartOf":{"@id":"https:\/\/demoweb.info\/sexshop001\/#website"},"datePublished":"2022-01-22T14:17:54+00:00","dateModified":"2022-01-22T14:18:09+00:00","breadcrumb":{"@id":"https:\/\/demoweb.info\/sexshop001\/producto\/black-magic-kit-de-placer\/#breadcrumb"},"inLanguage":"es","potentialAction":[{"@type":"ReadAction","target":["https:\/\/demoweb.info\/sexshop001\/producto\/black-magic-kit-de-placer\/"]}]},{"@type":"BreadcrumbList","@id":"https:\/\/demoweb.info\/sexshop001\/producto\/black-magic-kit-de-placer\/#breadcrumb","itemListElement":[{"@type":"ListItem","position":1,"name":"Portada","item":"https:\/\/demoweb.info\/sexshop001\/"},{"@type":"ListItem","position":2,"name":"Tienda","item":"https:\/\/demoweb.info\/sexshop001\/tienda\/"},{"@type":"ListItem","position":3,"name":"BLACK MAGIC &#8211; KIT DE PLACER"}]},{"@type":"WebSite","@id":"https:\/\/demoweb.info\/sexshop001\/#website","url":"https:\/\/demoweb.info\/sexshop001\/","name":"Tienda Er\u00f3tica","description":"DEMOWEB SL","potentialAction":[{"@type":"SearchAction","target":{"@type":"EntryPoint","urlTemplate":"https:\/\/demoweb.info\/sexshop001\/?s={search_term_string}"},"query-input":"required name=search_term_string"}],"inLanguage":"es"}]}},"_links":{"self":[{"href":"https:\/\/demoweb.info\/sexshop001\/wp-json\/wp\/v3\/product\/45997","targetHints":{"allow":["GET"]}}],"collection":[{"href":"https:\/\/demoweb.info\/sexshop001\/wp-json\/wp\/v3\/product"}],"about":[{"href":"https:\/\/demoweb.info\/sexshop001\/wp-json\/wp\/v2\/types\/product"}],"replies":[{"embeddable":true,"href":"https:\/\/demoweb.info\/sexshop001\/wp-json\/wp\/v2\/comments?post=45997"}],"wp:featuredmedia":[{"embeddable":true,"href":"https:\/\/demoweb.info\/sexshop001\/wp-json\/wp\/v2\/media\/45998"}],"wp:attachment":[{"href":"https:\/\/demoweb.info\/sexshop001\/wp-json\/wp\/v2\/media?parent=45997"}],"wp:term":[{"taxonomy":"product_cat","embeddable":true,"href":"https:\/\/demoweb.info\/sexshop001\/wp-json\/wp\/v2\/product_cat?post=45997"},{"taxonomy":"product_tag","embeddable":true,"href":"https:\/\/demoweb.info\/sexshop001\/wp-json\/wp\/v2\/product_tag?post=45997"}],"curies":[{"name":"wp","href":"https:\/\/api.w.org\/{rel}","templated":true}]}}