{"id":45790,"date":"2022-01-22T15:15:57","date_gmt":"2022-01-22T14:15:57","guid":{"rendered":"https:\/\/demoweb.info\/sexshop001\/producto\/trek-vibrador-curvado-silicona-para-prostata\/"},"modified":"2022-01-22T15:16:05","modified_gmt":"2022-01-22T14:16:05","slug":"trek-vibrador-curvado-silicona-para-prostata","status":"publish","type":"product","link":"https:\/\/demoweb.info\/sexshop001\/producto\/trek-vibrador-curvado-silicona-para-prostata\/","title":{"rendered":"TREK &#8211; VIBRADOR CURVADO SILICONA PARA PR\u00d3STATA"},"content":{"rendered":"<p><strong>TREK &#8211; CURVED SILICONE PROSTATE VIBE<\/strong><\/p>\n<p>Prepara tu punto-P para una estimulaci\u00f3n y vibraci\u00f3n intensa con este masajeador de pr\u00f3stata de silicona de alta calidad. El eje curvo flexible est\u00e1 dise\u00f1ado con cuentas de distintos tama\u00f1os, tamborileando en tu interior, mientras que la parte externa zumba contra su perineo.<\/p>\n<p>Es resistente al agua para que puedas usarlo en cualquier lugar.<\/p>\n<p>Caracter\u00edsticas:<\/p>\n<p>&#8211; Longitud total: 12,7 cm<br \/>\n&#8211; Longitud Insertable: 9,9 cm<br \/>\n&#8211; Di\u00e1metro del estimulador: 3,5 cm<br \/>\n&#8211; Di\u00e1metro de anillo: 3,8 cm<br \/>\n&#8211; Bater\u00edas: 1 x AAA (no incluida)<br \/>\n&#8211; Material: Silicona y ABS<\/p>\n","protected":false},"excerpt":{"rendered":"<p>TREK &#8211; CURVED SILICONE PROSTATE VIBE Prepara tu punto-P para una estimulaci\u00f3n y vibraci\u00f3n intensa con este masajeador de pr\u00f3stata<\/p>\n","protected":false},"featured_media":45791,"comment_status":"open","ping_status":"open","template":"","meta":[],"product_cat":[439],"product_tag":[463,274],"class_list":["post-45790","product","type-product","status-publish","has-post-thumbnail","hentry","product_cat-punto-p-plugs","product_tag-master-series","product_tag-xr-brands"],"bundled_by":[],"bundle_stock_status":"instock","bundle_stock_quantity":1,"bundle_virtual":false,"bundle_layout":"","bundle_add_to_cart_form_location":"","bundle_editable_in_cart":false,"bundle_sold_individually_context":"","bundle_item_grouping":"","bundle_min_size":"","bundle_max_size":"","bundled_items":[],"yoast_head":"<!-- This site is optimized with the Yoast SEO plugin v20.6 - https:\/\/yoast.com\/wordpress\/plugins\/seo\/ -->\n<title>TREK - VIBRADOR CURVADO SILICONA PARA PR\u00d3STATA - Tienda Er\u00f3tica<\/title>\n<meta name=\"robots\" content=\"noindex, follow, max-snippet:-1, max-image-preview:large, max-video-preview:-1\" \/>\n<meta property=\"og:locale\" content=\"es_ES\" \/>\n<meta property=\"og:type\" content=\"article\" \/>\n<meta property=\"og:title\" content=\"TREK - VIBRADOR CURVADO SILICONA PARA PR\u00d3STATA - Tienda Er\u00f3tica\" \/>\n<meta property=\"og:description\" content=\"TREK &#8211; CURVED SILICONE PROSTATE VIBE Prepara tu punto-P para una estimulaci\u00f3n y vibraci\u00f3n intensa con este masajeador de pr\u00f3stata\" \/>\n<meta property=\"og:url\" content=\"https:\/\/demoweb.info\/sexshop001\/producto\/trek-vibrador-curvado-silicona-para-prostata\/\" \/>\n<meta property=\"og:site_name\" content=\"Tienda Er\u00f3tica\" \/>\n<meta property=\"article:modified_time\" content=\"2022-01-22T14:16:05+00:00\" \/>\n<meta property=\"og:image\" content=\"https:\/\/demoweb.info\/sexshop001\/wp-content\/uploads\/2022\/01\/TREK-VIBRADOR-CURVADO-SILICONA-PARA-PROSTATA.jpg\" \/>\n\t<meta property=\"og:image:width\" content=\"550\" \/>\n\t<meta property=\"og:image:height\" content=\"550\" \/>\n\t<meta property=\"og:image:type\" content=\"image\/jpeg\" \/>\n<meta name=\"twitter:card\" content=\"summary_large_image\" \/>\n<script type=\"application\/ld+json\" class=\"yoast-schema-graph\">{\"@context\":\"https:\/\/schema.org\",\"@graph\":[{\"@type\":\"WebPage\",\"@id\":\"https:\/\/demoweb.info\/sexshop001\/producto\/trek-vibrador-curvado-silicona-para-prostata\/\",\"url\":\"https:\/\/demoweb.info\/sexshop001\/producto\/trek-vibrador-curvado-silicona-para-prostata\/\",\"name\":\"TREK - VIBRADOR CURVADO SILICONA PARA PR\u00d3STATA - Tienda Er\u00f3tica\",\"isPartOf\":{\"@id\":\"https:\/\/demoweb.info\/sexshop001\/#website\"},\"datePublished\":\"2022-01-22T14:15:57+00:00\",\"dateModified\":\"2022-01-22T14:16:05+00:00\",\"breadcrumb\":{\"@id\":\"https:\/\/demoweb.info\/sexshop001\/producto\/trek-vibrador-curvado-silicona-para-prostata\/#breadcrumb\"},\"inLanguage\":\"es\",\"potentialAction\":[{\"@type\":\"ReadAction\",\"target\":[\"https:\/\/demoweb.info\/sexshop001\/producto\/trek-vibrador-curvado-silicona-para-prostata\/\"]}]},{\"@type\":\"BreadcrumbList\",\"@id\":\"https:\/\/demoweb.info\/sexshop001\/producto\/trek-vibrador-curvado-silicona-para-prostata\/#breadcrumb\",\"itemListElement\":[{\"@type\":\"ListItem\",\"position\":1,\"name\":\"Portada\",\"item\":\"https:\/\/demoweb.info\/sexshop001\/\"},{\"@type\":\"ListItem\",\"position\":2,\"name\":\"Tienda\",\"item\":\"https:\/\/demoweb.info\/sexshop001\/tienda\/\"},{\"@type\":\"ListItem\",\"position\":3,\"name\":\"TREK &#8211; VIBRADOR CURVADO SILICONA PARA PR\u00d3STATA\"}]},{\"@type\":\"WebSite\",\"@id\":\"https:\/\/demoweb.info\/sexshop001\/#website\",\"url\":\"https:\/\/demoweb.info\/sexshop001\/\",\"name\":\"Tienda Er\u00f3tica\",\"description\":\"DEMOWEB SL\",\"potentialAction\":[{\"@type\":\"SearchAction\",\"target\":{\"@type\":\"EntryPoint\",\"urlTemplate\":\"https:\/\/demoweb.info\/sexshop001\/?s={search_term_string}\"},\"query-input\":\"required name=search_term_string\"}],\"inLanguage\":\"es\"}]}<\/script>\n<!-- \/ Yoast SEO plugin. -->","yoast_head_json":{"title":"TREK - VIBRADOR CURVADO SILICONA PARA PR\u00d3STATA - Tienda Er\u00f3tica","robots":{"index":"noindex","follow":"follow","max-snippet":"max-snippet:-1","max-image-preview":"max-image-preview:large","max-video-preview":"max-video-preview:-1"},"og_locale":"es_ES","og_type":"article","og_title":"TREK - VIBRADOR CURVADO SILICONA PARA PR\u00d3STATA - Tienda Er\u00f3tica","og_description":"TREK &#8211; CURVED SILICONE PROSTATE VIBE Prepara tu punto-P para una estimulaci\u00f3n y vibraci\u00f3n intensa con este masajeador de pr\u00f3stata","og_url":"https:\/\/demoweb.info\/sexshop001\/producto\/trek-vibrador-curvado-silicona-para-prostata\/","og_site_name":"Tienda Er\u00f3tica","article_modified_time":"2022-01-22T14:16:05+00:00","og_image":[{"width":550,"height":550,"url":"https:\/\/demoweb.info\/sexshop001\/wp-content\/uploads\/2022\/01\/TREK-VIBRADOR-CURVADO-SILICONA-PARA-PROSTATA.jpg","type":"image\/jpeg"}],"twitter_card":"summary_large_image","schema":{"@context":"https:\/\/schema.org","@graph":[{"@type":"WebPage","@id":"https:\/\/demoweb.info\/sexshop001\/producto\/trek-vibrador-curvado-silicona-para-prostata\/","url":"https:\/\/demoweb.info\/sexshop001\/producto\/trek-vibrador-curvado-silicona-para-prostata\/","name":"TREK - VIBRADOR CURVADO SILICONA PARA PR\u00d3STATA - Tienda Er\u00f3tica","isPartOf":{"@id":"https:\/\/demoweb.info\/sexshop001\/#website"},"datePublished":"2022-01-22T14:15:57+00:00","dateModified":"2022-01-22T14:16:05+00:00","breadcrumb":{"@id":"https:\/\/demoweb.info\/sexshop001\/producto\/trek-vibrador-curvado-silicona-para-prostata\/#breadcrumb"},"inLanguage":"es","potentialAction":[{"@type":"ReadAction","target":["https:\/\/demoweb.info\/sexshop001\/producto\/trek-vibrador-curvado-silicona-para-prostata\/"]}]},{"@type":"BreadcrumbList","@id":"https:\/\/demoweb.info\/sexshop001\/producto\/trek-vibrador-curvado-silicona-para-prostata\/#breadcrumb","itemListElement":[{"@type":"ListItem","position":1,"name":"Portada","item":"https:\/\/demoweb.info\/sexshop001\/"},{"@type":"ListItem","position":2,"name":"Tienda","item":"https:\/\/demoweb.info\/sexshop001\/tienda\/"},{"@type":"ListItem","position":3,"name":"TREK &#8211; VIBRADOR CURVADO SILICONA PARA PR\u00d3STATA"}]},{"@type":"WebSite","@id":"https:\/\/demoweb.info\/sexshop001\/#website","url":"https:\/\/demoweb.info\/sexshop001\/","name":"Tienda Er\u00f3tica","description":"DEMOWEB SL","potentialAction":[{"@type":"SearchAction","target":{"@type":"EntryPoint","urlTemplate":"https:\/\/demoweb.info\/sexshop001\/?s={search_term_string}"},"query-input":"required name=search_term_string"}],"inLanguage":"es"}]}},"_links":{"self":[{"href":"https:\/\/demoweb.info\/sexshop001\/wp-json\/wp\/v3\/product\/45790","targetHints":{"allow":["GET"]}}],"collection":[{"href":"https:\/\/demoweb.info\/sexshop001\/wp-json\/wp\/v3\/product"}],"about":[{"href":"https:\/\/demoweb.info\/sexshop001\/wp-json\/wp\/v2\/types\/product"}],"replies":[{"embeddable":true,"href":"https:\/\/demoweb.info\/sexshop001\/wp-json\/wp\/v2\/comments?post=45790"}],"wp:featuredmedia":[{"embeddable":true,"href":"https:\/\/demoweb.info\/sexshop001\/wp-json\/wp\/v2\/media\/45791"}],"wp:attachment":[{"href":"https:\/\/demoweb.info\/sexshop001\/wp-json\/wp\/v2\/media?parent=45790"}],"wp:term":[{"taxonomy":"product_cat","embeddable":true,"href":"https:\/\/demoweb.info\/sexshop001\/wp-json\/wp\/v2\/product_cat?post=45790"},{"taxonomy":"product_tag","embeddable":true,"href":"https:\/\/demoweb.info\/sexshop001\/wp-json\/wp\/v2\/product_tag?post=45790"}],"curies":[{"name":"wp","href":"https:\/\/api.w.org\/{rel}","templated":true}]}}