{"id":45718,"date":"2022-01-22T15:15:08","date_gmt":"2022-01-22T14:15:08","guid":{"rendered":"https:\/\/demoweb.info\/sexshop001\/producto\/plug-anal-10-velocidades\/"},"modified":"2022-01-22T15:15:21","modified_gmt":"2022-01-22T14:15:21","slug":"plug-anal-10-velocidades","status":"publish","type":"product","link":"https:\/\/demoweb.info\/sexshop001\/producto\/plug-anal-10-velocidades\/","title":{"rendered":"PLUG ANAL 10 VELOCIDADES"},"content":{"rendered":"<p><strong>ASS ANCHOR &#8211; 10 SPEED &#8211; WIRELESS &#8211; ANAL PLUG<\/strong><\/p>\n<p>Plug anal con una poderosa pulsaci\u00f3n y una vibraci\u00f3n emocionante. Cuando los extremos acampanados quedan atrapados juntos, forman un tap\u00f3n c\u00f3nico que puede ser f\u00e1cilmente insertado. Una vez dentro, las dos mitades se expandir\u00e1n, provocando la estimulaci\u00f3n de la P-punto.<\/p>\n<p>Dise\u00f1ado para la estimulaci\u00f3n anal, este plug con forma de ancla producir\u00e1 sensaciones de euforia y se mantiene firmemente en su lugar. Ahora puede disfrutar de la diversi\u00f3n sin cables, gracias a su mando a distancia inal\u00e1mbrico.<\/p>\n<p>Caracter\u00edsticas:<\/p>\n<p>&#8211; Longitud total: 9,5 cm<br \/>\n&#8211; Longitud Insertable: 7,6 cm<br \/>\n&#8211; Di\u00e1metro m\u00ednimo: 4,8 cm<br \/>\n&#8211; Di\u00e1metro m\u00e1ximo: 10 cm<br \/>\n&#8211; Incluye Bater\u00edas: S\u00ed 1x 23A y 2xLR1 AM5<br \/>\n&#8211; Material: TPR y pl\u00e1stico ABS<\/p>\n","protected":false},"excerpt":{"rendered":"<p>ASS ANCHOR &#8211; 10 SPEED &#8211; WIRELESS &#8211; ANAL PLUG Plug anal con una poderosa pulsaci\u00f3n y una vibraci\u00f3n emocionante.<\/p>\n","protected":false},"featured_media":45719,"comment_status":"open","ping_status":"open","template":"","meta":[],"product_cat":[853],"product_tag":[463,274],"class_list":["post-45718","product","type-product","status-publish","has-post-thumbnail","hentry","product_cat-dilatadores","product_tag-master-series","product_tag-xr-brands"],"bundled_by":[],"bundle_stock_status":"instock","bundle_stock_quantity":1,"bundle_virtual":false,"bundle_layout":"","bundle_add_to_cart_form_location":"","bundle_editable_in_cart":false,"bundle_sold_individually_context":"","bundle_item_grouping":"","bundle_min_size":"","bundle_max_size":"","bundled_items":[],"yoast_head":"<!-- This site is optimized with the Yoast SEO plugin v20.6 - https:\/\/yoast.com\/wordpress\/plugins\/seo\/ -->\n<title>PLUG ANAL 10 VELOCIDADES - Tienda Er\u00f3tica<\/title>\n<meta name=\"robots\" content=\"noindex, follow, max-snippet:-1, max-image-preview:large, max-video-preview:-1\" \/>\n<meta property=\"og:locale\" content=\"es_ES\" \/>\n<meta property=\"og:type\" content=\"article\" \/>\n<meta property=\"og:title\" content=\"PLUG ANAL 10 VELOCIDADES - Tienda Er\u00f3tica\" \/>\n<meta property=\"og:description\" content=\"ASS ANCHOR &#8211; 10 SPEED &#8211; WIRELESS &#8211; ANAL PLUG Plug anal con una poderosa pulsaci\u00f3n y una vibraci\u00f3n emocionante.\" \/>\n<meta property=\"og:url\" content=\"https:\/\/demoweb.info\/sexshop001\/producto\/plug-anal-10-velocidades\/\" \/>\n<meta property=\"og:site_name\" content=\"Tienda Er\u00f3tica\" \/>\n<meta property=\"article:modified_time\" content=\"2022-01-22T14:15:21+00:00\" \/>\n<meta property=\"og:image\" content=\"https:\/\/demoweb.info\/sexshop001\/wp-content\/uploads\/2022\/01\/PLUG-ANAL-10-VELOCIDADES.jpg\" \/>\n\t<meta property=\"og:image:width\" content=\"550\" \/>\n\t<meta property=\"og:image:height\" content=\"550\" \/>\n\t<meta property=\"og:image:type\" content=\"image\/jpeg\" \/>\n<meta name=\"twitter:card\" content=\"summary_large_image\" \/>\n<meta name=\"twitter:label1\" content=\"Tiempo de lectura\" \/>\n\t<meta name=\"twitter:data1\" content=\"1 minuto\" \/>\n<script type=\"application\/ld+json\" class=\"yoast-schema-graph\">{\"@context\":\"https:\/\/schema.org\",\"@graph\":[{\"@type\":\"WebPage\",\"@id\":\"https:\/\/demoweb.info\/sexshop001\/producto\/plug-anal-10-velocidades\/\",\"url\":\"https:\/\/demoweb.info\/sexshop001\/producto\/plug-anal-10-velocidades\/\",\"name\":\"PLUG ANAL 10 VELOCIDADES - Tienda Er\u00f3tica\",\"isPartOf\":{\"@id\":\"https:\/\/demoweb.info\/sexshop001\/#website\"},\"datePublished\":\"2022-01-22T14:15:08+00:00\",\"dateModified\":\"2022-01-22T14:15:21+00:00\",\"breadcrumb\":{\"@id\":\"https:\/\/demoweb.info\/sexshop001\/producto\/plug-anal-10-velocidades\/#breadcrumb\"},\"inLanguage\":\"es\",\"potentialAction\":[{\"@type\":\"ReadAction\",\"target\":[\"https:\/\/demoweb.info\/sexshop001\/producto\/plug-anal-10-velocidades\/\"]}]},{\"@type\":\"BreadcrumbList\",\"@id\":\"https:\/\/demoweb.info\/sexshop001\/producto\/plug-anal-10-velocidades\/#breadcrumb\",\"itemListElement\":[{\"@type\":\"ListItem\",\"position\":1,\"name\":\"Portada\",\"item\":\"https:\/\/demoweb.info\/sexshop001\/\"},{\"@type\":\"ListItem\",\"position\":2,\"name\":\"Tienda\",\"item\":\"https:\/\/demoweb.info\/sexshop001\/tienda\/\"},{\"@type\":\"ListItem\",\"position\":3,\"name\":\"PLUG ANAL 10 VELOCIDADES\"}]},{\"@type\":\"WebSite\",\"@id\":\"https:\/\/demoweb.info\/sexshop001\/#website\",\"url\":\"https:\/\/demoweb.info\/sexshop001\/\",\"name\":\"Tienda Er\u00f3tica\",\"description\":\"DEMOWEB SL\",\"potentialAction\":[{\"@type\":\"SearchAction\",\"target\":{\"@type\":\"EntryPoint\",\"urlTemplate\":\"https:\/\/demoweb.info\/sexshop001\/?s={search_term_string}\"},\"query-input\":\"required name=search_term_string\"}],\"inLanguage\":\"es\"}]}<\/script>\n<!-- \/ Yoast SEO plugin. -->","yoast_head_json":{"title":"PLUG ANAL 10 VELOCIDADES - Tienda Er\u00f3tica","robots":{"index":"noindex","follow":"follow","max-snippet":"max-snippet:-1","max-image-preview":"max-image-preview:large","max-video-preview":"max-video-preview:-1"},"og_locale":"es_ES","og_type":"article","og_title":"PLUG ANAL 10 VELOCIDADES - Tienda Er\u00f3tica","og_description":"ASS ANCHOR &#8211; 10 SPEED &#8211; WIRELESS &#8211; ANAL PLUG Plug anal con una poderosa pulsaci\u00f3n y una vibraci\u00f3n emocionante.","og_url":"https:\/\/demoweb.info\/sexshop001\/producto\/plug-anal-10-velocidades\/","og_site_name":"Tienda Er\u00f3tica","article_modified_time":"2022-01-22T14:15:21+00:00","og_image":[{"width":550,"height":550,"url":"https:\/\/demoweb.info\/sexshop001\/wp-content\/uploads\/2022\/01\/PLUG-ANAL-10-VELOCIDADES.jpg","type":"image\/jpeg"}],"twitter_card":"summary_large_image","twitter_misc":{"Tiempo de lectura":"1 minuto"},"schema":{"@context":"https:\/\/schema.org","@graph":[{"@type":"WebPage","@id":"https:\/\/demoweb.info\/sexshop001\/producto\/plug-anal-10-velocidades\/","url":"https:\/\/demoweb.info\/sexshop001\/producto\/plug-anal-10-velocidades\/","name":"PLUG ANAL 10 VELOCIDADES - Tienda Er\u00f3tica","isPartOf":{"@id":"https:\/\/demoweb.info\/sexshop001\/#website"},"datePublished":"2022-01-22T14:15:08+00:00","dateModified":"2022-01-22T14:15:21+00:00","breadcrumb":{"@id":"https:\/\/demoweb.info\/sexshop001\/producto\/plug-anal-10-velocidades\/#breadcrumb"},"inLanguage":"es","potentialAction":[{"@type":"ReadAction","target":["https:\/\/demoweb.info\/sexshop001\/producto\/plug-anal-10-velocidades\/"]}]},{"@type":"BreadcrumbList","@id":"https:\/\/demoweb.info\/sexshop001\/producto\/plug-anal-10-velocidades\/#breadcrumb","itemListElement":[{"@type":"ListItem","position":1,"name":"Portada","item":"https:\/\/demoweb.info\/sexshop001\/"},{"@type":"ListItem","position":2,"name":"Tienda","item":"https:\/\/demoweb.info\/sexshop001\/tienda\/"},{"@type":"ListItem","position":3,"name":"PLUG ANAL 10 VELOCIDADES"}]},{"@type":"WebSite","@id":"https:\/\/demoweb.info\/sexshop001\/#website","url":"https:\/\/demoweb.info\/sexshop001\/","name":"Tienda Er\u00f3tica","description":"DEMOWEB SL","potentialAction":[{"@type":"SearchAction","target":{"@type":"EntryPoint","urlTemplate":"https:\/\/demoweb.info\/sexshop001\/?s={search_term_string}"},"query-input":"required name=search_term_string"}],"inLanguage":"es"}]}},"_links":{"self":[{"href":"https:\/\/demoweb.info\/sexshop001\/wp-json\/wp\/v3\/product\/45718","targetHints":{"allow":["GET"]}}],"collection":[{"href":"https:\/\/demoweb.info\/sexshop001\/wp-json\/wp\/v3\/product"}],"about":[{"href":"https:\/\/demoweb.info\/sexshop001\/wp-json\/wp\/v2\/types\/product"}],"replies":[{"embeddable":true,"href":"https:\/\/demoweb.info\/sexshop001\/wp-json\/wp\/v2\/comments?post=45718"}],"wp:featuredmedia":[{"embeddable":true,"href":"https:\/\/demoweb.info\/sexshop001\/wp-json\/wp\/v2\/media\/45719"}],"wp:attachment":[{"href":"https:\/\/demoweb.info\/sexshop001\/wp-json\/wp\/v2\/media?parent=45718"}],"wp:term":[{"taxonomy":"product_cat","embeddable":true,"href":"https:\/\/demoweb.info\/sexshop001\/wp-json\/wp\/v2\/product_cat?post=45718"},{"taxonomy":"product_tag","embeddable":true,"href":"https:\/\/demoweb.info\/sexshop001\/wp-json\/wp\/v2\/product_tag?post=45718"}],"curies":[{"name":"wp","href":"https:\/\/api.w.org\/{rel}","templated":true}]}}