{"id":45692,"date":"2022-01-22T15:14:52","date_gmt":"2022-01-22T14:14:52","guid":{"rendered":"https:\/\/demoweb.info\/sexshop001\/producto\/cadence-penis-plug-silicona-vibrador\/"},"modified":"2022-01-22T15:15:05","modified_gmt":"2022-01-22T14:15:05","slug":"cadence-penis-plug-silicona-vibrador","status":"publish","type":"product","link":"https:\/\/demoweb.info\/sexshop001\/producto\/cadence-penis-plug-silicona-vibrador\/","title":{"rendered":"CADENCE PENIS PLUG SILICONA VIBRADOR"},"content":{"rendered":"<p><strong>CADENCE<\/strong><\/p>\n<p>Descubre el pulso y el ritmo de este plug de vibraci\u00f3n de alta calidad. Hecho de silicona de alta calidad para que se doble dentro del cuerpo. Esta pieza de gran potencia env\u00eda una fuerte vibraci\u00f3n a trav\u00e9s de la punta directamente en su pene. Basta con insertar el plug y activar la vibraci\u00f3n. <\/p>\n<p>Caracter\u00edsticas:<\/p>\n<p>&#8211; Longitud total: 5,24 cm<br \/>\n&#8211; Longitud Insertable: 6,35 cm<br \/>\n&#8211; Di\u00e1metro de la cabeza: 0,55 cm<br \/>\n&#8211; Di\u00e1metro del eje: 0,35 cm<br \/>\n&#8211; Material: Silicona<\/p>\n<p>Funciona con 5 pilas LR44 no incluidas.<\/p>\n","protected":false},"excerpt":{"rendered":"<p>CADENCE Descubre el pulso y el ritmo de este plug de vibraci\u00f3n de alta calidad. Hecho de silicona de alta<\/p>\n","protected":false},"featured_media":45693,"comment_status":"open","ping_status":"open","template":"","meta":[],"product_cat":[304],"product_tag":[463,274],"class_list":["post-45692","product","type-product","status-publish","has-post-thumbnail","hentry","product_cat-vibradores-penis-plug","product_tag-master-series","product_tag-xr-brands"],"bundled_by":[],"bundle_stock_status":"instock","bundle_stock_quantity":1,"bundle_virtual":false,"bundle_layout":"","bundle_add_to_cart_form_location":"","bundle_editable_in_cart":false,"bundle_sold_individually_context":"","bundle_item_grouping":"","bundle_min_size":"","bundle_max_size":"","bundled_items":[],"yoast_head":"<!-- This site is optimized with the Yoast SEO plugin v20.6 - https:\/\/yoast.com\/wordpress\/plugins\/seo\/ -->\n<title>CADENCE PENIS PLUG SILICONA VIBRADOR - Tienda Er\u00f3tica<\/title>\n<meta name=\"robots\" content=\"noindex, follow, max-snippet:-1, max-image-preview:large, max-video-preview:-1\" \/>\n<meta property=\"og:locale\" content=\"es_ES\" \/>\n<meta property=\"og:type\" content=\"article\" \/>\n<meta property=\"og:title\" content=\"CADENCE PENIS PLUG SILICONA VIBRADOR - Tienda Er\u00f3tica\" \/>\n<meta property=\"og:description\" content=\"CADENCE Descubre el pulso y el ritmo de este plug de vibraci\u00f3n de alta calidad. Hecho de silicona de alta\" \/>\n<meta property=\"og:url\" content=\"https:\/\/demoweb.info\/sexshop001\/producto\/cadence-penis-plug-silicona-vibrador\/\" \/>\n<meta property=\"og:site_name\" content=\"Tienda Er\u00f3tica\" \/>\n<meta property=\"article:modified_time\" content=\"2022-01-22T14:15:05+00:00\" \/>\n<meta property=\"og:image\" content=\"https:\/\/demoweb.info\/sexshop001\/wp-content\/uploads\/2022\/01\/CADENCE-PENIS-PLUG-SILICONA-VIBRADOR.jpg\" \/>\n\t<meta property=\"og:image:width\" content=\"550\" \/>\n\t<meta property=\"og:image:height\" content=\"550\" \/>\n\t<meta property=\"og:image:type\" content=\"image\/jpeg\" \/>\n<meta name=\"twitter:card\" content=\"summary_large_image\" \/>\n<script type=\"application\/ld+json\" class=\"yoast-schema-graph\">{\"@context\":\"https:\/\/schema.org\",\"@graph\":[{\"@type\":\"WebPage\",\"@id\":\"https:\/\/demoweb.info\/sexshop001\/producto\/cadence-penis-plug-silicona-vibrador\/\",\"url\":\"https:\/\/demoweb.info\/sexshop001\/producto\/cadence-penis-plug-silicona-vibrador\/\",\"name\":\"CADENCE PENIS PLUG SILICONA VIBRADOR - Tienda Er\u00f3tica\",\"isPartOf\":{\"@id\":\"https:\/\/demoweb.info\/sexshop001\/#website\"},\"datePublished\":\"2022-01-22T14:14:52+00:00\",\"dateModified\":\"2022-01-22T14:15:05+00:00\",\"breadcrumb\":{\"@id\":\"https:\/\/demoweb.info\/sexshop001\/producto\/cadence-penis-plug-silicona-vibrador\/#breadcrumb\"},\"inLanguage\":\"es\",\"potentialAction\":[{\"@type\":\"ReadAction\",\"target\":[\"https:\/\/demoweb.info\/sexshop001\/producto\/cadence-penis-plug-silicona-vibrador\/\"]}]},{\"@type\":\"BreadcrumbList\",\"@id\":\"https:\/\/demoweb.info\/sexshop001\/producto\/cadence-penis-plug-silicona-vibrador\/#breadcrumb\",\"itemListElement\":[{\"@type\":\"ListItem\",\"position\":1,\"name\":\"Portada\",\"item\":\"https:\/\/demoweb.info\/sexshop001\/\"},{\"@type\":\"ListItem\",\"position\":2,\"name\":\"Tienda\",\"item\":\"https:\/\/demoweb.info\/sexshop001\/tienda\/\"},{\"@type\":\"ListItem\",\"position\":3,\"name\":\"CADENCE PENIS PLUG SILICONA VIBRADOR\"}]},{\"@type\":\"WebSite\",\"@id\":\"https:\/\/demoweb.info\/sexshop001\/#website\",\"url\":\"https:\/\/demoweb.info\/sexshop001\/\",\"name\":\"Tienda Er\u00f3tica\",\"description\":\"DEMOWEB SL\",\"potentialAction\":[{\"@type\":\"SearchAction\",\"target\":{\"@type\":\"EntryPoint\",\"urlTemplate\":\"https:\/\/demoweb.info\/sexshop001\/?s={search_term_string}\"},\"query-input\":\"required name=search_term_string\"}],\"inLanguage\":\"es\"}]}<\/script>\n<!-- \/ Yoast SEO plugin. -->","yoast_head_json":{"title":"CADENCE PENIS PLUG SILICONA VIBRADOR - Tienda Er\u00f3tica","robots":{"index":"noindex","follow":"follow","max-snippet":"max-snippet:-1","max-image-preview":"max-image-preview:large","max-video-preview":"max-video-preview:-1"},"og_locale":"es_ES","og_type":"article","og_title":"CADENCE PENIS PLUG SILICONA VIBRADOR - Tienda Er\u00f3tica","og_description":"CADENCE Descubre el pulso y el ritmo de este plug de vibraci\u00f3n de alta calidad. Hecho de silicona de alta","og_url":"https:\/\/demoweb.info\/sexshop001\/producto\/cadence-penis-plug-silicona-vibrador\/","og_site_name":"Tienda Er\u00f3tica","article_modified_time":"2022-01-22T14:15:05+00:00","og_image":[{"width":550,"height":550,"url":"https:\/\/demoweb.info\/sexshop001\/wp-content\/uploads\/2022\/01\/CADENCE-PENIS-PLUG-SILICONA-VIBRADOR.jpg","type":"image\/jpeg"}],"twitter_card":"summary_large_image","schema":{"@context":"https:\/\/schema.org","@graph":[{"@type":"WebPage","@id":"https:\/\/demoweb.info\/sexshop001\/producto\/cadence-penis-plug-silicona-vibrador\/","url":"https:\/\/demoweb.info\/sexshop001\/producto\/cadence-penis-plug-silicona-vibrador\/","name":"CADENCE PENIS PLUG SILICONA VIBRADOR - Tienda Er\u00f3tica","isPartOf":{"@id":"https:\/\/demoweb.info\/sexshop001\/#website"},"datePublished":"2022-01-22T14:14:52+00:00","dateModified":"2022-01-22T14:15:05+00:00","breadcrumb":{"@id":"https:\/\/demoweb.info\/sexshop001\/producto\/cadence-penis-plug-silicona-vibrador\/#breadcrumb"},"inLanguage":"es","potentialAction":[{"@type":"ReadAction","target":["https:\/\/demoweb.info\/sexshop001\/producto\/cadence-penis-plug-silicona-vibrador\/"]}]},{"@type":"BreadcrumbList","@id":"https:\/\/demoweb.info\/sexshop001\/producto\/cadence-penis-plug-silicona-vibrador\/#breadcrumb","itemListElement":[{"@type":"ListItem","position":1,"name":"Portada","item":"https:\/\/demoweb.info\/sexshop001\/"},{"@type":"ListItem","position":2,"name":"Tienda","item":"https:\/\/demoweb.info\/sexshop001\/tienda\/"},{"@type":"ListItem","position":3,"name":"CADENCE PENIS PLUG SILICONA VIBRADOR"}]},{"@type":"WebSite","@id":"https:\/\/demoweb.info\/sexshop001\/#website","url":"https:\/\/demoweb.info\/sexshop001\/","name":"Tienda Er\u00f3tica","description":"DEMOWEB SL","potentialAction":[{"@type":"SearchAction","target":{"@type":"EntryPoint","urlTemplate":"https:\/\/demoweb.info\/sexshop001\/?s={search_term_string}"},"query-input":"required name=search_term_string"}],"inLanguage":"es"}]}},"_links":{"self":[{"href":"https:\/\/demoweb.info\/sexshop001\/wp-json\/wp\/v3\/product\/45692","targetHints":{"allow":["GET"]}}],"collection":[{"href":"https:\/\/demoweb.info\/sexshop001\/wp-json\/wp\/v3\/product"}],"about":[{"href":"https:\/\/demoweb.info\/sexshop001\/wp-json\/wp\/v2\/types\/product"}],"replies":[{"embeddable":true,"href":"https:\/\/demoweb.info\/sexshop001\/wp-json\/wp\/v2\/comments?post=45692"}],"wp:featuredmedia":[{"embeddable":true,"href":"https:\/\/demoweb.info\/sexshop001\/wp-json\/wp\/v2\/media\/45693"}],"wp:attachment":[{"href":"https:\/\/demoweb.info\/sexshop001\/wp-json\/wp\/v2\/media?parent=45692"}],"wp:term":[{"taxonomy":"product_cat","embeddable":true,"href":"https:\/\/demoweb.info\/sexshop001\/wp-json\/wp\/v2\/product_cat?post=45692"},{"taxonomy":"product_tag","embeddable":true,"href":"https:\/\/demoweb.info\/sexshop001\/wp-json\/wp\/v2\/product_tag?post=45692"}],"curies":[{"name":"wp","href":"https:\/\/api.w.org\/{rel}","templated":true}]}}