{"id":45660,"date":"2022-01-22T15:14:36","date_gmt":"2022-01-22T14:14:36","guid":{"rendered":"https:\/\/demoweb.info\/sexshop001\/producto\/anillo-para-el-pene-con-dildo-negro\/"},"modified":"2022-01-22T15:14:45","modified_gmt":"2022-01-22T14:14:45","slug":"anillo-para-el-pene-con-dildo-negro","status":"publish","type":"product","link":"https:\/\/demoweb.info\/sexshop001\/producto\/anillo-para-el-pene-con-dildo-negro\/","title":{"rendered":"ANILLO PARA EL PENE CON DILDO NEGRO"},"content":{"rendered":"<p><strong>DOUBLE FUN COCK RING<\/strong><\/p>\n<p>Duplica tu placer y disfruta con este anillo para el pene con dildo vibrador.<\/p>\n<p>Mientras que la penetras vaginalmente, este accesorio de cuentas va a ir a trabajar analmente, escariado a su vez que proporciona la vibraci\u00f3n emocionante. Gracias al material de silicona firme el dildo permanecer\u00e1 r\u00edgidao, mientras que proporciona un estiramiento suave para el m\u00e1ximo realce de la erecci\u00f3n.<\/p>\n<p>La punta es c\u00f3nica para una inserci\u00f3n c\u00f3moda, mientras que el eje de cuentas estimula con cada golpe. El bot\u00f3n de un solo toque en la base controla la bala vibradora, que se puede quitar para facilitar la limpieza. La silicona es libre de ftalatos y con un acabado mate de tacto suave. <\/p>\n<p>Caracter\u00edsticas:<br \/>\n&#8211; Longitud Total: 14,6 cm<br \/>\n&#8211; Longitud Insertable: 11,4 cm<br \/>\n&#8211; Di\u00e1metro: 3 cm<br \/>\n&#8211; Di\u00e1metro del Anillo (sin estirar): 4,2 cm<br \/>\n&#8211; Pilas: 1 x AAA (no incluidas)<br \/>\n&#8211; Material: Silicona y ABS<\/p>\n","protected":false},"excerpt":{"rendered":"<p>DOUBLE FUN COCK RING Duplica tu placer y disfruta con este anillo para el pene con dildo vibrador. Mientras que<\/p>\n","protected":false},"featured_media":45661,"comment_status":"open","ping_status":"open","template":"","meta":[],"product_cat":[438],"product_tag":[463,274],"class_list":["post-45660","product","type-product","status-publish","has-post-thumbnail","hentry","product_cat-con-vibrador-anillos","product_tag-master-series","product_tag-xr-brands"],"bundled_by":[],"bundle_stock_status":"outofstock","bundle_stock_quantity":0,"bundle_virtual":false,"bundle_layout":"","bundle_add_to_cart_form_location":"","bundle_editable_in_cart":false,"bundle_sold_individually_context":"","bundle_item_grouping":"","bundle_min_size":"","bundle_max_size":"","bundled_items":[],"yoast_head":"<!-- This site is optimized with the Yoast SEO plugin v20.6 - https:\/\/yoast.com\/wordpress\/plugins\/seo\/ -->\n<title>ANILLO PARA EL PENE CON DILDO NEGRO - Tienda Er\u00f3tica<\/title>\n<meta name=\"robots\" content=\"noindex, follow, max-snippet:-1, max-image-preview:large, max-video-preview:-1\" \/>\n<meta property=\"og:locale\" content=\"es_ES\" \/>\n<meta property=\"og:type\" content=\"article\" \/>\n<meta property=\"og:title\" content=\"ANILLO PARA EL PENE CON DILDO NEGRO - Tienda Er\u00f3tica\" \/>\n<meta property=\"og:description\" content=\"DOUBLE FUN COCK RING Duplica tu placer y disfruta con este anillo para el pene con dildo vibrador. Mientras que\" \/>\n<meta property=\"og:url\" content=\"https:\/\/demoweb.info\/sexshop001\/producto\/anillo-para-el-pene-con-dildo-negro\/\" \/>\n<meta property=\"og:site_name\" content=\"Tienda Er\u00f3tica\" \/>\n<meta property=\"article:modified_time\" content=\"2022-01-22T14:14:45+00:00\" \/>\n<meta property=\"og:image\" content=\"https:\/\/demoweb.info\/sexshop001\/wp-content\/uploads\/2022\/01\/ANILLO-PARA-EL-PENE-CON-DILDO-NEGRO.jpg\" \/>\n\t<meta property=\"og:image:width\" content=\"550\" \/>\n\t<meta property=\"og:image:height\" content=\"550\" \/>\n\t<meta property=\"og:image:type\" content=\"image\/jpeg\" \/>\n<meta name=\"twitter:card\" content=\"summary_large_image\" \/>\n<meta name=\"twitter:label1\" content=\"Tiempo de lectura\" \/>\n\t<meta name=\"twitter:data1\" content=\"1 minuto\" \/>\n<script type=\"application\/ld+json\" class=\"yoast-schema-graph\">{\"@context\":\"https:\/\/schema.org\",\"@graph\":[{\"@type\":\"WebPage\",\"@id\":\"https:\/\/demoweb.info\/sexshop001\/producto\/anillo-para-el-pene-con-dildo-negro\/\",\"url\":\"https:\/\/demoweb.info\/sexshop001\/producto\/anillo-para-el-pene-con-dildo-negro\/\",\"name\":\"ANILLO PARA EL PENE CON DILDO NEGRO - Tienda Er\u00f3tica\",\"isPartOf\":{\"@id\":\"https:\/\/demoweb.info\/sexshop001\/#website\"},\"datePublished\":\"2022-01-22T14:14:36+00:00\",\"dateModified\":\"2022-01-22T14:14:45+00:00\",\"breadcrumb\":{\"@id\":\"https:\/\/demoweb.info\/sexshop001\/producto\/anillo-para-el-pene-con-dildo-negro\/#breadcrumb\"},\"inLanguage\":\"es\",\"potentialAction\":[{\"@type\":\"ReadAction\",\"target\":[\"https:\/\/demoweb.info\/sexshop001\/producto\/anillo-para-el-pene-con-dildo-negro\/\"]}]},{\"@type\":\"BreadcrumbList\",\"@id\":\"https:\/\/demoweb.info\/sexshop001\/producto\/anillo-para-el-pene-con-dildo-negro\/#breadcrumb\",\"itemListElement\":[{\"@type\":\"ListItem\",\"position\":1,\"name\":\"Portada\",\"item\":\"https:\/\/demoweb.info\/sexshop001\/\"},{\"@type\":\"ListItem\",\"position\":2,\"name\":\"Tienda\",\"item\":\"https:\/\/demoweb.info\/sexshop001\/tienda\/\"},{\"@type\":\"ListItem\",\"position\":3,\"name\":\"ANILLO PARA EL PENE CON DILDO NEGRO\"}]},{\"@type\":\"WebSite\",\"@id\":\"https:\/\/demoweb.info\/sexshop001\/#website\",\"url\":\"https:\/\/demoweb.info\/sexshop001\/\",\"name\":\"Tienda Er\u00f3tica\",\"description\":\"DEMOWEB SL\",\"potentialAction\":[{\"@type\":\"SearchAction\",\"target\":{\"@type\":\"EntryPoint\",\"urlTemplate\":\"https:\/\/demoweb.info\/sexshop001\/?s={search_term_string}\"},\"query-input\":\"required name=search_term_string\"}],\"inLanguage\":\"es\"}]}<\/script>\n<!-- \/ Yoast SEO plugin. -->","yoast_head_json":{"title":"ANILLO PARA EL PENE CON DILDO NEGRO - Tienda Er\u00f3tica","robots":{"index":"noindex","follow":"follow","max-snippet":"max-snippet:-1","max-image-preview":"max-image-preview:large","max-video-preview":"max-video-preview:-1"},"og_locale":"es_ES","og_type":"article","og_title":"ANILLO PARA EL PENE CON DILDO NEGRO - Tienda Er\u00f3tica","og_description":"DOUBLE FUN COCK RING Duplica tu placer y disfruta con este anillo para el pene con dildo vibrador. Mientras que","og_url":"https:\/\/demoweb.info\/sexshop001\/producto\/anillo-para-el-pene-con-dildo-negro\/","og_site_name":"Tienda Er\u00f3tica","article_modified_time":"2022-01-22T14:14:45+00:00","og_image":[{"width":550,"height":550,"url":"https:\/\/demoweb.info\/sexshop001\/wp-content\/uploads\/2022\/01\/ANILLO-PARA-EL-PENE-CON-DILDO-NEGRO.jpg","type":"image\/jpeg"}],"twitter_card":"summary_large_image","twitter_misc":{"Tiempo de lectura":"1 minuto"},"schema":{"@context":"https:\/\/schema.org","@graph":[{"@type":"WebPage","@id":"https:\/\/demoweb.info\/sexshop001\/producto\/anillo-para-el-pene-con-dildo-negro\/","url":"https:\/\/demoweb.info\/sexshop001\/producto\/anillo-para-el-pene-con-dildo-negro\/","name":"ANILLO PARA EL PENE CON DILDO NEGRO - Tienda Er\u00f3tica","isPartOf":{"@id":"https:\/\/demoweb.info\/sexshop001\/#website"},"datePublished":"2022-01-22T14:14:36+00:00","dateModified":"2022-01-22T14:14:45+00:00","breadcrumb":{"@id":"https:\/\/demoweb.info\/sexshop001\/producto\/anillo-para-el-pene-con-dildo-negro\/#breadcrumb"},"inLanguage":"es","potentialAction":[{"@type":"ReadAction","target":["https:\/\/demoweb.info\/sexshop001\/producto\/anillo-para-el-pene-con-dildo-negro\/"]}]},{"@type":"BreadcrumbList","@id":"https:\/\/demoweb.info\/sexshop001\/producto\/anillo-para-el-pene-con-dildo-negro\/#breadcrumb","itemListElement":[{"@type":"ListItem","position":1,"name":"Portada","item":"https:\/\/demoweb.info\/sexshop001\/"},{"@type":"ListItem","position":2,"name":"Tienda","item":"https:\/\/demoweb.info\/sexshop001\/tienda\/"},{"@type":"ListItem","position":3,"name":"ANILLO PARA EL PENE CON DILDO NEGRO"}]},{"@type":"WebSite","@id":"https:\/\/demoweb.info\/sexshop001\/#website","url":"https:\/\/demoweb.info\/sexshop001\/","name":"Tienda Er\u00f3tica","description":"DEMOWEB SL","potentialAction":[{"@type":"SearchAction","target":{"@type":"EntryPoint","urlTemplate":"https:\/\/demoweb.info\/sexshop001\/?s={search_term_string}"},"query-input":"required name=search_term_string"}],"inLanguage":"es"}]}},"_links":{"self":[{"href":"https:\/\/demoweb.info\/sexshop001\/wp-json\/wp\/v3\/product\/45660","targetHints":{"allow":["GET"]}}],"collection":[{"href":"https:\/\/demoweb.info\/sexshop001\/wp-json\/wp\/v3\/product"}],"about":[{"href":"https:\/\/demoweb.info\/sexshop001\/wp-json\/wp\/v2\/types\/product"}],"replies":[{"embeddable":true,"href":"https:\/\/demoweb.info\/sexshop001\/wp-json\/wp\/v2\/comments?post=45660"}],"wp:featuredmedia":[{"embeddable":true,"href":"https:\/\/demoweb.info\/sexshop001\/wp-json\/wp\/v2\/media\/45661"}],"wp:attachment":[{"href":"https:\/\/demoweb.info\/sexshop001\/wp-json\/wp\/v2\/media?parent=45660"}],"wp:term":[{"taxonomy":"product_cat","embeddable":true,"href":"https:\/\/demoweb.info\/sexshop001\/wp-json\/wp\/v2\/product_cat?post=45660"},{"taxonomy":"product_tag","embeddable":true,"href":"https:\/\/demoweb.info\/sexshop001\/wp-json\/wp\/v2\/product_tag?post=45660"}],"curies":[{"name":"wp","href":"https:\/\/api.w.org\/{rel}","templated":true}]}}