{"id":45651,"date":"2022-01-22T15:14:36","date_gmt":"2022-01-22T14:14:36","guid":{"rendered":"https:\/\/demoweb.info\/sexshop001\/producto\/penile-aide-extensor-pene\/"},"modified":"2022-01-22T15:14:40","modified_gmt":"2022-01-22T14:14:40","slug":"penile-aide-extensor-pene","status":"publish","type":"product","link":"https:\/\/demoweb.info\/sexshop001\/producto\/penile-aide-extensor-pene\/","title":{"rendered":"PENILE AIDE EXTENSOR PENE"},"content":{"rendered":"<p><strong>PENILE AIDE<\/strong><\/p>\n<p>El <strong>Penile Aide<\/strong> es un extensor de longitud y circunferencia mediante el uso de la tracci\u00f3n, a partir de sus barras de acero de resorte, para ayudar a la capacidad natural del cuerpo para cambiar y desarrollarse bajo la influencia f\u00edsica.<\/p>\n<p>Gracias al estiramiento constante las c\u00e9lulas comenzar\u00e1n a dividirse y multiplicarse, aumentando as\u00ed la masa de tejido. Se trata de una t\u00e9cnica similar que las tribus africanas han estado utilizando durante a\u00f1os para estirar las orejas y los labios.<\/p>\n<p><u>Nota<\/u>: Las barras est\u00e1ndar dan una longitud superior de 13 cm. Si desea obtener m\u00e1s estiramiento, puede a\u00f1adir las barras de extensi\u00f3n que pueden estirar la longitud hasta 19 cm. Di\u00e1metro: 4 cm<\/p>\n<p><u><strong>Discreto<\/strong><\/u>: Este dispositivo se puede utilizar en cualquier momento del d\u00eda para diversos intervalos de tiempo. Ll\u00e9valo debajo de sus <em>boxers<\/em> durante el trabajo o cuando duermas por la noche. Es ligero, flexible y queda suelto sobre la parte interna del muslo y es lo suficientemente peque\u00f1o para caber en la palma de tu mano.<\/p>\n","protected":false},"excerpt":{"rendered":"<p>PENILE AIDE El Penile Aide es un extensor de longitud y circunferencia mediante el uso de la tracci\u00f3n, a partir<\/p>\n","protected":false},"featured_media":45652,"comment_status":"open","ping_status":"open","template":"","meta":[],"product_cat":[985],"product_tag":[789,274],"class_list":["post-45651","product","type-product","status-publish","has-post-thumbnail","hentry","product_cat-extensores","product_tag-size-matters","product_tag-xr-brands"],"bundled_by":[],"bundle_stock_status":"instock","bundle_stock_quantity":2,"bundle_virtual":false,"bundle_layout":"","bundle_add_to_cart_form_location":"","bundle_editable_in_cart":false,"bundle_sold_individually_context":"","bundle_item_grouping":"","bundle_min_size":"","bundle_max_size":"","bundled_items":[],"yoast_head":"<!-- This site is optimized with the Yoast SEO plugin v20.6 - https:\/\/yoast.com\/wordpress\/plugins\/seo\/ -->\n<title>PENILE AIDE EXTENSOR PENE - Tienda Er\u00f3tica<\/title>\n<meta name=\"robots\" content=\"noindex, follow, max-snippet:-1, max-image-preview:large, max-video-preview:-1\" \/>\n<meta property=\"og:locale\" content=\"es_ES\" \/>\n<meta property=\"og:type\" content=\"article\" \/>\n<meta property=\"og:title\" content=\"PENILE AIDE EXTENSOR PENE - Tienda Er\u00f3tica\" \/>\n<meta property=\"og:description\" content=\"PENILE AIDE El Penile Aide es un extensor de longitud y circunferencia mediante el uso de la tracci\u00f3n, a partir\" \/>\n<meta property=\"og:url\" content=\"https:\/\/demoweb.info\/sexshop001\/producto\/penile-aide-extensor-pene\/\" \/>\n<meta property=\"og:site_name\" content=\"Tienda Er\u00f3tica\" \/>\n<meta property=\"article:modified_time\" content=\"2022-01-22T14:14:40+00:00\" \/>\n<meta property=\"og:image\" content=\"https:\/\/demoweb.info\/sexshop001\/wp-content\/uploads\/2022\/01\/PENILE-AIDE-EXTENSOR-PENE.jpg\" \/>\n\t<meta property=\"og:image:width\" content=\"550\" \/>\n\t<meta property=\"og:image:height\" content=\"550\" \/>\n\t<meta property=\"og:image:type\" content=\"image\/jpeg\" \/>\n<meta name=\"twitter:card\" content=\"summary_large_image\" \/>\n<meta name=\"twitter:label1\" content=\"Tiempo de lectura\" \/>\n\t<meta name=\"twitter:data1\" content=\"1 minuto\" \/>\n<script type=\"application\/ld+json\" class=\"yoast-schema-graph\">{\"@context\":\"https:\/\/schema.org\",\"@graph\":[{\"@type\":\"WebPage\",\"@id\":\"https:\/\/demoweb.info\/sexshop001\/producto\/penile-aide-extensor-pene\/\",\"url\":\"https:\/\/demoweb.info\/sexshop001\/producto\/penile-aide-extensor-pene\/\",\"name\":\"PENILE AIDE EXTENSOR PENE - Tienda Er\u00f3tica\",\"isPartOf\":{\"@id\":\"https:\/\/demoweb.info\/sexshop001\/#website\"},\"datePublished\":\"2022-01-22T14:14:36+00:00\",\"dateModified\":\"2022-01-22T14:14:40+00:00\",\"breadcrumb\":{\"@id\":\"https:\/\/demoweb.info\/sexshop001\/producto\/penile-aide-extensor-pene\/#breadcrumb\"},\"inLanguage\":\"es\",\"potentialAction\":[{\"@type\":\"ReadAction\",\"target\":[\"https:\/\/demoweb.info\/sexshop001\/producto\/penile-aide-extensor-pene\/\"]}]},{\"@type\":\"BreadcrumbList\",\"@id\":\"https:\/\/demoweb.info\/sexshop001\/producto\/penile-aide-extensor-pene\/#breadcrumb\",\"itemListElement\":[{\"@type\":\"ListItem\",\"position\":1,\"name\":\"Portada\",\"item\":\"https:\/\/demoweb.info\/sexshop001\/\"},{\"@type\":\"ListItem\",\"position\":2,\"name\":\"Tienda\",\"item\":\"https:\/\/demoweb.info\/sexshop001\/tienda\/\"},{\"@type\":\"ListItem\",\"position\":3,\"name\":\"PENILE AIDE EXTENSOR PENE\"}]},{\"@type\":\"WebSite\",\"@id\":\"https:\/\/demoweb.info\/sexshop001\/#website\",\"url\":\"https:\/\/demoweb.info\/sexshop001\/\",\"name\":\"Tienda Er\u00f3tica\",\"description\":\"DEMOWEB SL\",\"potentialAction\":[{\"@type\":\"SearchAction\",\"target\":{\"@type\":\"EntryPoint\",\"urlTemplate\":\"https:\/\/demoweb.info\/sexshop001\/?s={search_term_string}\"},\"query-input\":\"required name=search_term_string\"}],\"inLanguage\":\"es\"}]}<\/script>\n<!-- \/ Yoast SEO plugin. -->","yoast_head_json":{"title":"PENILE AIDE EXTENSOR PENE - Tienda Er\u00f3tica","robots":{"index":"noindex","follow":"follow","max-snippet":"max-snippet:-1","max-image-preview":"max-image-preview:large","max-video-preview":"max-video-preview:-1"},"og_locale":"es_ES","og_type":"article","og_title":"PENILE AIDE EXTENSOR PENE - Tienda Er\u00f3tica","og_description":"PENILE AIDE El Penile Aide es un extensor de longitud y circunferencia mediante el uso de la tracci\u00f3n, a partir","og_url":"https:\/\/demoweb.info\/sexshop001\/producto\/penile-aide-extensor-pene\/","og_site_name":"Tienda Er\u00f3tica","article_modified_time":"2022-01-22T14:14:40+00:00","og_image":[{"width":550,"height":550,"url":"https:\/\/demoweb.info\/sexshop001\/wp-content\/uploads\/2022\/01\/PENILE-AIDE-EXTENSOR-PENE.jpg","type":"image\/jpeg"}],"twitter_card":"summary_large_image","twitter_misc":{"Tiempo de lectura":"1 minuto"},"schema":{"@context":"https:\/\/schema.org","@graph":[{"@type":"WebPage","@id":"https:\/\/demoweb.info\/sexshop001\/producto\/penile-aide-extensor-pene\/","url":"https:\/\/demoweb.info\/sexshop001\/producto\/penile-aide-extensor-pene\/","name":"PENILE AIDE EXTENSOR PENE - Tienda Er\u00f3tica","isPartOf":{"@id":"https:\/\/demoweb.info\/sexshop001\/#website"},"datePublished":"2022-01-22T14:14:36+00:00","dateModified":"2022-01-22T14:14:40+00:00","breadcrumb":{"@id":"https:\/\/demoweb.info\/sexshop001\/producto\/penile-aide-extensor-pene\/#breadcrumb"},"inLanguage":"es","potentialAction":[{"@type":"ReadAction","target":["https:\/\/demoweb.info\/sexshop001\/producto\/penile-aide-extensor-pene\/"]}]},{"@type":"BreadcrumbList","@id":"https:\/\/demoweb.info\/sexshop001\/producto\/penile-aide-extensor-pene\/#breadcrumb","itemListElement":[{"@type":"ListItem","position":1,"name":"Portada","item":"https:\/\/demoweb.info\/sexshop001\/"},{"@type":"ListItem","position":2,"name":"Tienda","item":"https:\/\/demoweb.info\/sexshop001\/tienda\/"},{"@type":"ListItem","position":3,"name":"PENILE AIDE EXTENSOR PENE"}]},{"@type":"WebSite","@id":"https:\/\/demoweb.info\/sexshop001\/#website","url":"https:\/\/demoweb.info\/sexshop001\/","name":"Tienda Er\u00f3tica","description":"DEMOWEB SL","potentialAction":[{"@type":"SearchAction","target":{"@type":"EntryPoint","urlTemplate":"https:\/\/demoweb.info\/sexshop001\/?s={search_term_string}"},"query-input":"required name=search_term_string"}],"inLanguage":"es"}]}},"_links":{"self":[{"href":"https:\/\/demoweb.info\/sexshop001\/wp-json\/wp\/v3\/product\/45651","targetHints":{"allow":["GET"]}}],"collection":[{"href":"https:\/\/demoweb.info\/sexshop001\/wp-json\/wp\/v3\/product"}],"about":[{"href":"https:\/\/demoweb.info\/sexshop001\/wp-json\/wp\/v2\/types\/product"}],"replies":[{"embeddable":true,"href":"https:\/\/demoweb.info\/sexshop001\/wp-json\/wp\/v2\/comments?post=45651"}],"wp:featuredmedia":[{"embeddable":true,"href":"https:\/\/demoweb.info\/sexshop001\/wp-json\/wp\/v2\/media\/45652"}],"wp:attachment":[{"href":"https:\/\/demoweb.info\/sexshop001\/wp-json\/wp\/v2\/media?parent=45651"}],"wp:term":[{"taxonomy":"product_cat","embeddable":true,"href":"https:\/\/demoweb.info\/sexshop001\/wp-json\/wp\/v2\/product_cat?post=45651"},{"taxonomy":"product_tag","embeddable":true,"href":"https:\/\/demoweb.info\/sexshop001\/wp-json\/wp\/v2\/product_tag?post=45651"}],"curies":[{"name":"wp","href":"https:\/\/api.w.org\/{rel}","templated":true}]}}