{"id":45613,"date":"2022-01-22T15:14:05","date_gmt":"2022-01-22T14:14:05","guid":{"rendered":"https:\/\/demoweb.info\/sexshop001\/producto\/bajo-el-calor-de-tu-piel\/"},"modified":"2022-01-22T15:14:17","modified_gmt":"2022-01-22T14:14:17","slug":"bajo-el-calor-de-tu-piel","status":"publish","type":"product","link":"https:\/\/demoweb.info\/sexshop001\/producto\/bajo-el-calor-de-tu-piel\/","title":{"rendered":"BAJO EL CALOR DE TU PIEL"},"content":{"rendered":"<p><strong>BAJO EL CALOR DE TU PIEL<\/strong><\/p>\n<p>Noelia Amarillo.<\/p>\n<p>Ning\u00fan pa\u00eds est\u00e1 tan lejos como para no visitarlo. Esa es la filosof\u00eda de Andr\u00e9s. Hace tres a\u00f1os huy\u00f3 de su casa, su familia y su pa\u00eds, y desde entonces recorre el mundo sin ning\u00fan plan excepto su propio antojo. Casi ha conseguido borrar de la memoria a quien no quiere recordar. Hasta que una ma\u00f1ana, tras una noche especialmente descontrolada, recibe una llamada que dar\u00e1 un giro radical a su vida y le obligar\u00e1 a volver a donde no quiere regresar. Su t\u00edo Caleb ha sufrido un accidente y no pinta nada bien.<br \/>\nAndr\u00e9s no tiene otro remedio que volver al pueblo que abandon\u00f3 sumido en el dolor y quedarse all\u00ed por un tiempo que se le antoja eterno. All\u00ed descubre que su mejor amigo de la infancia ha ocupado su lugar. Hace su trabajo, se ha convertido en la mano derecha de su t\u00edo y es el inseparable compa\u00f1ero de su exnovia, Paula.<br \/>\nY a Andr\u00e9s todo eso le parece maravilloso. Odia trabajar en el campo, y tampoco le importa mucho que Caleb solo tenga buenas palabras para su antiguo amigo (ese al que va a partir la cara en cuanto se cruce en su camino) &#8230;<\/p>\n<ul>\n<li>N&ordm; de p\u00e1ginas: 368 p\u00e1gs.<\/li>\n<li>Encuadernaci\u00f3n: Tapa blanda bolsillo<\/li>\n<\/ul>\n","protected":false},"excerpt":{"rendered":"<p>BAJO EL CALOR DE TU PIEL Noelia Amarillo. Ning\u00fan pa\u00eds est\u00e1 tan lejos como para no visitarlo. Esa es la<\/p>\n","protected":false},"featured_media":45614,"comment_status":"open","ping_status":"open","template":"","meta":[],"product_cat":[713],"product_tag":[415,1426],"class_list":["post-45613","product","type-product","status-publish","has-post-thumbnail","hentry","product_cat-libros-lectura","product_tag-random-house","product_tag-terciopelo-debolsillo"],"bundled_by":[],"bundle_stock_status":"instock","bundle_stock_quantity":1,"bundle_virtual":false,"bundle_layout":"","bundle_add_to_cart_form_location":"","bundle_editable_in_cart":false,"bundle_sold_individually_context":"","bundle_item_grouping":"","bundle_min_size":"","bundle_max_size":"","bundled_items":[],"yoast_head":"<!-- This site is optimized with the Yoast SEO plugin v20.6 - https:\/\/yoast.com\/wordpress\/plugins\/seo\/ -->\n<title>BAJO EL CALOR DE TU PIEL - Tienda Er\u00f3tica<\/title>\n<meta name=\"robots\" content=\"noindex, follow, max-snippet:-1, max-image-preview:large, max-video-preview:-1\" \/>\n<meta property=\"og:locale\" content=\"es_ES\" \/>\n<meta property=\"og:type\" content=\"article\" \/>\n<meta property=\"og:title\" content=\"BAJO EL CALOR DE TU PIEL - Tienda Er\u00f3tica\" \/>\n<meta property=\"og:description\" content=\"BAJO EL CALOR DE TU PIEL Noelia Amarillo. Ning\u00fan pa\u00eds est\u00e1 tan lejos como para no visitarlo. Esa es la\" \/>\n<meta property=\"og:url\" content=\"https:\/\/demoweb.info\/sexshop001\/producto\/bajo-el-calor-de-tu-piel\/\" \/>\n<meta property=\"og:site_name\" content=\"Tienda Er\u00f3tica\" \/>\n<meta property=\"article:modified_time\" content=\"2022-01-22T14:14:17+00:00\" \/>\n<meta property=\"og:image\" content=\"https:\/\/demoweb.info\/sexshop001\/wp-content\/uploads\/2022\/01\/BAJO-EL-CALOR-DE-TU-PIEL.jpg\" \/>\n\t<meta property=\"og:image:width\" content=\"550\" \/>\n\t<meta property=\"og:image:height\" content=\"550\" \/>\n\t<meta property=\"og:image:type\" content=\"image\/jpeg\" \/>\n<meta name=\"twitter:card\" content=\"summary_large_image\" \/>\n<meta name=\"twitter:label1\" content=\"Tiempo de lectura\" \/>\n\t<meta name=\"twitter:data1\" content=\"1 minuto\" \/>\n<script type=\"application\/ld+json\" class=\"yoast-schema-graph\">{\"@context\":\"https:\/\/schema.org\",\"@graph\":[{\"@type\":\"WebPage\",\"@id\":\"https:\/\/demoweb.info\/sexshop001\/producto\/bajo-el-calor-de-tu-piel\/\",\"url\":\"https:\/\/demoweb.info\/sexshop001\/producto\/bajo-el-calor-de-tu-piel\/\",\"name\":\"BAJO EL CALOR DE TU PIEL - Tienda Er\u00f3tica\",\"isPartOf\":{\"@id\":\"https:\/\/demoweb.info\/sexshop001\/#website\"},\"datePublished\":\"2022-01-22T14:14:05+00:00\",\"dateModified\":\"2022-01-22T14:14:17+00:00\",\"breadcrumb\":{\"@id\":\"https:\/\/demoweb.info\/sexshop001\/producto\/bajo-el-calor-de-tu-piel\/#breadcrumb\"},\"inLanguage\":\"es\",\"potentialAction\":[{\"@type\":\"ReadAction\",\"target\":[\"https:\/\/demoweb.info\/sexshop001\/producto\/bajo-el-calor-de-tu-piel\/\"]}]},{\"@type\":\"BreadcrumbList\",\"@id\":\"https:\/\/demoweb.info\/sexshop001\/producto\/bajo-el-calor-de-tu-piel\/#breadcrumb\",\"itemListElement\":[{\"@type\":\"ListItem\",\"position\":1,\"name\":\"Portada\",\"item\":\"https:\/\/demoweb.info\/sexshop001\/\"},{\"@type\":\"ListItem\",\"position\":2,\"name\":\"Tienda\",\"item\":\"https:\/\/demoweb.info\/sexshop001\/tienda\/\"},{\"@type\":\"ListItem\",\"position\":3,\"name\":\"BAJO EL CALOR DE TU PIEL\"}]},{\"@type\":\"WebSite\",\"@id\":\"https:\/\/demoweb.info\/sexshop001\/#website\",\"url\":\"https:\/\/demoweb.info\/sexshop001\/\",\"name\":\"Tienda Er\u00f3tica\",\"description\":\"DEMOWEB SL\",\"potentialAction\":[{\"@type\":\"SearchAction\",\"target\":{\"@type\":\"EntryPoint\",\"urlTemplate\":\"https:\/\/demoweb.info\/sexshop001\/?s={search_term_string}\"},\"query-input\":\"required name=search_term_string\"}],\"inLanguage\":\"es\"}]}<\/script>\n<!-- \/ Yoast SEO plugin. -->","yoast_head_json":{"title":"BAJO EL CALOR DE TU PIEL - Tienda Er\u00f3tica","robots":{"index":"noindex","follow":"follow","max-snippet":"max-snippet:-1","max-image-preview":"max-image-preview:large","max-video-preview":"max-video-preview:-1"},"og_locale":"es_ES","og_type":"article","og_title":"BAJO EL CALOR DE TU PIEL - Tienda Er\u00f3tica","og_description":"BAJO EL CALOR DE TU PIEL Noelia Amarillo. Ning\u00fan pa\u00eds est\u00e1 tan lejos como para no visitarlo. Esa es la","og_url":"https:\/\/demoweb.info\/sexshop001\/producto\/bajo-el-calor-de-tu-piel\/","og_site_name":"Tienda Er\u00f3tica","article_modified_time":"2022-01-22T14:14:17+00:00","og_image":[{"width":550,"height":550,"url":"https:\/\/demoweb.info\/sexshop001\/wp-content\/uploads\/2022\/01\/BAJO-EL-CALOR-DE-TU-PIEL.jpg","type":"image\/jpeg"}],"twitter_card":"summary_large_image","twitter_misc":{"Tiempo de lectura":"1 minuto"},"schema":{"@context":"https:\/\/schema.org","@graph":[{"@type":"WebPage","@id":"https:\/\/demoweb.info\/sexshop001\/producto\/bajo-el-calor-de-tu-piel\/","url":"https:\/\/demoweb.info\/sexshop001\/producto\/bajo-el-calor-de-tu-piel\/","name":"BAJO EL CALOR DE TU PIEL - Tienda Er\u00f3tica","isPartOf":{"@id":"https:\/\/demoweb.info\/sexshop001\/#website"},"datePublished":"2022-01-22T14:14:05+00:00","dateModified":"2022-01-22T14:14:17+00:00","breadcrumb":{"@id":"https:\/\/demoweb.info\/sexshop001\/producto\/bajo-el-calor-de-tu-piel\/#breadcrumb"},"inLanguage":"es","potentialAction":[{"@type":"ReadAction","target":["https:\/\/demoweb.info\/sexshop001\/producto\/bajo-el-calor-de-tu-piel\/"]}]},{"@type":"BreadcrumbList","@id":"https:\/\/demoweb.info\/sexshop001\/producto\/bajo-el-calor-de-tu-piel\/#breadcrumb","itemListElement":[{"@type":"ListItem","position":1,"name":"Portada","item":"https:\/\/demoweb.info\/sexshop001\/"},{"@type":"ListItem","position":2,"name":"Tienda","item":"https:\/\/demoweb.info\/sexshop001\/tienda\/"},{"@type":"ListItem","position":3,"name":"BAJO EL CALOR DE TU PIEL"}]},{"@type":"WebSite","@id":"https:\/\/demoweb.info\/sexshop001\/#website","url":"https:\/\/demoweb.info\/sexshop001\/","name":"Tienda Er\u00f3tica","description":"DEMOWEB SL","potentialAction":[{"@type":"SearchAction","target":{"@type":"EntryPoint","urlTemplate":"https:\/\/demoweb.info\/sexshop001\/?s={search_term_string}"},"query-input":"required name=search_term_string"}],"inLanguage":"es"}]}},"_links":{"self":[{"href":"https:\/\/demoweb.info\/sexshop001\/wp-json\/wp\/v3\/product\/45613","targetHints":{"allow":["GET"]}}],"collection":[{"href":"https:\/\/demoweb.info\/sexshop001\/wp-json\/wp\/v3\/product"}],"about":[{"href":"https:\/\/demoweb.info\/sexshop001\/wp-json\/wp\/v2\/types\/product"}],"replies":[{"embeddable":true,"href":"https:\/\/demoweb.info\/sexshop001\/wp-json\/wp\/v2\/comments?post=45613"}],"wp:featuredmedia":[{"embeddable":true,"href":"https:\/\/demoweb.info\/sexshop001\/wp-json\/wp\/v2\/media\/45614"}],"wp:attachment":[{"href":"https:\/\/demoweb.info\/sexshop001\/wp-json\/wp\/v2\/media?parent=45613"}],"wp:term":[{"taxonomy":"product_cat","embeddable":true,"href":"https:\/\/demoweb.info\/sexshop001\/wp-json\/wp\/v2\/product_cat?post=45613"},{"taxonomy":"product_tag","embeddable":true,"href":"https:\/\/demoweb.info\/sexshop001\/wp-json\/wp\/v2\/product_tag?post=45613"}],"curies":[{"name":"wp","href":"https:\/\/api.w.org\/{rel}","templated":true}]}}