{"id":45586,"date":"2022-01-22T15:13:49","date_gmt":"2022-01-22T14:13:49","guid":{"rendered":"https:\/\/demoweb.info\/sexshop001\/producto\/masturbador-realistico-twerkbutt-deluxe-con-gafas-realidad-virtual\/"},"modified":"2022-01-22T15:13:59","modified_gmt":"2022-01-22T14:13:59","slug":"masturbador-realistico-twerkbutt-deluxe-con-gafas-realidad-virtual","status":"publish","type":"product","link":"https:\/\/demoweb.info\/sexshop001\/producto\/masturbador-realistico-twerkbutt-deluxe-con-gafas-realidad-virtual\/","title":{"rendered":"MASTURBADOR REAL\u00cdSTICO TWERKBUTT DELUXE CON GAFAS REALIDAD VIRTUAL"},"content":{"rendered":"<p><strong>TWERKBUTT DELUXE<\/strong><\/p>\n<p><strong>TwerkingButt Deluxe<\/strong> cuenta con la tecnolog\u00eda patentada Twerking junto con varias otras funciones, permitiendo una experiencia lo m\u00e1s realista posible. Tendr\u00e1 el <strong>TwerkingButt Deluxe <\/strong>con la tecnolog\u00eda Twerking, la incre\u00edble textura Cyberskin + <u><strong>las gafas de realidad virtual<\/strong>,<\/u> junto con el resto de los accesorios.<\/p>\n<p><strong>\u00bfQu\u00e9 incluye?<\/strong><br \/>\n&#8211; <strong>TwerkingButt Deluxe<\/strong><strong> <\/strong>con la tecnolog\u00eda Twerking;<br \/>\n&#8211; Las gafas de Cyberskin + VR (puede diferir del video\/tel\u00e9fono no incluido);<br \/>\n&#8211; Polvo Cyberskin Renew y el lubricante a base de agua Cyberskin gratis;<br \/>\n&#8211; Cable y adaptador de corriente;<br \/>\n&#8211; Adaptador;<br \/>\n&#8211; Enema para limpiar el masturbador con agua;<br \/>\n&#8211; Bolsa para guardar el masturbador.<\/p>\n<p><strong>Caracter\u00edsticas: <\/strong>\u00a1Twek it! Imagina un dispositivo atractivo tan avanzado en tecnolog\u00eda, que le permitir\u00e1 probar lo \u00faltimo en pasi\u00f3n virtual, pro con movimientos tan reales que tendr\u00e1 que comprobar con sus propios ojos y sin duda con otros sentidos tambi\u00e9n.<br \/>\n\u00a1Siente el calor! No es exagerado decir que el masturbador <strong>TwerkingButt <\/strong>parece real. Su temperatura alcanza los 36&ordm;, atenuando la l\u00ednea entre fantas\u00eda y realidad.<br \/>\nEl <strong>TwerkingButt<\/strong> incluye una amplia gama de efectos que crean una experiencia irresistible. Descargue su m\u00fasica favorita, disfrute de diversos ritmos er\u00f3ticos, aproveche cada momento de placer y deje fluir su imaginaci\u00f3n. Esto masturbador incluye varias definiciones de masaje y vibraci\u00f3n para hacer con que cada momento sea a\u00fan m\u00e1s arrebatador! Utilice el mando incluido para controlar los diferentes modos de vibraci\u00f3n o descargue la aplicaci\u00f3n.<\/p>\n<p><strong>Recomendaciones:<\/strong><br \/>\n&#8211; Lavar el juguete CyberSkin despu\u00e9s de cada uso, con agua y jab\u00f3n l\u00edquido antibacteriano.<br \/>\n&#8211; Secar con una toalla de algod\u00f3n suave y dejar secar completamente al aire.<br \/>\n&#8211; Para guardar correctamente su producto CyberSkin, aplicar generosamente el CyberSkin para restaurar su suavidad original de su textura no-pegajosa.<br \/>\n&#8211; Separar los juguetes CyberSkin de otros juguetes, cuando no estuvieren en uso.<\/p>\n<p><strong>Precauciones:<\/strong><br \/>\n&#8211; No utilizar aceite mineral o productos a base de aceite como lubricante. Pueden causar el deterioro del CyberSkin.<br \/>\n&#8211; Los lubricantes de base acuosa son los ideales. Si utilizar cualquier otro lubricante, limpiar el juguete inmediatamente despu\u00e9s del uso para prevenir su deterioro.<br \/>\n&#8211; A\u00f1adir CyberSkin Renew para prolongar la durabilidad del juguete.<\/p>\n<p><strong>Dimensiones:<\/strong><br \/>\n35 cm de largo; di\u00e1metro expandible.<\/p>\n","protected":false},"excerpt":{"rendered":"<p>TWERKBUTT DELUXE TwerkingButt Deluxe cuenta con la tecnolog\u00eda patentada Twerking junto con varias otras funciones, permitiendo una experiencia lo m\u00e1s<\/p>\n","protected":false},"featured_media":45587,"comment_status":"open","ping_status":"open","template":"","meta":[],"product_cat":[560],"product_tag":[932],"class_list":["post-45586","product","type-product","status-publish","has-post-thumbnail","hentry","product_cat-vaginas-y-anos","product_tag-topco-sales"],"bundled_by":[],"bundle_stock_status":"instock","bundle_stock_quantity":2,"bundle_virtual":false,"bundle_layout":"","bundle_add_to_cart_form_location":"","bundle_editable_in_cart":false,"bundle_sold_individually_context":"","bundle_item_grouping":"","bundle_min_size":"","bundle_max_size":"","bundled_items":[],"yoast_head":"<!-- This site is optimized with the Yoast SEO plugin v20.6 - https:\/\/yoast.com\/wordpress\/plugins\/seo\/ -->\n<title>MASTURBADOR REAL\u00cdSTICO TWERKBUTT DELUXE CON GAFAS REALIDAD VIRTUAL - Tienda Er\u00f3tica<\/title>\n<meta name=\"robots\" content=\"noindex, follow, max-snippet:-1, max-image-preview:large, max-video-preview:-1\" \/>\n<meta property=\"og:locale\" content=\"es_ES\" \/>\n<meta property=\"og:type\" content=\"article\" \/>\n<meta property=\"og:title\" content=\"MASTURBADOR REAL\u00cdSTICO TWERKBUTT DELUXE CON GAFAS REALIDAD VIRTUAL - Tienda Er\u00f3tica\" \/>\n<meta property=\"og:description\" content=\"TWERKBUTT DELUXE TwerkingButt Deluxe cuenta con la tecnolog\u00eda patentada Twerking junto con varias otras funciones, permitiendo una experiencia lo m\u00e1s\" \/>\n<meta property=\"og:url\" content=\"https:\/\/demoweb.info\/sexshop001\/producto\/masturbador-realistico-twerkbutt-deluxe-con-gafas-realidad-virtual\/\" \/>\n<meta property=\"og:site_name\" content=\"Tienda Er\u00f3tica\" \/>\n<meta property=\"article:modified_time\" content=\"2022-01-22T14:13:59+00:00\" \/>\n<meta property=\"og:image\" content=\"https:\/\/demoweb.info\/sexshop001\/wp-content\/uploads\/2022\/01\/MASTURBADOR-REALISTICO-TWERKBUTT-DELUXE-CON-GAFAS-REALIDAD-VIRTUAL.jpg\" \/>\n\t<meta property=\"og:image:width\" content=\"550\" \/>\n\t<meta property=\"og:image:height\" content=\"550\" \/>\n\t<meta property=\"og:image:type\" content=\"image\/jpeg\" \/>\n<meta name=\"twitter:card\" content=\"summary_large_image\" \/>\n<meta name=\"twitter:label1\" content=\"Tiempo de lectura\" \/>\n\t<meta name=\"twitter:data1\" content=\"2 minutos\" \/>\n<script type=\"application\/ld+json\" class=\"yoast-schema-graph\">{\"@context\":\"https:\/\/schema.org\",\"@graph\":[{\"@type\":\"WebPage\",\"@id\":\"https:\/\/demoweb.info\/sexshop001\/producto\/masturbador-realistico-twerkbutt-deluxe-con-gafas-realidad-virtual\/\",\"url\":\"https:\/\/demoweb.info\/sexshop001\/producto\/masturbador-realistico-twerkbutt-deluxe-con-gafas-realidad-virtual\/\",\"name\":\"MASTURBADOR REAL\u00cdSTICO TWERKBUTT DELUXE CON GAFAS REALIDAD VIRTUAL - Tienda Er\u00f3tica\",\"isPartOf\":{\"@id\":\"https:\/\/demoweb.info\/sexshop001\/#website\"},\"datePublished\":\"2022-01-22T14:13:49+00:00\",\"dateModified\":\"2022-01-22T14:13:59+00:00\",\"breadcrumb\":{\"@id\":\"https:\/\/demoweb.info\/sexshop001\/producto\/masturbador-realistico-twerkbutt-deluxe-con-gafas-realidad-virtual\/#breadcrumb\"},\"inLanguage\":\"es\",\"potentialAction\":[{\"@type\":\"ReadAction\",\"target\":[\"https:\/\/demoweb.info\/sexshop001\/producto\/masturbador-realistico-twerkbutt-deluxe-con-gafas-realidad-virtual\/\"]}]},{\"@type\":\"BreadcrumbList\",\"@id\":\"https:\/\/demoweb.info\/sexshop001\/producto\/masturbador-realistico-twerkbutt-deluxe-con-gafas-realidad-virtual\/#breadcrumb\",\"itemListElement\":[{\"@type\":\"ListItem\",\"position\":1,\"name\":\"Portada\",\"item\":\"https:\/\/demoweb.info\/sexshop001\/\"},{\"@type\":\"ListItem\",\"position\":2,\"name\":\"Tienda\",\"item\":\"https:\/\/demoweb.info\/sexshop001\/tienda\/\"},{\"@type\":\"ListItem\",\"position\":3,\"name\":\"MASTURBADOR REAL\u00cdSTICO TWERKBUTT DELUXE CON GAFAS REALIDAD VIRTUAL\"}]},{\"@type\":\"WebSite\",\"@id\":\"https:\/\/demoweb.info\/sexshop001\/#website\",\"url\":\"https:\/\/demoweb.info\/sexshop001\/\",\"name\":\"Tienda Er\u00f3tica\",\"description\":\"DEMOWEB SL\",\"potentialAction\":[{\"@type\":\"SearchAction\",\"target\":{\"@type\":\"EntryPoint\",\"urlTemplate\":\"https:\/\/demoweb.info\/sexshop001\/?s={search_term_string}\"},\"query-input\":\"required name=search_term_string\"}],\"inLanguage\":\"es\"}]}<\/script>\n<!-- \/ Yoast SEO plugin. -->","yoast_head_json":{"title":"MASTURBADOR REAL\u00cdSTICO TWERKBUTT DELUXE CON GAFAS REALIDAD VIRTUAL - Tienda Er\u00f3tica","robots":{"index":"noindex","follow":"follow","max-snippet":"max-snippet:-1","max-image-preview":"max-image-preview:large","max-video-preview":"max-video-preview:-1"},"og_locale":"es_ES","og_type":"article","og_title":"MASTURBADOR REAL\u00cdSTICO TWERKBUTT DELUXE CON GAFAS REALIDAD VIRTUAL - Tienda Er\u00f3tica","og_description":"TWERKBUTT DELUXE TwerkingButt Deluxe cuenta con la tecnolog\u00eda patentada Twerking junto con varias otras funciones, permitiendo una experiencia lo m\u00e1s","og_url":"https:\/\/demoweb.info\/sexshop001\/producto\/masturbador-realistico-twerkbutt-deluxe-con-gafas-realidad-virtual\/","og_site_name":"Tienda Er\u00f3tica","article_modified_time":"2022-01-22T14:13:59+00:00","og_image":[{"width":550,"height":550,"url":"https:\/\/demoweb.info\/sexshop001\/wp-content\/uploads\/2022\/01\/MASTURBADOR-REALISTICO-TWERKBUTT-DELUXE-CON-GAFAS-REALIDAD-VIRTUAL.jpg","type":"image\/jpeg"}],"twitter_card":"summary_large_image","twitter_misc":{"Tiempo de lectura":"2 minutos"},"schema":{"@context":"https:\/\/schema.org","@graph":[{"@type":"WebPage","@id":"https:\/\/demoweb.info\/sexshop001\/producto\/masturbador-realistico-twerkbutt-deluxe-con-gafas-realidad-virtual\/","url":"https:\/\/demoweb.info\/sexshop001\/producto\/masturbador-realistico-twerkbutt-deluxe-con-gafas-realidad-virtual\/","name":"MASTURBADOR REAL\u00cdSTICO TWERKBUTT DELUXE CON GAFAS REALIDAD VIRTUAL - Tienda Er\u00f3tica","isPartOf":{"@id":"https:\/\/demoweb.info\/sexshop001\/#website"},"datePublished":"2022-01-22T14:13:49+00:00","dateModified":"2022-01-22T14:13:59+00:00","breadcrumb":{"@id":"https:\/\/demoweb.info\/sexshop001\/producto\/masturbador-realistico-twerkbutt-deluxe-con-gafas-realidad-virtual\/#breadcrumb"},"inLanguage":"es","potentialAction":[{"@type":"ReadAction","target":["https:\/\/demoweb.info\/sexshop001\/producto\/masturbador-realistico-twerkbutt-deluxe-con-gafas-realidad-virtual\/"]}]},{"@type":"BreadcrumbList","@id":"https:\/\/demoweb.info\/sexshop001\/producto\/masturbador-realistico-twerkbutt-deluxe-con-gafas-realidad-virtual\/#breadcrumb","itemListElement":[{"@type":"ListItem","position":1,"name":"Portada","item":"https:\/\/demoweb.info\/sexshop001\/"},{"@type":"ListItem","position":2,"name":"Tienda","item":"https:\/\/demoweb.info\/sexshop001\/tienda\/"},{"@type":"ListItem","position":3,"name":"MASTURBADOR REAL\u00cdSTICO TWERKBUTT DELUXE CON GAFAS REALIDAD VIRTUAL"}]},{"@type":"WebSite","@id":"https:\/\/demoweb.info\/sexshop001\/#website","url":"https:\/\/demoweb.info\/sexshop001\/","name":"Tienda Er\u00f3tica","description":"DEMOWEB SL","potentialAction":[{"@type":"SearchAction","target":{"@type":"EntryPoint","urlTemplate":"https:\/\/demoweb.info\/sexshop001\/?s={search_term_string}"},"query-input":"required name=search_term_string"}],"inLanguage":"es"}]}},"_links":{"self":[{"href":"https:\/\/demoweb.info\/sexshop001\/wp-json\/wp\/v3\/product\/45586","targetHints":{"allow":["GET"]}}],"collection":[{"href":"https:\/\/demoweb.info\/sexshop001\/wp-json\/wp\/v3\/product"}],"about":[{"href":"https:\/\/demoweb.info\/sexshop001\/wp-json\/wp\/v2\/types\/product"}],"replies":[{"embeddable":true,"href":"https:\/\/demoweb.info\/sexshop001\/wp-json\/wp\/v2\/comments?post=45586"}],"wp:featuredmedia":[{"embeddable":true,"href":"https:\/\/demoweb.info\/sexshop001\/wp-json\/wp\/v2\/media\/45587"}],"wp:attachment":[{"href":"https:\/\/demoweb.info\/sexshop001\/wp-json\/wp\/v2\/media?parent=45586"}],"wp:term":[{"taxonomy":"product_cat","embeddable":true,"href":"https:\/\/demoweb.info\/sexshop001\/wp-json\/wp\/v2\/product_cat?post=45586"},{"taxonomy":"product_tag","embeddable":true,"href":"https:\/\/demoweb.info\/sexshop001\/wp-json\/wp\/v2\/product_tag?post=45586"}],"curies":[{"name":"wp","href":"https:\/\/api.w.org\/{rel}","templated":true}]}}