{"id":45568,"date":"2022-01-22T15:13:49","date_gmt":"2022-01-22T14:13:49","guid":{"rendered":"https:\/\/demoweb.info\/sexshop001\/producto\/tenga-air-tech-reusable-vacuum-cup-ultra\/"},"modified":"2022-01-22T15:13:49","modified_gmt":"2022-01-22T14:13:49","slug":"tenga-air-tech-reusable-vacuum-cup-ultra","status":"publish","type":"product","link":"https:\/\/demoweb.info\/sexshop001\/producto\/tenga-air-tech-reusable-vacuum-cup-ultra\/","title":{"rendered":"TENGA AIR-TECH REUSABLE VACUUM CUP ULTRA"},"content":{"rendered":"<p><strong>TENGA AIR-TECH &#8211; REUSABLE VACUUM CUP &#8211; ULTRA<\/strong><\/p>\n<p>\u00a1Experimenta una succi\u00f3n nunca antes vista con AIR-TECH! El Reusable Vacuum CUP no solo es compatible con el nuevo Vacuum Controller de TENGA, \u00a1tambi\u00e9n se ha dise\u00f1ado para ofrecer una excepcional sensaci\u00f3n de succi\u00f3n por s\u00ed solo!<\/p>\n<p>1,2 veces m\u00e1s grande que sus hermanos de tama\u00f1o est\u00e1ndar, el tama\u00f1o Ultra es perfecto para los hombres m\u00e1s grandes.<br \/>\nEl Air-Tech &#8211; con ventosa reutilizable &#8211; Ultra tiene protuberancias m\u00e1s pronunciadas.<\/p>\n<p>Esto se debe a su nueva estructura interna y al anillo de sujeci\u00f3n del manguito.<\/p>\n<p>Ahora, los usuarios del Vacuum Controller de TENGA pueden disfrutar de un producto reutilizable. Y quienes no dispongan de \u00e9l, \u00a1tampoco se perder\u00e1n estas nuevas y fant\u00e1sticas sensaciones!<\/p>\n<p><u>Tama\u00f1o de inserci\u00f3n:<\/u><\/p>\n<ul>\n<li>Profundidad de inserci\u00f3n: Aprox. 18,1 cm<\/li>\n<li>Anchura de inserci\u00f3n: Aprox. 8 cm<\/li>\n<li>Carcasa r\u00edgida (no extensible)<\/li>\n<\/ul>\n","protected":false},"excerpt":{"rendered":"<p>TENGA AIR-TECH &#8211; REUSABLE VACUUM CUP &#8211; ULTRA \u00a1Experimenta una succi\u00f3n nunca antes vista con AIR-TECH! El Reusable Vacuum CUP<\/p>\n","protected":false},"featured_media":45569,"comment_status":"open","ping_status":"open","template":"","meta":[],"product_cat":[542],"product_tag":[911,584],"class_list":["post-45568","product","type-product","status-publish","has-post-thumbnail","hentry","product_cat-clasicos","product_tag-air-tech","product_tag-tenga"],"bundled_by":[],"bundle_stock_status":"instock","bundle_stock_quantity":1,"bundle_virtual":false,"bundle_layout":"","bundle_add_to_cart_form_location":"","bundle_editable_in_cart":false,"bundle_sold_individually_context":"","bundle_item_grouping":"","bundle_min_size":"","bundle_max_size":"","bundled_items":[],"yoast_head":"<!-- This site is optimized with the Yoast SEO plugin v20.6 - https:\/\/yoast.com\/wordpress\/plugins\/seo\/ -->\n<title>TENGA AIR-TECH REUSABLE VACUUM CUP ULTRA - Tienda Er\u00f3tica<\/title>\n<meta name=\"robots\" content=\"noindex, follow, max-snippet:-1, max-image-preview:large, max-video-preview:-1\" \/>\n<meta property=\"og:locale\" content=\"es_ES\" \/>\n<meta property=\"og:type\" content=\"article\" \/>\n<meta property=\"og:title\" content=\"TENGA AIR-TECH REUSABLE VACUUM CUP ULTRA - Tienda Er\u00f3tica\" \/>\n<meta property=\"og:description\" content=\"TENGA AIR-TECH &#8211; REUSABLE VACUUM CUP &#8211; ULTRA \u00a1Experimenta una succi\u00f3n nunca antes vista con AIR-TECH! El Reusable Vacuum CUP\" \/>\n<meta property=\"og:url\" content=\"https:\/\/demoweb.info\/sexshop001\/producto\/tenga-air-tech-reusable-vacuum-cup-ultra\/\" \/>\n<meta property=\"og:site_name\" content=\"Tienda Er\u00f3tica\" \/>\n<meta property=\"og:image\" content=\"https:\/\/demoweb.info\/sexshop001\/wp-content\/uploads\/2022\/01\/TENGA-AIR-TECH-REUSABLE-VACUUM-CUP-ULTRA.jpg\" \/>\n\t<meta property=\"og:image:width\" content=\"550\" \/>\n\t<meta property=\"og:image:height\" content=\"550\" \/>\n\t<meta property=\"og:image:type\" content=\"image\/jpeg\" \/>\n<meta name=\"twitter:card\" content=\"summary_large_image\" \/>\n<meta name=\"twitter:label1\" content=\"Tiempo de lectura\" \/>\n\t<meta name=\"twitter:data1\" content=\"1 minuto\" \/>\n<script type=\"application\/ld+json\" class=\"yoast-schema-graph\">{\"@context\":\"https:\/\/schema.org\",\"@graph\":[{\"@type\":\"WebPage\",\"@id\":\"https:\/\/demoweb.info\/sexshop001\/producto\/tenga-air-tech-reusable-vacuum-cup-ultra\/\",\"url\":\"https:\/\/demoweb.info\/sexshop001\/producto\/tenga-air-tech-reusable-vacuum-cup-ultra\/\",\"name\":\"TENGA AIR-TECH REUSABLE VACUUM CUP ULTRA - Tienda Er\u00f3tica\",\"isPartOf\":{\"@id\":\"https:\/\/demoweb.info\/sexshop001\/#website\"},\"datePublished\":\"2022-01-22T14:13:49+00:00\",\"dateModified\":\"2022-01-22T14:13:49+00:00\",\"breadcrumb\":{\"@id\":\"https:\/\/demoweb.info\/sexshop001\/producto\/tenga-air-tech-reusable-vacuum-cup-ultra\/#breadcrumb\"},\"inLanguage\":\"es\",\"potentialAction\":[{\"@type\":\"ReadAction\",\"target\":[\"https:\/\/demoweb.info\/sexshop001\/producto\/tenga-air-tech-reusable-vacuum-cup-ultra\/\"]}]},{\"@type\":\"BreadcrumbList\",\"@id\":\"https:\/\/demoweb.info\/sexshop001\/producto\/tenga-air-tech-reusable-vacuum-cup-ultra\/#breadcrumb\",\"itemListElement\":[{\"@type\":\"ListItem\",\"position\":1,\"name\":\"Portada\",\"item\":\"https:\/\/demoweb.info\/sexshop001\/\"},{\"@type\":\"ListItem\",\"position\":2,\"name\":\"Tienda\",\"item\":\"https:\/\/demoweb.info\/sexshop001\/tienda\/\"},{\"@type\":\"ListItem\",\"position\":3,\"name\":\"TENGA AIR-TECH REUSABLE VACUUM CUP ULTRA\"}]},{\"@type\":\"WebSite\",\"@id\":\"https:\/\/demoweb.info\/sexshop001\/#website\",\"url\":\"https:\/\/demoweb.info\/sexshop001\/\",\"name\":\"Tienda Er\u00f3tica\",\"description\":\"DEMOWEB SL\",\"potentialAction\":[{\"@type\":\"SearchAction\",\"target\":{\"@type\":\"EntryPoint\",\"urlTemplate\":\"https:\/\/demoweb.info\/sexshop001\/?s={search_term_string}\"},\"query-input\":\"required name=search_term_string\"}],\"inLanguage\":\"es\"}]}<\/script>\n<!-- \/ Yoast SEO plugin. -->","yoast_head_json":{"title":"TENGA AIR-TECH REUSABLE VACUUM CUP ULTRA - Tienda Er\u00f3tica","robots":{"index":"noindex","follow":"follow","max-snippet":"max-snippet:-1","max-image-preview":"max-image-preview:large","max-video-preview":"max-video-preview:-1"},"og_locale":"es_ES","og_type":"article","og_title":"TENGA AIR-TECH REUSABLE VACUUM CUP ULTRA - Tienda Er\u00f3tica","og_description":"TENGA AIR-TECH &#8211; REUSABLE VACUUM CUP &#8211; ULTRA \u00a1Experimenta una succi\u00f3n nunca antes vista con AIR-TECH! El Reusable Vacuum CUP","og_url":"https:\/\/demoweb.info\/sexshop001\/producto\/tenga-air-tech-reusable-vacuum-cup-ultra\/","og_site_name":"Tienda Er\u00f3tica","og_image":[{"width":550,"height":550,"url":"https:\/\/demoweb.info\/sexshop001\/wp-content\/uploads\/2022\/01\/TENGA-AIR-TECH-REUSABLE-VACUUM-CUP-ULTRA.jpg","type":"image\/jpeg"}],"twitter_card":"summary_large_image","twitter_misc":{"Tiempo de lectura":"1 minuto"},"schema":{"@context":"https:\/\/schema.org","@graph":[{"@type":"WebPage","@id":"https:\/\/demoweb.info\/sexshop001\/producto\/tenga-air-tech-reusable-vacuum-cup-ultra\/","url":"https:\/\/demoweb.info\/sexshop001\/producto\/tenga-air-tech-reusable-vacuum-cup-ultra\/","name":"TENGA AIR-TECH REUSABLE VACUUM CUP ULTRA - Tienda Er\u00f3tica","isPartOf":{"@id":"https:\/\/demoweb.info\/sexshop001\/#website"},"datePublished":"2022-01-22T14:13:49+00:00","dateModified":"2022-01-22T14:13:49+00:00","breadcrumb":{"@id":"https:\/\/demoweb.info\/sexshop001\/producto\/tenga-air-tech-reusable-vacuum-cup-ultra\/#breadcrumb"},"inLanguage":"es","potentialAction":[{"@type":"ReadAction","target":["https:\/\/demoweb.info\/sexshop001\/producto\/tenga-air-tech-reusable-vacuum-cup-ultra\/"]}]},{"@type":"BreadcrumbList","@id":"https:\/\/demoweb.info\/sexshop001\/producto\/tenga-air-tech-reusable-vacuum-cup-ultra\/#breadcrumb","itemListElement":[{"@type":"ListItem","position":1,"name":"Portada","item":"https:\/\/demoweb.info\/sexshop001\/"},{"@type":"ListItem","position":2,"name":"Tienda","item":"https:\/\/demoweb.info\/sexshop001\/tienda\/"},{"@type":"ListItem","position":3,"name":"TENGA AIR-TECH REUSABLE VACUUM CUP ULTRA"}]},{"@type":"WebSite","@id":"https:\/\/demoweb.info\/sexshop001\/#website","url":"https:\/\/demoweb.info\/sexshop001\/","name":"Tienda Er\u00f3tica","description":"DEMOWEB SL","potentialAction":[{"@type":"SearchAction","target":{"@type":"EntryPoint","urlTemplate":"https:\/\/demoweb.info\/sexshop001\/?s={search_term_string}"},"query-input":"required name=search_term_string"}],"inLanguage":"es"}]}},"_links":{"self":[{"href":"https:\/\/demoweb.info\/sexshop001\/wp-json\/wp\/v3\/product\/45568","targetHints":{"allow":["GET"]}}],"collection":[{"href":"https:\/\/demoweb.info\/sexshop001\/wp-json\/wp\/v3\/product"}],"about":[{"href":"https:\/\/demoweb.info\/sexshop001\/wp-json\/wp\/v2\/types\/product"}],"replies":[{"embeddable":true,"href":"https:\/\/demoweb.info\/sexshop001\/wp-json\/wp\/v2\/comments?post=45568"}],"wp:featuredmedia":[{"embeddable":true,"href":"https:\/\/demoweb.info\/sexshop001\/wp-json\/wp\/v2\/media\/45569"}],"wp:attachment":[{"href":"https:\/\/demoweb.info\/sexshop001\/wp-json\/wp\/v2\/media?parent=45568"}],"wp:term":[{"taxonomy":"product_cat","embeddable":true,"href":"https:\/\/demoweb.info\/sexshop001\/wp-json\/wp\/v2\/product_cat?post=45568"},{"taxonomy":"product_tag","embeddable":true,"href":"https:\/\/demoweb.info\/sexshop001\/wp-json\/wp\/v2\/product_tag?post=45568"}],"curies":[{"name":"wp","href":"https:\/\/api.w.org\/{rel}","templated":true}]}}