{"id":45468,"date":"2022-01-22T15:12:36","date_gmt":"2022-01-22T14:12:36","guid":{"rendered":"https:\/\/demoweb.info\/sexshop001\/producto\/corset-latex-appearance-morado-5\/"},"modified":"2022-01-22T15:12:43","modified_gmt":"2022-01-22T14:12:43","slug":"corset-latex-appearance-morado-5","status":"publish","type":"product","link":"https:\/\/demoweb.info\/sexshop001\/producto\/corset-latex-appearance-morado-5\/","title":{"rendered":"CORSET LATEX APPEARANCE MORADO"},"content":{"rendered":"<p>Producto: Corset<br \/>Color: Morado<br \/>Varillas: Met\u00e1licas de acero inox trenzado<br \/>Cierre trasero: Sin cierre<br \/>Cierre delantero: Ballenas met\u00e1licas de acero inoxidable en la parte frontal Con corchetes<br \/>Cuello: Sin escote<br \/>Copa: Sin copa<br \/>Aros: Sin aros<br \/>Tipo de corte: Corto (Hasta la cadera)<br \/>Tirantes: Sin tirantes<br \/>Tela: Lisa<br \/>Detalles: Otros como se ve en la foto<br \/>Total piezas: 1<br \/>Composici\u00f3n: Forro: Algod\u00f3n 96% Spandex 4% Exterior: L\u00e1tex 100%<br \/>Etiquetaje: Etiqueta estandar<br \/>Embalaje: Bolsa pl\u00e1stico transparente<\/p>\n","protected":false},"excerpt":{"rendered":"<p>Producto: CorsetColor: MoradoVarillas: Met\u00e1licas de acero inox trenzadoCierre trasero: Sin cierreCierre delantero: Ballenas met\u00e1licas de acero inoxidable en la parte<\/p>\n","protected":false},"featured_media":45469,"comment_status":"open","ping_status":"open","template":"","meta":[],"product_cat":[1277],"product_tag":[441,1278],"class_list":["post-45468","product","type-product","status-publish","has-post-thumbnail","hentry","product_cat-underbust","product_tag-intimax","product_tag-waistline"],"bundled_by":[],"bundle_stock_status":"instock","bundle_stock_quantity":9,"bundle_virtual":false,"bundle_layout":"","bundle_add_to_cart_form_location":"","bundle_editable_in_cart":false,"bundle_sold_individually_context":"","bundle_item_grouping":"","bundle_min_size":"","bundle_max_size":"","bundled_items":[],"yoast_head":"<!-- This site is optimized with the Yoast SEO plugin v20.6 - https:\/\/yoast.com\/wordpress\/plugins\/seo\/ -->\n<title>CORSET LATEX APPEARANCE MORADO - Tienda Er\u00f3tica<\/title>\n<meta name=\"robots\" content=\"noindex, follow, max-snippet:-1, max-image-preview:large, max-video-preview:-1\" \/>\n<meta property=\"og:locale\" content=\"es_ES\" \/>\n<meta property=\"og:type\" content=\"article\" \/>\n<meta property=\"og:title\" content=\"CORSET LATEX APPEARANCE MORADO - Tienda Er\u00f3tica\" \/>\n<meta property=\"og:description\" content=\"Producto: CorsetColor: MoradoVarillas: Met\u00e1licas de acero inox trenzadoCierre trasero: Sin cierreCierre delantero: Ballenas met\u00e1licas de acero inoxidable en la parte\" \/>\n<meta property=\"og:url\" content=\"https:\/\/demoweb.info\/sexshop001\/producto\/corset-latex-appearance-morado-5\/\" \/>\n<meta property=\"og:site_name\" content=\"Tienda Er\u00f3tica\" \/>\n<meta property=\"article:modified_time\" content=\"2022-01-22T14:12:43+00:00\" \/>\n<meta property=\"og:image\" content=\"https:\/\/demoweb.info\/sexshop001\/wp-content\/uploads\/2022\/01\/CORSET-LATEX-APPEARANCE-MORADO-9.jpg\" \/>\n\t<meta property=\"og:image:width\" content=\"550\" \/>\n\t<meta property=\"og:image:height\" content=\"550\" \/>\n\t<meta property=\"og:image:type\" content=\"image\/jpeg\" \/>\n<meta name=\"twitter:card\" content=\"summary_large_image\" \/>\n<script type=\"application\/ld+json\" class=\"yoast-schema-graph\">{\"@context\":\"https:\/\/schema.org\",\"@graph\":[{\"@type\":\"WebPage\",\"@id\":\"https:\/\/demoweb.info\/sexshop001\/producto\/corset-latex-appearance-morado-5\/\",\"url\":\"https:\/\/demoweb.info\/sexshop001\/producto\/corset-latex-appearance-morado-5\/\",\"name\":\"CORSET LATEX APPEARANCE MORADO - Tienda Er\u00f3tica\",\"isPartOf\":{\"@id\":\"https:\/\/demoweb.info\/sexshop001\/#website\"},\"datePublished\":\"2022-01-22T14:12:36+00:00\",\"dateModified\":\"2022-01-22T14:12:43+00:00\",\"breadcrumb\":{\"@id\":\"https:\/\/demoweb.info\/sexshop001\/producto\/corset-latex-appearance-morado-5\/#breadcrumb\"},\"inLanguage\":\"es\",\"potentialAction\":[{\"@type\":\"ReadAction\",\"target\":[\"https:\/\/demoweb.info\/sexshop001\/producto\/corset-latex-appearance-morado-5\/\"]}]},{\"@type\":\"BreadcrumbList\",\"@id\":\"https:\/\/demoweb.info\/sexshop001\/producto\/corset-latex-appearance-morado-5\/#breadcrumb\",\"itemListElement\":[{\"@type\":\"ListItem\",\"position\":1,\"name\":\"Portada\",\"item\":\"https:\/\/demoweb.info\/sexshop001\/\"},{\"@type\":\"ListItem\",\"position\":2,\"name\":\"Tienda\",\"item\":\"https:\/\/demoweb.info\/sexshop001\/tienda\/\"},{\"@type\":\"ListItem\",\"position\":3,\"name\":\"CORSET LATEX APPEARANCE MORADO\"}]},{\"@type\":\"WebSite\",\"@id\":\"https:\/\/demoweb.info\/sexshop001\/#website\",\"url\":\"https:\/\/demoweb.info\/sexshop001\/\",\"name\":\"Tienda Er\u00f3tica\",\"description\":\"DEMOWEB SL\",\"potentialAction\":[{\"@type\":\"SearchAction\",\"target\":{\"@type\":\"EntryPoint\",\"urlTemplate\":\"https:\/\/demoweb.info\/sexshop001\/?s={search_term_string}\"},\"query-input\":\"required name=search_term_string\"}],\"inLanguage\":\"es\"}]}<\/script>\n<!-- \/ Yoast SEO plugin. -->","yoast_head_json":{"title":"CORSET LATEX APPEARANCE MORADO - Tienda Er\u00f3tica","robots":{"index":"noindex","follow":"follow","max-snippet":"max-snippet:-1","max-image-preview":"max-image-preview:large","max-video-preview":"max-video-preview:-1"},"og_locale":"es_ES","og_type":"article","og_title":"CORSET LATEX APPEARANCE MORADO - Tienda Er\u00f3tica","og_description":"Producto: CorsetColor: MoradoVarillas: Met\u00e1licas de acero inox trenzadoCierre trasero: Sin cierreCierre delantero: Ballenas met\u00e1licas de acero inoxidable en la parte","og_url":"https:\/\/demoweb.info\/sexshop001\/producto\/corset-latex-appearance-morado-5\/","og_site_name":"Tienda Er\u00f3tica","article_modified_time":"2022-01-22T14:12:43+00:00","og_image":[{"width":550,"height":550,"url":"https:\/\/demoweb.info\/sexshop001\/wp-content\/uploads\/2022\/01\/CORSET-LATEX-APPEARANCE-MORADO-9.jpg","type":"image\/jpeg"}],"twitter_card":"summary_large_image","schema":{"@context":"https:\/\/schema.org","@graph":[{"@type":"WebPage","@id":"https:\/\/demoweb.info\/sexshop001\/producto\/corset-latex-appearance-morado-5\/","url":"https:\/\/demoweb.info\/sexshop001\/producto\/corset-latex-appearance-morado-5\/","name":"CORSET LATEX APPEARANCE MORADO - Tienda Er\u00f3tica","isPartOf":{"@id":"https:\/\/demoweb.info\/sexshop001\/#website"},"datePublished":"2022-01-22T14:12:36+00:00","dateModified":"2022-01-22T14:12:43+00:00","breadcrumb":{"@id":"https:\/\/demoweb.info\/sexshop001\/producto\/corset-latex-appearance-morado-5\/#breadcrumb"},"inLanguage":"es","potentialAction":[{"@type":"ReadAction","target":["https:\/\/demoweb.info\/sexshop001\/producto\/corset-latex-appearance-morado-5\/"]}]},{"@type":"BreadcrumbList","@id":"https:\/\/demoweb.info\/sexshop001\/producto\/corset-latex-appearance-morado-5\/#breadcrumb","itemListElement":[{"@type":"ListItem","position":1,"name":"Portada","item":"https:\/\/demoweb.info\/sexshop001\/"},{"@type":"ListItem","position":2,"name":"Tienda","item":"https:\/\/demoweb.info\/sexshop001\/tienda\/"},{"@type":"ListItem","position":3,"name":"CORSET LATEX APPEARANCE MORADO"}]},{"@type":"WebSite","@id":"https:\/\/demoweb.info\/sexshop001\/#website","url":"https:\/\/demoweb.info\/sexshop001\/","name":"Tienda Er\u00f3tica","description":"DEMOWEB SL","potentialAction":[{"@type":"SearchAction","target":{"@type":"EntryPoint","urlTemplate":"https:\/\/demoweb.info\/sexshop001\/?s={search_term_string}"},"query-input":"required name=search_term_string"}],"inLanguage":"es"}]}},"_links":{"self":[{"href":"https:\/\/demoweb.info\/sexshop001\/wp-json\/wp\/v3\/product\/45468","targetHints":{"allow":["GET"]}}],"collection":[{"href":"https:\/\/demoweb.info\/sexshop001\/wp-json\/wp\/v3\/product"}],"about":[{"href":"https:\/\/demoweb.info\/sexshop001\/wp-json\/wp\/v2\/types\/product"}],"replies":[{"embeddable":true,"href":"https:\/\/demoweb.info\/sexshop001\/wp-json\/wp\/v2\/comments?post=45468"}],"wp:featuredmedia":[{"embeddable":true,"href":"https:\/\/demoweb.info\/sexshop001\/wp-json\/wp\/v2\/media\/45469"}],"wp:attachment":[{"href":"https:\/\/demoweb.info\/sexshop001\/wp-json\/wp\/v2\/media?parent=45468"}],"wp:term":[{"taxonomy":"product_cat","embeddable":true,"href":"https:\/\/demoweb.info\/sexshop001\/wp-json\/wp\/v2\/product_cat?post=45468"},{"taxonomy":"product_tag","embeddable":true,"href":"https:\/\/demoweb.info\/sexshop001\/wp-json\/wp\/v2\/product_tag?post=45468"}],"curies":[{"name":"wp","href":"https:\/\/api.w.org\/{rel}","templated":true}]}}