{"id":45094,"date":"2022-01-22T15:08:38","date_gmt":"2022-01-22T14:08:38","guid":{"rendered":"https:\/\/demoweb.info\/sexshop001\/producto\/yo-te-siento-ii-trilogia-de-los-sentindos-2\/"},"modified":"2022-01-22T15:08:50","modified_gmt":"2022-01-22T14:08:50","slug":"yo-te-siento-ii-trilogia-de-los-sentindos-2","status":"publish","type":"product","link":"https:\/\/demoweb.info\/sexshop001\/producto\/yo-te-siento-ii-trilogia-de-los-sentindos-2\/","title":{"rendered":"YO TE SIENTO II. TRILOGIA DE LOS SENTINDOS 2"},"content":{"rendered":"<p><strong>YO TE SIENTO II. TRILOGIA DE LOS SENTINDOS 2<\/strong><\/p>\n<p><strong>Irene Cao. <\/strong><\/p>\n<p>Segunda parte de la \u00ab<strong>Trilog\u00eda de los sentidos<\/strong>\u00bb. La relaci\u00f3n entre Elena y Leonardo a\u00fan no ha terminado, y basta un encuentro casual para prender de nuevo un fuego que nunca ha llegado a apagarse.Elena ha pasado p\u00e1gina. Los d\u00edas de pasi\u00f3n y locura que vivi\u00f3 con Leonardo inmersa en el lado oscuro del placer la convirtieron en una mujer fuerte, pero hoy por hoy son solo un recuerdo desenfocado que pasa de vez en cuando por su mente.Ahora Elena sabe lo que quiere y ha elegido a Filippo: por \u00e9l ha abandonado Venecia y se ha mudado a Roma. La vida que han emprendido juntos es pr\u00e1cticamente perfecta, una armon\u00eda de afinidades electivas, tanto en la cama como fuera de ella. Pero cuando el destino hace todo lo posible para obstaculizarnos es imposible borrar el pasado&#8230;Es la noche de su trig\u00e9simo cumplea\u00f1os y lo \u00faltimo que puede imaginar Elena es que el restaurante al que la ha llevado Filippo para celebrarlo es&#8230; \u00a1de Leonardo! Su mirada, que le llega directa al coraz\u00f3n, y un solo beso, robado en la cocina del local, provocan un nuevo y turbador inicio. Nada de reglas, se juega a cartas vistas: porque esta vez no es necesario ocultar el amor, ni siquiera tras el sentimiento de culpa que produce el enga\u00f1o, y el sexo deja de ser una mera b\u00fasqueda del placer para convertirse en el encuentro de unas almas que se pertenecen. Hasta que el secreto m\u00e1s inconfesable de Leonardo sale a la luz y Elena se ve obligada a decidir si est\u00e1 dispuesta a pagar el precio.<\/p>\n<p>292 P\u00e1ginas.<\/p>\n","protected":false},"excerpt":{"rendered":"<p>YO TE SIENTO II. TRILOGIA DE LOS SENTINDOS 2 Irene Cao. Segunda parte de la \u00abTrilog\u00eda de los sentidos\u00bb. La<\/p>\n","protected":false},"featured_media":45095,"comment_status":"open","ping_status":"open","template":"","meta":[],"product_cat":[414],"product_tag":[722,415],"class_list":["post-45094","product","type-product","status-publish","has-post-thumbnail","hentry","product_cat-libros","product_tag-debolsillo","product_tag-random-house"],"bundled_by":[],"bundle_stock_status":"instock","bundle_stock_quantity":2,"bundle_virtual":false,"bundle_layout":"","bundle_add_to_cart_form_location":"","bundle_editable_in_cart":false,"bundle_sold_individually_context":"","bundle_item_grouping":"","bundle_min_size":"","bundle_max_size":"","bundled_items":[],"yoast_head":"<!-- This site is optimized with the Yoast SEO plugin v20.6 - https:\/\/yoast.com\/wordpress\/plugins\/seo\/ -->\n<title>YO TE SIENTO II. TRILOGIA DE LOS SENTINDOS 2 - Tienda Er\u00f3tica<\/title>\n<meta name=\"robots\" content=\"noindex, follow, max-snippet:-1, max-image-preview:large, max-video-preview:-1\" \/>\n<meta property=\"og:locale\" content=\"es_ES\" \/>\n<meta property=\"og:type\" content=\"article\" \/>\n<meta property=\"og:title\" content=\"YO TE SIENTO II. TRILOGIA DE LOS SENTINDOS 2 - Tienda Er\u00f3tica\" \/>\n<meta property=\"og:description\" content=\"YO TE SIENTO II. TRILOGIA DE LOS SENTINDOS 2 Irene Cao. Segunda parte de la \u00abTrilog\u00eda de los sentidos\u00bb. La\" \/>\n<meta property=\"og:url\" content=\"https:\/\/demoweb.info\/sexshop001\/producto\/yo-te-siento-ii-trilogia-de-los-sentindos-2\/\" \/>\n<meta property=\"og:site_name\" content=\"Tienda Er\u00f3tica\" \/>\n<meta property=\"article:modified_time\" content=\"2022-01-22T14:08:50+00:00\" \/>\n<meta property=\"og:image\" content=\"https:\/\/demoweb.info\/sexshop001\/wp-content\/uploads\/2022\/01\/YO-TE-SIENTO-II.-TRILOGIA-DE-LOS-SENTINDOS-2.jpg\" \/>\n\t<meta property=\"og:image:width\" content=\"550\" \/>\n\t<meta property=\"og:image:height\" content=\"550\" \/>\n\t<meta property=\"og:image:type\" content=\"image\/jpeg\" \/>\n<meta name=\"twitter:card\" content=\"summary_large_image\" \/>\n<meta name=\"twitter:label1\" content=\"Tiempo de lectura\" \/>\n\t<meta name=\"twitter:data1\" content=\"1 minuto\" \/>\n<script type=\"application\/ld+json\" class=\"yoast-schema-graph\">{\"@context\":\"https:\/\/schema.org\",\"@graph\":[{\"@type\":\"WebPage\",\"@id\":\"https:\/\/demoweb.info\/sexshop001\/producto\/yo-te-siento-ii-trilogia-de-los-sentindos-2\/\",\"url\":\"https:\/\/demoweb.info\/sexshop001\/producto\/yo-te-siento-ii-trilogia-de-los-sentindos-2\/\",\"name\":\"YO TE SIENTO II. TRILOGIA DE LOS SENTINDOS 2 - Tienda Er\u00f3tica\",\"isPartOf\":{\"@id\":\"https:\/\/demoweb.info\/sexshop001\/#website\"},\"datePublished\":\"2022-01-22T14:08:38+00:00\",\"dateModified\":\"2022-01-22T14:08:50+00:00\",\"breadcrumb\":{\"@id\":\"https:\/\/demoweb.info\/sexshop001\/producto\/yo-te-siento-ii-trilogia-de-los-sentindos-2\/#breadcrumb\"},\"inLanguage\":\"es\",\"potentialAction\":[{\"@type\":\"ReadAction\",\"target\":[\"https:\/\/demoweb.info\/sexshop001\/producto\/yo-te-siento-ii-trilogia-de-los-sentindos-2\/\"]}]},{\"@type\":\"BreadcrumbList\",\"@id\":\"https:\/\/demoweb.info\/sexshop001\/producto\/yo-te-siento-ii-trilogia-de-los-sentindos-2\/#breadcrumb\",\"itemListElement\":[{\"@type\":\"ListItem\",\"position\":1,\"name\":\"Portada\",\"item\":\"https:\/\/demoweb.info\/sexshop001\/\"},{\"@type\":\"ListItem\",\"position\":2,\"name\":\"Tienda\",\"item\":\"https:\/\/demoweb.info\/sexshop001\/tienda\/\"},{\"@type\":\"ListItem\",\"position\":3,\"name\":\"YO TE SIENTO II. TRILOGIA DE LOS SENTINDOS 2\"}]},{\"@type\":\"WebSite\",\"@id\":\"https:\/\/demoweb.info\/sexshop001\/#website\",\"url\":\"https:\/\/demoweb.info\/sexshop001\/\",\"name\":\"Tienda Er\u00f3tica\",\"description\":\"DEMOWEB SL\",\"potentialAction\":[{\"@type\":\"SearchAction\",\"target\":{\"@type\":\"EntryPoint\",\"urlTemplate\":\"https:\/\/demoweb.info\/sexshop001\/?s={search_term_string}\"},\"query-input\":\"required name=search_term_string\"}],\"inLanguage\":\"es\"}]}<\/script>\n<!-- \/ Yoast SEO plugin. -->","yoast_head_json":{"title":"YO TE SIENTO II. TRILOGIA DE LOS SENTINDOS 2 - Tienda Er\u00f3tica","robots":{"index":"noindex","follow":"follow","max-snippet":"max-snippet:-1","max-image-preview":"max-image-preview:large","max-video-preview":"max-video-preview:-1"},"og_locale":"es_ES","og_type":"article","og_title":"YO TE SIENTO II. TRILOGIA DE LOS SENTINDOS 2 - Tienda Er\u00f3tica","og_description":"YO TE SIENTO II. TRILOGIA DE LOS SENTINDOS 2 Irene Cao. Segunda parte de la \u00abTrilog\u00eda de los sentidos\u00bb. La","og_url":"https:\/\/demoweb.info\/sexshop001\/producto\/yo-te-siento-ii-trilogia-de-los-sentindos-2\/","og_site_name":"Tienda Er\u00f3tica","article_modified_time":"2022-01-22T14:08:50+00:00","og_image":[{"width":550,"height":550,"url":"https:\/\/demoweb.info\/sexshop001\/wp-content\/uploads\/2022\/01\/YO-TE-SIENTO-II.-TRILOGIA-DE-LOS-SENTINDOS-2.jpg","type":"image\/jpeg"}],"twitter_card":"summary_large_image","twitter_misc":{"Tiempo de lectura":"1 minuto"},"schema":{"@context":"https:\/\/schema.org","@graph":[{"@type":"WebPage","@id":"https:\/\/demoweb.info\/sexshop001\/producto\/yo-te-siento-ii-trilogia-de-los-sentindos-2\/","url":"https:\/\/demoweb.info\/sexshop001\/producto\/yo-te-siento-ii-trilogia-de-los-sentindos-2\/","name":"YO TE SIENTO II. TRILOGIA DE LOS SENTINDOS 2 - Tienda Er\u00f3tica","isPartOf":{"@id":"https:\/\/demoweb.info\/sexshop001\/#website"},"datePublished":"2022-01-22T14:08:38+00:00","dateModified":"2022-01-22T14:08:50+00:00","breadcrumb":{"@id":"https:\/\/demoweb.info\/sexshop001\/producto\/yo-te-siento-ii-trilogia-de-los-sentindos-2\/#breadcrumb"},"inLanguage":"es","potentialAction":[{"@type":"ReadAction","target":["https:\/\/demoweb.info\/sexshop001\/producto\/yo-te-siento-ii-trilogia-de-los-sentindos-2\/"]}]},{"@type":"BreadcrumbList","@id":"https:\/\/demoweb.info\/sexshop001\/producto\/yo-te-siento-ii-trilogia-de-los-sentindos-2\/#breadcrumb","itemListElement":[{"@type":"ListItem","position":1,"name":"Portada","item":"https:\/\/demoweb.info\/sexshop001\/"},{"@type":"ListItem","position":2,"name":"Tienda","item":"https:\/\/demoweb.info\/sexshop001\/tienda\/"},{"@type":"ListItem","position":3,"name":"YO TE SIENTO II. TRILOGIA DE LOS SENTINDOS 2"}]},{"@type":"WebSite","@id":"https:\/\/demoweb.info\/sexshop001\/#website","url":"https:\/\/demoweb.info\/sexshop001\/","name":"Tienda Er\u00f3tica","description":"DEMOWEB SL","potentialAction":[{"@type":"SearchAction","target":{"@type":"EntryPoint","urlTemplate":"https:\/\/demoweb.info\/sexshop001\/?s={search_term_string}"},"query-input":"required name=search_term_string"}],"inLanguage":"es"}]}},"_links":{"self":[{"href":"https:\/\/demoweb.info\/sexshop001\/wp-json\/wp\/v3\/product\/45094","targetHints":{"allow":["GET"]}}],"collection":[{"href":"https:\/\/demoweb.info\/sexshop001\/wp-json\/wp\/v3\/product"}],"about":[{"href":"https:\/\/demoweb.info\/sexshop001\/wp-json\/wp\/v2\/types\/product"}],"replies":[{"embeddable":true,"href":"https:\/\/demoweb.info\/sexshop001\/wp-json\/wp\/v2\/comments?post=45094"}],"wp:featuredmedia":[{"embeddable":true,"href":"https:\/\/demoweb.info\/sexshop001\/wp-json\/wp\/v2\/media\/45095"}],"wp:attachment":[{"href":"https:\/\/demoweb.info\/sexshop001\/wp-json\/wp\/v2\/media?parent=45094"}],"wp:term":[{"taxonomy":"product_cat","embeddable":true,"href":"https:\/\/demoweb.info\/sexshop001\/wp-json\/wp\/v2\/product_cat?post=45094"},{"taxonomy":"product_tag","embeddable":true,"href":"https:\/\/demoweb.info\/sexshop001\/wp-json\/wp\/v2\/product_tag?post=45094"}],"curies":[{"name":"wp","href":"https:\/\/api.w.org\/{rel}","templated":true}]}}