{"id":44993,"date":"2022-01-22T15:07:39","date_gmt":"2022-01-22T14:07:39","guid":{"rendered":"https:\/\/demoweb.info\/sexshop001\/producto\/alguien-como-yo-mi-eleccion-3\/"},"modified":"2022-01-22T15:07:52","modified_gmt":"2022-01-22T14:07:52","slug":"alguien-como-yo-mi-eleccion-3","status":"publish","type":"product","link":"https:\/\/demoweb.info\/sexshop001\/producto\/alguien-como-yo-mi-eleccion-3\/","title":{"rendered":"ALGUIEN COMO YO. MI ELECCION 3"},"content":{"rendered":"<p><strong>ALGUIEN COMO YO. MI ELECCION 3<\/strong><\/p>\n<p><strong>EL\u00cdSABET BENAVENT<\/strong><\/p>\n<p>Alba ha recuperado a Nico y se ha alejado de Hugo. Alba intenta que su relaci\u00f3n con Nico funcione. Alba echa de menos a Hugo, pero trabaja con \u00e9l. Alba piensa en Nueva York y decide ser ella misma en fin de a\u00f1o. Alba, Nico y Hugo no volver\u00e1n a ser quienes eran.<\/p>\n<p>Despu\u00e9s del \u00e9xito de las sagas Valeria y Silvia, con m\u00e1s de 120.000 ejemplares vendidos, El\u00edsabet Benavent atrapa de nuevo a sus lectores con una trilog\u00eda el\u00e9ctrica en la que nada es lo que parece. \u00bfY t\u00fa qu\u00e9 har\u00edas para ganar la partida? <em>Alguien que no soy<\/em> y <em>Alguien como t\u00fa,<\/em> primera y segunda parte de Mi elecci\u00f3n, n\u00famero uno de la lista de m\u00e1s vendidos de ficci\u00f3n er\u00f3tica en menos de un mes, se cierra con <em>Alguien como yo,<\/em> un final de infarto que embriaga y seduce, una experiencia de lectura sugerente y adictiva que cambiar\u00e1 tu manera de ver el amor para siempre.<\/p>\n<p>416 P\u00e1ginas.<\/p>\n","protected":false},"excerpt":{"rendered":"<p>ALGUIEN COMO YO. MI ELECCION 3 EL\u00cdSABET BENAVENT Alba ha recuperado a Nico y se ha alejado de Hugo. Alba<\/p>\n","protected":false},"featured_media":44994,"comment_status":"open","ping_status":"open","template":"","meta":[],"product_cat":[414],"product_tag":[722,415],"class_list":["post-44993","product","type-product","status-publish","has-post-thumbnail","hentry","product_cat-libros","product_tag-debolsillo","product_tag-random-house"],"bundled_by":[],"bundle_stock_status":"instock","bundle_stock_quantity":19,"bundle_virtual":false,"bundle_layout":"","bundle_add_to_cart_form_location":"","bundle_editable_in_cart":false,"bundle_sold_individually_context":"","bundle_item_grouping":"","bundle_min_size":"","bundle_max_size":"","bundled_items":[],"yoast_head":"<!-- This site is optimized with the Yoast SEO plugin v20.6 - https:\/\/yoast.com\/wordpress\/plugins\/seo\/ -->\n<title>ALGUIEN COMO YO. MI ELECCION 3 - Tienda Er\u00f3tica<\/title>\n<meta name=\"robots\" content=\"noindex, follow, max-snippet:-1, max-image-preview:large, max-video-preview:-1\" \/>\n<meta property=\"og:locale\" content=\"es_ES\" \/>\n<meta property=\"og:type\" content=\"article\" \/>\n<meta property=\"og:title\" content=\"ALGUIEN COMO YO. MI ELECCION 3 - Tienda Er\u00f3tica\" \/>\n<meta property=\"og:description\" content=\"ALGUIEN COMO YO. MI ELECCION 3 EL\u00cdSABET BENAVENT Alba ha recuperado a Nico y se ha alejado de Hugo. Alba\" \/>\n<meta property=\"og:url\" content=\"https:\/\/demoweb.info\/sexshop001\/producto\/alguien-como-yo-mi-eleccion-3\/\" \/>\n<meta property=\"og:site_name\" content=\"Tienda Er\u00f3tica\" \/>\n<meta property=\"article:modified_time\" content=\"2022-01-22T14:07:52+00:00\" \/>\n<meta property=\"og:image\" content=\"https:\/\/demoweb.info\/sexshop001\/wp-content\/uploads\/2022\/01\/ALGUIEN-COMO-YO.-MI-ELECCION-3.jpg\" \/>\n\t<meta property=\"og:image:width\" content=\"550\" \/>\n\t<meta property=\"og:image:height\" content=\"550\" \/>\n\t<meta property=\"og:image:type\" content=\"image\/jpeg\" \/>\n<meta name=\"twitter:card\" content=\"summary_large_image\" \/>\n<meta name=\"twitter:label1\" content=\"Tiempo de lectura\" \/>\n\t<meta name=\"twitter:data1\" content=\"1 minuto\" \/>\n<script type=\"application\/ld+json\" class=\"yoast-schema-graph\">{\"@context\":\"https:\/\/schema.org\",\"@graph\":[{\"@type\":\"WebPage\",\"@id\":\"https:\/\/demoweb.info\/sexshop001\/producto\/alguien-como-yo-mi-eleccion-3\/\",\"url\":\"https:\/\/demoweb.info\/sexshop001\/producto\/alguien-como-yo-mi-eleccion-3\/\",\"name\":\"ALGUIEN COMO YO. MI ELECCION 3 - Tienda Er\u00f3tica\",\"isPartOf\":{\"@id\":\"https:\/\/demoweb.info\/sexshop001\/#website\"},\"datePublished\":\"2022-01-22T14:07:39+00:00\",\"dateModified\":\"2022-01-22T14:07:52+00:00\",\"breadcrumb\":{\"@id\":\"https:\/\/demoweb.info\/sexshop001\/producto\/alguien-como-yo-mi-eleccion-3\/#breadcrumb\"},\"inLanguage\":\"es\",\"potentialAction\":[{\"@type\":\"ReadAction\",\"target\":[\"https:\/\/demoweb.info\/sexshop001\/producto\/alguien-como-yo-mi-eleccion-3\/\"]}]},{\"@type\":\"BreadcrumbList\",\"@id\":\"https:\/\/demoweb.info\/sexshop001\/producto\/alguien-como-yo-mi-eleccion-3\/#breadcrumb\",\"itemListElement\":[{\"@type\":\"ListItem\",\"position\":1,\"name\":\"Portada\",\"item\":\"https:\/\/demoweb.info\/sexshop001\/\"},{\"@type\":\"ListItem\",\"position\":2,\"name\":\"Tienda\",\"item\":\"https:\/\/demoweb.info\/sexshop001\/tienda\/\"},{\"@type\":\"ListItem\",\"position\":3,\"name\":\"ALGUIEN COMO YO. MI ELECCION 3\"}]},{\"@type\":\"WebSite\",\"@id\":\"https:\/\/demoweb.info\/sexshop001\/#website\",\"url\":\"https:\/\/demoweb.info\/sexshop001\/\",\"name\":\"Tienda Er\u00f3tica\",\"description\":\"DEMOWEB SL\",\"potentialAction\":[{\"@type\":\"SearchAction\",\"target\":{\"@type\":\"EntryPoint\",\"urlTemplate\":\"https:\/\/demoweb.info\/sexshop001\/?s={search_term_string}\"},\"query-input\":\"required name=search_term_string\"}],\"inLanguage\":\"es\"}]}<\/script>\n<!-- \/ Yoast SEO plugin. -->","yoast_head_json":{"title":"ALGUIEN COMO YO. MI ELECCION 3 - Tienda Er\u00f3tica","robots":{"index":"noindex","follow":"follow","max-snippet":"max-snippet:-1","max-image-preview":"max-image-preview:large","max-video-preview":"max-video-preview:-1"},"og_locale":"es_ES","og_type":"article","og_title":"ALGUIEN COMO YO. MI ELECCION 3 - Tienda Er\u00f3tica","og_description":"ALGUIEN COMO YO. MI ELECCION 3 EL\u00cdSABET BENAVENT Alba ha recuperado a Nico y se ha alejado de Hugo. Alba","og_url":"https:\/\/demoweb.info\/sexshop001\/producto\/alguien-como-yo-mi-eleccion-3\/","og_site_name":"Tienda Er\u00f3tica","article_modified_time":"2022-01-22T14:07:52+00:00","og_image":[{"width":550,"height":550,"url":"https:\/\/demoweb.info\/sexshop001\/wp-content\/uploads\/2022\/01\/ALGUIEN-COMO-YO.-MI-ELECCION-3.jpg","type":"image\/jpeg"}],"twitter_card":"summary_large_image","twitter_misc":{"Tiempo de lectura":"1 minuto"},"schema":{"@context":"https:\/\/schema.org","@graph":[{"@type":"WebPage","@id":"https:\/\/demoweb.info\/sexshop001\/producto\/alguien-como-yo-mi-eleccion-3\/","url":"https:\/\/demoweb.info\/sexshop001\/producto\/alguien-como-yo-mi-eleccion-3\/","name":"ALGUIEN COMO YO. MI ELECCION 3 - Tienda Er\u00f3tica","isPartOf":{"@id":"https:\/\/demoweb.info\/sexshop001\/#website"},"datePublished":"2022-01-22T14:07:39+00:00","dateModified":"2022-01-22T14:07:52+00:00","breadcrumb":{"@id":"https:\/\/demoweb.info\/sexshop001\/producto\/alguien-como-yo-mi-eleccion-3\/#breadcrumb"},"inLanguage":"es","potentialAction":[{"@type":"ReadAction","target":["https:\/\/demoweb.info\/sexshop001\/producto\/alguien-como-yo-mi-eleccion-3\/"]}]},{"@type":"BreadcrumbList","@id":"https:\/\/demoweb.info\/sexshop001\/producto\/alguien-como-yo-mi-eleccion-3\/#breadcrumb","itemListElement":[{"@type":"ListItem","position":1,"name":"Portada","item":"https:\/\/demoweb.info\/sexshop001\/"},{"@type":"ListItem","position":2,"name":"Tienda","item":"https:\/\/demoweb.info\/sexshop001\/tienda\/"},{"@type":"ListItem","position":3,"name":"ALGUIEN COMO YO. MI ELECCION 3"}]},{"@type":"WebSite","@id":"https:\/\/demoweb.info\/sexshop001\/#website","url":"https:\/\/demoweb.info\/sexshop001\/","name":"Tienda Er\u00f3tica","description":"DEMOWEB SL","potentialAction":[{"@type":"SearchAction","target":{"@type":"EntryPoint","urlTemplate":"https:\/\/demoweb.info\/sexshop001\/?s={search_term_string}"},"query-input":"required name=search_term_string"}],"inLanguage":"es"}]}},"_links":{"self":[{"href":"https:\/\/demoweb.info\/sexshop001\/wp-json\/wp\/v3\/product\/44993","targetHints":{"allow":["GET"]}}],"collection":[{"href":"https:\/\/demoweb.info\/sexshop001\/wp-json\/wp\/v3\/product"}],"about":[{"href":"https:\/\/demoweb.info\/sexshop001\/wp-json\/wp\/v2\/types\/product"}],"replies":[{"embeddable":true,"href":"https:\/\/demoweb.info\/sexshop001\/wp-json\/wp\/v2\/comments?post=44993"}],"wp:featuredmedia":[{"embeddable":true,"href":"https:\/\/demoweb.info\/sexshop001\/wp-json\/wp\/v2\/media\/44994"}],"wp:attachment":[{"href":"https:\/\/demoweb.info\/sexshop001\/wp-json\/wp\/v2\/media?parent=44993"}],"wp:term":[{"taxonomy":"product_cat","embeddable":true,"href":"https:\/\/demoweb.info\/sexshop001\/wp-json\/wp\/v2\/product_cat?post=44993"},{"taxonomy":"product_tag","embeddable":true,"href":"https:\/\/demoweb.info\/sexshop001\/wp-json\/wp\/v2\/product_tag?post=44993"}],"curies":[{"name":"wp","href":"https:\/\/api.w.org\/{rel}","templated":true}]}}