{"id":44876,"date":"2022-01-22T15:06:35","date_gmt":"2022-01-22T14:06:35","guid":{"rendered":"https:\/\/demoweb.info\/sexshop001\/producto\/gaya-el-dios-de-la-g-spot-estimulacion-frambuesa\/"},"modified":"2022-01-22T15:06:40","modified_gmt":"2022-01-22T14:06:40","slug":"gaya-el-dios-de-la-g-spot-estimulacion-frambuesa","status":"publish","type":"product","link":"https:\/\/demoweb.info\/sexshop001\/producto\/gaya-el-dios-de-la-g-spot-estimulacion-frambuesa\/","title":{"rendered":"GAYA EL DIOS DE LA G-SPOT ESTIMULACION FRAMBUESA"},"content":{"rendered":"<p><strong>GAYA THE GODDES OF G-SPOT STIMULATION PINK<\/strong>.<\/p>\n<p>El<strong> Gaya <\/strong> es un vibrador del punto G suave con 7 ajustes emocionantes, con 3 diferentes vibraciones. Este dise\u00f1o moderno, elegante est\u00e1 hecha de alta calidad, de silicona suave al tacto y tiene una punta curva para la m\u00e1xima estimulaci\u00f3n del punto G. Es recargable con USB (cable de carga incluido), resistente al agua y cuenta con luz ambiente LED multicolor elegante que le permite establecer el estado de \u00e1nimo. Sensacional, divertido e \u00edntimo en la oscuridad.<\/p>\n<p>Medidas Insertables: 17 cm x 3.5 cm<\/p>\n","protected":false},"excerpt":{"rendered":"<p>GAYA THE GODDES OF G-SPOT STIMULATION PINK. El Gaya es un vibrador del punto G suave con 7 ajustes emocionantes,<\/p>\n","protected":false},"featured_media":44877,"comment_status":"open","ping_status":"open","template":"","meta":[],"product_cat":[639],"product_tag":[250,247],"class_list":["post-44876","product","type-product","status-publish","has-post-thumbnail","hentry","product_cat-punto-g","product_tag-designer-edition","product_tag-toyjoy"],"bundled_by":[],"bundle_stock_status":"instock","bundle_stock_quantity":3,"bundle_virtual":false,"bundle_layout":"","bundle_add_to_cart_form_location":"","bundle_editable_in_cart":false,"bundle_sold_individually_context":"","bundle_item_grouping":"","bundle_min_size":"","bundle_max_size":"","bundled_items":[],"yoast_head":"<!-- This site is optimized with the Yoast SEO plugin v20.6 - https:\/\/yoast.com\/wordpress\/plugins\/seo\/ -->\n<title>GAYA EL DIOS DE LA G-SPOT ESTIMULACION FRAMBUESA - Tienda Er\u00f3tica<\/title>\n<meta name=\"robots\" content=\"noindex, follow, max-snippet:-1, max-image-preview:large, max-video-preview:-1\" \/>\n<meta property=\"og:locale\" content=\"es_ES\" \/>\n<meta property=\"og:type\" content=\"article\" \/>\n<meta property=\"og:title\" content=\"GAYA EL DIOS DE LA G-SPOT ESTIMULACION FRAMBUESA - Tienda Er\u00f3tica\" \/>\n<meta property=\"og:description\" content=\"GAYA THE GODDES OF G-SPOT STIMULATION PINK. El Gaya es un vibrador del punto G suave con 7 ajustes emocionantes,\" \/>\n<meta property=\"og:url\" content=\"https:\/\/demoweb.info\/sexshop001\/producto\/gaya-el-dios-de-la-g-spot-estimulacion-frambuesa\/\" \/>\n<meta property=\"og:site_name\" content=\"Tienda Er\u00f3tica\" \/>\n<meta property=\"article:modified_time\" content=\"2022-01-22T14:06:40+00:00\" \/>\n<meta property=\"og:image\" content=\"https:\/\/demoweb.info\/sexshop001\/wp-content\/uploads\/2022\/01\/GAYA-EL-DIOS-DE-LA-G-SPOT-ESTIMULACION-FRAMBUESA.jpg\" \/>\n\t<meta property=\"og:image:width\" content=\"550\" \/>\n\t<meta property=\"og:image:height\" content=\"550\" \/>\n\t<meta property=\"og:image:type\" content=\"image\/jpeg\" \/>\n<meta name=\"twitter:card\" content=\"summary_large_image\" \/>\n<script type=\"application\/ld+json\" class=\"yoast-schema-graph\">{\"@context\":\"https:\/\/schema.org\",\"@graph\":[{\"@type\":\"WebPage\",\"@id\":\"https:\/\/demoweb.info\/sexshop001\/producto\/gaya-el-dios-de-la-g-spot-estimulacion-frambuesa\/\",\"url\":\"https:\/\/demoweb.info\/sexshop001\/producto\/gaya-el-dios-de-la-g-spot-estimulacion-frambuesa\/\",\"name\":\"GAYA EL DIOS DE LA G-SPOT ESTIMULACION FRAMBUESA - Tienda Er\u00f3tica\",\"isPartOf\":{\"@id\":\"https:\/\/demoweb.info\/sexshop001\/#website\"},\"datePublished\":\"2022-01-22T14:06:35+00:00\",\"dateModified\":\"2022-01-22T14:06:40+00:00\",\"breadcrumb\":{\"@id\":\"https:\/\/demoweb.info\/sexshop001\/producto\/gaya-el-dios-de-la-g-spot-estimulacion-frambuesa\/#breadcrumb\"},\"inLanguage\":\"es\",\"potentialAction\":[{\"@type\":\"ReadAction\",\"target\":[\"https:\/\/demoweb.info\/sexshop001\/producto\/gaya-el-dios-de-la-g-spot-estimulacion-frambuesa\/\"]}]},{\"@type\":\"BreadcrumbList\",\"@id\":\"https:\/\/demoweb.info\/sexshop001\/producto\/gaya-el-dios-de-la-g-spot-estimulacion-frambuesa\/#breadcrumb\",\"itemListElement\":[{\"@type\":\"ListItem\",\"position\":1,\"name\":\"Portada\",\"item\":\"https:\/\/demoweb.info\/sexshop001\/\"},{\"@type\":\"ListItem\",\"position\":2,\"name\":\"Tienda\",\"item\":\"https:\/\/demoweb.info\/sexshop001\/tienda\/\"},{\"@type\":\"ListItem\",\"position\":3,\"name\":\"GAYA EL DIOS DE LA G-SPOT ESTIMULACION FRAMBUESA\"}]},{\"@type\":\"WebSite\",\"@id\":\"https:\/\/demoweb.info\/sexshop001\/#website\",\"url\":\"https:\/\/demoweb.info\/sexshop001\/\",\"name\":\"Tienda Er\u00f3tica\",\"description\":\"DEMOWEB SL\",\"potentialAction\":[{\"@type\":\"SearchAction\",\"target\":{\"@type\":\"EntryPoint\",\"urlTemplate\":\"https:\/\/demoweb.info\/sexshop001\/?s={search_term_string}\"},\"query-input\":\"required name=search_term_string\"}],\"inLanguage\":\"es\"}]}<\/script>\n<!-- \/ Yoast SEO plugin. -->","yoast_head_json":{"title":"GAYA EL DIOS DE LA G-SPOT ESTIMULACION FRAMBUESA - Tienda Er\u00f3tica","robots":{"index":"noindex","follow":"follow","max-snippet":"max-snippet:-1","max-image-preview":"max-image-preview:large","max-video-preview":"max-video-preview:-1"},"og_locale":"es_ES","og_type":"article","og_title":"GAYA EL DIOS DE LA G-SPOT ESTIMULACION FRAMBUESA - Tienda Er\u00f3tica","og_description":"GAYA THE GODDES OF G-SPOT STIMULATION PINK. El Gaya es un vibrador del punto G suave con 7 ajustes emocionantes,","og_url":"https:\/\/demoweb.info\/sexshop001\/producto\/gaya-el-dios-de-la-g-spot-estimulacion-frambuesa\/","og_site_name":"Tienda Er\u00f3tica","article_modified_time":"2022-01-22T14:06:40+00:00","og_image":[{"width":550,"height":550,"url":"https:\/\/demoweb.info\/sexshop001\/wp-content\/uploads\/2022\/01\/GAYA-EL-DIOS-DE-LA-G-SPOT-ESTIMULACION-FRAMBUESA.jpg","type":"image\/jpeg"}],"twitter_card":"summary_large_image","schema":{"@context":"https:\/\/schema.org","@graph":[{"@type":"WebPage","@id":"https:\/\/demoweb.info\/sexshop001\/producto\/gaya-el-dios-de-la-g-spot-estimulacion-frambuesa\/","url":"https:\/\/demoweb.info\/sexshop001\/producto\/gaya-el-dios-de-la-g-spot-estimulacion-frambuesa\/","name":"GAYA EL DIOS DE LA G-SPOT ESTIMULACION FRAMBUESA - Tienda Er\u00f3tica","isPartOf":{"@id":"https:\/\/demoweb.info\/sexshop001\/#website"},"datePublished":"2022-01-22T14:06:35+00:00","dateModified":"2022-01-22T14:06:40+00:00","breadcrumb":{"@id":"https:\/\/demoweb.info\/sexshop001\/producto\/gaya-el-dios-de-la-g-spot-estimulacion-frambuesa\/#breadcrumb"},"inLanguage":"es","potentialAction":[{"@type":"ReadAction","target":["https:\/\/demoweb.info\/sexshop001\/producto\/gaya-el-dios-de-la-g-spot-estimulacion-frambuesa\/"]}]},{"@type":"BreadcrumbList","@id":"https:\/\/demoweb.info\/sexshop001\/producto\/gaya-el-dios-de-la-g-spot-estimulacion-frambuesa\/#breadcrumb","itemListElement":[{"@type":"ListItem","position":1,"name":"Portada","item":"https:\/\/demoweb.info\/sexshop001\/"},{"@type":"ListItem","position":2,"name":"Tienda","item":"https:\/\/demoweb.info\/sexshop001\/tienda\/"},{"@type":"ListItem","position":3,"name":"GAYA EL DIOS DE LA G-SPOT ESTIMULACION FRAMBUESA"}]},{"@type":"WebSite","@id":"https:\/\/demoweb.info\/sexshop001\/#website","url":"https:\/\/demoweb.info\/sexshop001\/","name":"Tienda Er\u00f3tica","description":"DEMOWEB SL","potentialAction":[{"@type":"SearchAction","target":{"@type":"EntryPoint","urlTemplate":"https:\/\/demoweb.info\/sexshop001\/?s={search_term_string}"},"query-input":"required name=search_term_string"}],"inLanguage":"es"}]}},"_links":{"self":[{"href":"https:\/\/demoweb.info\/sexshop001\/wp-json\/wp\/v3\/product\/44876","targetHints":{"allow":["GET"]}}],"collection":[{"href":"https:\/\/demoweb.info\/sexshop001\/wp-json\/wp\/v3\/product"}],"about":[{"href":"https:\/\/demoweb.info\/sexshop001\/wp-json\/wp\/v2\/types\/product"}],"replies":[{"embeddable":true,"href":"https:\/\/demoweb.info\/sexshop001\/wp-json\/wp\/v2\/comments?post=44876"}],"wp:featuredmedia":[{"embeddable":true,"href":"https:\/\/demoweb.info\/sexshop001\/wp-json\/wp\/v2\/media\/44877"}],"wp:attachment":[{"href":"https:\/\/demoweb.info\/sexshop001\/wp-json\/wp\/v2\/media?parent=44876"}],"wp:term":[{"taxonomy":"product_cat","embeddable":true,"href":"https:\/\/demoweb.info\/sexshop001\/wp-json\/wp\/v2\/product_cat?post=44876"},{"taxonomy":"product_tag","embeddable":true,"href":"https:\/\/demoweb.info\/sexshop001\/wp-json\/wp\/v2\/product_tag?post=44876"}],"curies":[{"name":"wp","href":"https:\/\/api.w.org\/{rel}","templated":true}]}}