{"id":44468,"date":"2022-01-22T15:02:12","date_gmt":"2022-01-22T14:02:12","guid":{"rendered":"https:\/\/demoweb.info\/sexshop001\/producto\/fetish-fantasy-almohada-hinchable-posicion-master-con-esposas\/"},"modified":"2022-01-22T15:02:28","modified_gmt":"2022-01-22T14:02:28","slug":"fetish-fantasy-almohada-hinchable-posicion-master-con-esposas","status":"publish","type":"product","link":"https:\/\/demoweb.info\/sexshop001\/producto\/fetish-fantasy-almohada-hinchable-posicion-master-con-esposas\/","title":{"rendered":"FETISH FANTASY ALMOHADA HINCHABLE POSICION MASTER CON ESPOSAS"},"content":{"rendered":"<p><strong>FETISH FANTASY DELUXE POSITION MASTER WITH CUFFS<\/strong>, disfrute de sus fantas\u00edas m\u00e1s salvajes con esta pr\u00e1ctica almohada hinchable.<\/p>\n<p>Deja que tu imaginaci\u00f3n te lleve m\u00e1s all\u00e1 de tus l\u00edmites f\u00edsicos con la incre\u00edble Almohada con esposas posici\u00f3n Master. Esta almohada inflable tiene un centro hueco dise\u00f1ado para anclar una correa de nylon s\u00faper fuerte, que luego se conecta a un par de esposas de metal. Una vez que el sujeto est\u00e1 inclinado sobre la almohada en forma de cu\u00f1a y atado son incapaces de moverse o escapar. La cu\u00f1a inflable te permite explorar y disfrutar de nuevas posiciones a la vez que el sujeto est\u00e1 restringido c\u00f3modamente. <\/p>\n<p>Es perfecto para aquellas escapadas rom\u00e1nticas y nadie sabr\u00e1 lo que llevas en tu bolso.<\/p>\n<p>Soporta hasta 130 kg.<\/p>\n<p>Incluye m\u00e1scara de regalo.<\/p>\n","protected":false},"excerpt":{"rendered":"<p>FETISH FANTASY DELUXE POSITION MASTER WITH CUFFS, disfrute de sus fantas\u00edas m\u00e1s salvajes con esta pr\u00e1ctica almohada hinchable. Deja que<\/p>\n","protected":false},"featured_media":44469,"comment_status":"open","ping_status":"open","template":"","meta":[],"product_cat":[680],"product_tag":[260,259],"class_list":["post-44468","product","type-product","status-publish","has-post-thumbnail","hentry","product_cat-maquinas-del-amor","product_tag-fetish-fantasy-series","product_tag-pipedream"],"bundled_by":[],"bundle_stock_status":"instock","bundle_stock_quantity":2,"bundle_virtual":false,"bundle_layout":"","bundle_add_to_cart_form_location":"","bundle_editable_in_cart":false,"bundle_sold_individually_context":"","bundle_item_grouping":"","bundle_min_size":"","bundle_max_size":"","bundled_items":[],"yoast_head":"<!-- This site is optimized with the Yoast SEO plugin v20.6 - https:\/\/yoast.com\/wordpress\/plugins\/seo\/ -->\n<title>FETISH FANTASY ALMOHADA HINCHABLE POSICION MASTER CON ESPOSAS - Tienda Er\u00f3tica<\/title>\n<meta name=\"robots\" content=\"noindex, follow, max-snippet:-1, max-image-preview:large, max-video-preview:-1\" \/>\n<meta property=\"og:locale\" content=\"es_ES\" \/>\n<meta property=\"og:type\" content=\"article\" \/>\n<meta property=\"og:title\" content=\"FETISH FANTASY ALMOHADA HINCHABLE POSICION MASTER CON ESPOSAS - Tienda Er\u00f3tica\" \/>\n<meta property=\"og:description\" content=\"FETISH FANTASY DELUXE POSITION MASTER WITH CUFFS, disfrute de sus fantas\u00edas m\u00e1s salvajes con esta pr\u00e1ctica almohada hinchable. Deja que\" \/>\n<meta property=\"og:url\" content=\"https:\/\/demoweb.info\/sexshop001\/producto\/fetish-fantasy-almohada-hinchable-posicion-master-con-esposas\/\" \/>\n<meta property=\"og:site_name\" content=\"Tienda Er\u00f3tica\" \/>\n<meta property=\"article:modified_time\" content=\"2022-01-22T14:02:28+00:00\" \/>\n<meta property=\"og:image\" content=\"https:\/\/demoweb.info\/sexshop001\/wp-content\/uploads\/2022\/01\/FETISH-FANTASY-ALMOHADA-HINCHABLE-POSICION-MASTER-CON-ESPOSAS.jpg\" \/>\n\t<meta property=\"og:image:width\" content=\"550\" \/>\n\t<meta property=\"og:image:height\" content=\"550\" \/>\n\t<meta property=\"og:image:type\" content=\"image\/jpeg\" \/>\n<meta name=\"twitter:card\" content=\"summary_large_image\" \/>\n<meta name=\"twitter:label1\" content=\"Tiempo de lectura\" \/>\n\t<meta name=\"twitter:data1\" content=\"1 minuto\" \/>\n<script type=\"application\/ld+json\" class=\"yoast-schema-graph\">{\"@context\":\"https:\/\/schema.org\",\"@graph\":[{\"@type\":\"WebPage\",\"@id\":\"https:\/\/demoweb.info\/sexshop001\/producto\/fetish-fantasy-almohada-hinchable-posicion-master-con-esposas\/\",\"url\":\"https:\/\/demoweb.info\/sexshop001\/producto\/fetish-fantasy-almohada-hinchable-posicion-master-con-esposas\/\",\"name\":\"FETISH FANTASY ALMOHADA HINCHABLE POSICION MASTER CON ESPOSAS - Tienda Er\u00f3tica\",\"isPartOf\":{\"@id\":\"https:\/\/demoweb.info\/sexshop001\/#website\"},\"datePublished\":\"2022-01-22T14:02:12+00:00\",\"dateModified\":\"2022-01-22T14:02:28+00:00\",\"breadcrumb\":{\"@id\":\"https:\/\/demoweb.info\/sexshop001\/producto\/fetish-fantasy-almohada-hinchable-posicion-master-con-esposas\/#breadcrumb\"},\"inLanguage\":\"es\",\"potentialAction\":[{\"@type\":\"ReadAction\",\"target\":[\"https:\/\/demoweb.info\/sexshop001\/producto\/fetish-fantasy-almohada-hinchable-posicion-master-con-esposas\/\"]}]},{\"@type\":\"BreadcrumbList\",\"@id\":\"https:\/\/demoweb.info\/sexshop001\/producto\/fetish-fantasy-almohada-hinchable-posicion-master-con-esposas\/#breadcrumb\",\"itemListElement\":[{\"@type\":\"ListItem\",\"position\":1,\"name\":\"Portada\",\"item\":\"https:\/\/demoweb.info\/sexshop001\/\"},{\"@type\":\"ListItem\",\"position\":2,\"name\":\"Tienda\",\"item\":\"https:\/\/demoweb.info\/sexshop001\/tienda\/\"},{\"@type\":\"ListItem\",\"position\":3,\"name\":\"FETISH FANTASY ALMOHADA HINCHABLE POSICION MASTER CON ESPOSAS\"}]},{\"@type\":\"WebSite\",\"@id\":\"https:\/\/demoweb.info\/sexshop001\/#website\",\"url\":\"https:\/\/demoweb.info\/sexshop001\/\",\"name\":\"Tienda Er\u00f3tica\",\"description\":\"DEMOWEB SL\",\"potentialAction\":[{\"@type\":\"SearchAction\",\"target\":{\"@type\":\"EntryPoint\",\"urlTemplate\":\"https:\/\/demoweb.info\/sexshop001\/?s={search_term_string}\"},\"query-input\":\"required name=search_term_string\"}],\"inLanguage\":\"es\"}]}<\/script>\n<!-- \/ Yoast SEO plugin. -->","yoast_head_json":{"title":"FETISH FANTASY ALMOHADA HINCHABLE POSICION MASTER CON ESPOSAS - Tienda Er\u00f3tica","robots":{"index":"noindex","follow":"follow","max-snippet":"max-snippet:-1","max-image-preview":"max-image-preview:large","max-video-preview":"max-video-preview:-1"},"og_locale":"es_ES","og_type":"article","og_title":"FETISH FANTASY ALMOHADA HINCHABLE POSICION MASTER CON ESPOSAS - Tienda Er\u00f3tica","og_description":"FETISH FANTASY DELUXE POSITION MASTER WITH CUFFS, disfrute de sus fantas\u00edas m\u00e1s salvajes con esta pr\u00e1ctica almohada hinchable. Deja que","og_url":"https:\/\/demoweb.info\/sexshop001\/producto\/fetish-fantasy-almohada-hinchable-posicion-master-con-esposas\/","og_site_name":"Tienda Er\u00f3tica","article_modified_time":"2022-01-22T14:02:28+00:00","og_image":[{"width":550,"height":550,"url":"https:\/\/demoweb.info\/sexshop001\/wp-content\/uploads\/2022\/01\/FETISH-FANTASY-ALMOHADA-HINCHABLE-POSICION-MASTER-CON-ESPOSAS.jpg","type":"image\/jpeg"}],"twitter_card":"summary_large_image","twitter_misc":{"Tiempo de lectura":"1 minuto"},"schema":{"@context":"https:\/\/schema.org","@graph":[{"@type":"WebPage","@id":"https:\/\/demoweb.info\/sexshop001\/producto\/fetish-fantasy-almohada-hinchable-posicion-master-con-esposas\/","url":"https:\/\/demoweb.info\/sexshop001\/producto\/fetish-fantasy-almohada-hinchable-posicion-master-con-esposas\/","name":"FETISH FANTASY ALMOHADA HINCHABLE POSICION MASTER CON ESPOSAS - Tienda Er\u00f3tica","isPartOf":{"@id":"https:\/\/demoweb.info\/sexshop001\/#website"},"datePublished":"2022-01-22T14:02:12+00:00","dateModified":"2022-01-22T14:02:28+00:00","breadcrumb":{"@id":"https:\/\/demoweb.info\/sexshop001\/producto\/fetish-fantasy-almohada-hinchable-posicion-master-con-esposas\/#breadcrumb"},"inLanguage":"es","potentialAction":[{"@type":"ReadAction","target":["https:\/\/demoweb.info\/sexshop001\/producto\/fetish-fantasy-almohada-hinchable-posicion-master-con-esposas\/"]}]},{"@type":"BreadcrumbList","@id":"https:\/\/demoweb.info\/sexshop001\/producto\/fetish-fantasy-almohada-hinchable-posicion-master-con-esposas\/#breadcrumb","itemListElement":[{"@type":"ListItem","position":1,"name":"Portada","item":"https:\/\/demoweb.info\/sexshop001\/"},{"@type":"ListItem","position":2,"name":"Tienda","item":"https:\/\/demoweb.info\/sexshop001\/tienda\/"},{"@type":"ListItem","position":3,"name":"FETISH FANTASY ALMOHADA HINCHABLE POSICION MASTER CON ESPOSAS"}]},{"@type":"WebSite","@id":"https:\/\/demoweb.info\/sexshop001\/#website","url":"https:\/\/demoweb.info\/sexshop001\/","name":"Tienda Er\u00f3tica","description":"DEMOWEB SL","potentialAction":[{"@type":"SearchAction","target":{"@type":"EntryPoint","urlTemplate":"https:\/\/demoweb.info\/sexshop001\/?s={search_term_string}"},"query-input":"required name=search_term_string"}],"inLanguage":"es"}]}},"_links":{"self":[{"href":"https:\/\/demoweb.info\/sexshop001\/wp-json\/wp\/v3\/product\/44468","targetHints":{"allow":["GET"]}}],"collection":[{"href":"https:\/\/demoweb.info\/sexshop001\/wp-json\/wp\/v3\/product"}],"about":[{"href":"https:\/\/demoweb.info\/sexshop001\/wp-json\/wp\/v2\/types\/product"}],"replies":[{"embeddable":true,"href":"https:\/\/demoweb.info\/sexshop001\/wp-json\/wp\/v2\/comments?post=44468"}],"wp:featuredmedia":[{"embeddable":true,"href":"https:\/\/demoweb.info\/sexshop001\/wp-json\/wp\/v2\/media\/44469"}],"wp:attachment":[{"href":"https:\/\/demoweb.info\/sexshop001\/wp-json\/wp\/v2\/media?parent=44468"}],"wp:term":[{"taxonomy":"product_cat","embeddable":true,"href":"https:\/\/demoweb.info\/sexshop001\/wp-json\/wp\/v2\/product_cat?post=44468"},{"taxonomy":"product_tag","embeddable":true,"href":"https:\/\/demoweb.info\/sexshop001\/wp-json\/wp\/v2\/product_tag?post=44468"}],"curies":[{"name":"wp","href":"https:\/\/api.w.org\/{rel}","templated":true}]}}