{"id":44196,"date":"2022-01-22T14:59:30","date_gmt":"2022-01-22T13:59:30","guid":{"rendered":"https:\/\/demoweb.info\/sexshop001\/producto\/palabras-de-placer-trilogia-del-placer-2\/"},"modified":"2022-01-22T14:59:39","modified_gmt":"2022-01-22T13:59:39","slug":"palabras-de-placer-trilogia-del-placer-2","status":"publish","type":"product","link":"https:\/\/demoweb.info\/sexshop001\/producto\/palabras-de-placer-trilogia-del-placer-2\/","title":{"rendered":"PALABRAS DE PLACER (TRILOGIA DEL PLACER 2)"},"content":{"rendered":"<p><strong>PALABRAS DE PLACER (TRILOGIA DEL PLACER 2)<\/strong><\/p>\n<p><strong>Elena Montagud.<\/strong><\/p>\n<p><strong>Te lo advertimos y ahora ya lo sabes: con la \u00abTrilog\u00eda del Placer\u00bb, \u00a1volver\u00e1s a so\u00f1ar!<\/strong><\/p>\n<p>Melissa y H\u00e9ctor creen que el amor puede derribar todas las barreras, pero algunas se resisten a caer. Melissa piensa que H\u00e9ctor es el hombre perfecto para ella, sin embargo est\u00e1 descubriendo una faceta de \u00e9l que desconoc\u00eda. Melissa est\u00e1 convencida de que Germ\u00e1n pertenece al pasado, pero su ex novio no lo tiene tan claro y ha vuelto m\u00e1s guapo y sexy que nunca&#8230;<\/p>\n<p>\u00bfPor qu\u00e9 los ex siempre reaparecen en el momento menos apropiado? \u00bfPor qu\u00e9 la felicidad junto a alguien nunca puede ser completa? En definitiva, \u00bfpor qu\u00e9 los asuntos del coraz\u00f3n siempre se acaban complicando?<\/p>\n<p><strong>Una historia de hoy sobre mujeres que buscan el amor y hombres que dicen querer solo sexo.<\/strong><\/p>\n<p><strong>Tan real y tan intensa como la vida misma&#8230;<\/strong><\/p>\n<ul>\n<li>Formato, p\u00e1ginas: TAPA BLANDA CON SOLAPA, 400<\/li>\n<li>Medidas: 151 X 229 mm<\/li>\n<\/ul>\n","protected":false},"excerpt":{"rendered":"<p>PALABRAS DE PLACER (TRILOGIA DEL PLACER 2) Elena Montagud. Te lo advertimos y ahora ya lo sabes: con la \u00abTrilog\u00eda<\/p>\n","protected":false},"featured_media":44197,"comment_status":"open","ping_status":"open","template":"","meta":[],"product_cat":[414],"product_tag":[416,415],"class_list":["post-44196","product","type-product","status-publish","has-post-thumbnail","hentry","product_cat-libros","product_tag-grijalbo","product_tag-random-house"],"bundled_by":[],"bundle_stock_status":"instock","bundle_stock_quantity":3,"bundle_virtual":false,"bundle_layout":"","bundle_add_to_cart_form_location":"","bundle_editable_in_cart":false,"bundle_sold_individually_context":"","bundle_item_grouping":"","bundle_min_size":"","bundle_max_size":"","bundled_items":[],"yoast_head":"<!-- This site is optimized with the Yoast SEO plugin v20.6 - https:\/\/yoast.com\/wordpress\/plugins\/seo\/ -->\n<title>PALABRAS DE PLACER (TRILOGIA DEL PLACER 2) - Tienda Er\u00f3tica<\/title>\n<meta name=\"robots\" content=\"noindex, follow, max-snippet:-1, max-image-preview:large, max-video-preview:-1\" \/>\n<meta property=\"og:locale\" content=\"es_ES\" \/>\n<meta property=\"og:type\" content=\"article\" \/>\n<meta property=\"og:title\" content=\"PALABRAS DE PLACER (TRILOGIA DEL PLACER 2) - Tienda Er\u00f3tica\" \/>\n<meta property=\"og:description\" content=\"PALABRAS DE PLACER (TRILOGIA DEL PLACER 2) Elena Montagud. Te lo advertimos y ahora ya lo sabes: con la \u00abTrilog\u00eda\" \/>\n<meta property=\"og:url\" content=\"https:\/\/demoweb.info\/sexshop001\/producto\/palabras-de-placer-trilogia-del-placer-2\/\" \/>\n<meta property=\"og:site_name\" content=\"Tienda Er\u00f3tica\" \/>\n<meta property=\"article:modified_time\" content=\"2022-01-22T13:59:39+00:00\" \/>\n<meta property=\"og:image\" content=\"https:\/\/demoweb.info\/sexshop001\/wp-content\/uploads\/2022\/01\/PALABRAS-DE-PLACER-TRILOGIA-DEL-PLACER-2.jpg\" \/>\n\t<meta property=\"og:image:width\" content=\"550\" \/>\n\t<meta property=\"og:image:height\" content=\"550\" \/>\n\t<meta property=\"og:image:type\" content=\"image\/jpeg\" \/>\n<meta name=\"twitter:card\" content=\"summary_large_image\" \/>\n<meta name=\"twitter:label1\" content=\"Tiempo de lectura\" \/>\n\t<meta name=\"twitter:data1\" content=\"1 minuto\" \/>\n<script type=\"application\/ld+json\" class=\"yoast-schema-graph\">{\"@context\":\"https:\/\/schema.org\",\"@graph\":[{\"@type\":\"WebPage\",\"@id\":\"https:\/\/demoweb.info\/sexshop001\/producto\/palabras-de-placer-trilogia-del-placer-2\/\",\"url\":\"https:\/\/demoweb.info\/sexshop001\/producto\/palabras-de-placer-trilogia-del-placer-2\/\",\"name\":\"PALABRAS DE PLACER (TRILOGIA DEL PLACER 2) - Tienda Er\u00f3tica\",\"isPartOf\":{\"@id\":\"https:\/\/demoweb.info\/sexshop001\/#website\"},\"datePublished\":\"2022-01-22T13:59:30+00:00\",\"dateModified\":\"2022-01-22T13:59:39+00:00\",\"breadcrumb\":{\"@id\":\"https:\/\/demoweb.info\/sexshop001\/producto\/palabras-de-placer-trilogia-del-placer-2\/#breadcrumb\"},\"inLanguage\":\"es\",\"potentialAction\":[{\"@type\":\"ReadAction\",\"target\":[\"https:\/\/demoweb.info\/sexshop001\/producto\/palabras-de-placer-trilogia-del-placer-2\/\"]}]},{\"@type\":\"BreadcrumbList\",\"@id\":\"https:\/\/demoweb.info\/sexshop001\/producto\/palabras-de-placer-trilogia-del-placer-2\/#breadcrumb\",\"itemListElement\":[{\"@type\":\"ListItem\",\"position\":1,\"name\":\"Portada\",\"item\":\"https:\/\/demoweb.info\/sexshop001\/\"},{\"@type\":\"ListItem\",\"position\":2,\"name\":\"Tienda\",\"item\":\"https:\/\/demoweb.info\/sexshop001\/tienda\/\"},{\"@type\":\"ListItem\",\"position\":3,\"name\":\"PALABRAS DE PLACER (TRILOGIA DEL PLACER 2)\"}]},{\"@type\":\"WebSite\",\"@id\":\"https:\/\/demoweb.info\/sexshop001\/#website\",\"url\":\"https:\/\/demoweb.info\/sexshop001\/\",\"name\":\"Tienda Er\u00f3tica\",\"description\":\"DEMOWEB SL\",\"potentialAction\":[{\"@type\":\"SearchAction\",\"target\":{\"@type\":\"EntryPoint\",\"urlTemplate\":\"https:\/\/demoweb.info\/sexshop001\/?s={search_term_string}\"},\"query-input\":\"required name=search_term_string\"}],\"inLanguage\":\"es\"}]}<\/script>\n<!-- \/ Yoast SEO plugin. -->","yoast_head_json":{"title":"PALABRAS DE PLACER (TRILOGIA DEL PLACER 2) - Tienda Er\u00f3tica","robots":{"index":"noindex","follow":"follow","max-snippet":"max-snippet:-1","max-image-preview":"max-image-preview:large","max-video-preview":"max-video-preview:-1"},"og_locale":"es_ES","og_type":"article","og_title":"PALABRAS DE PLACER (TRILOGIA DEL PLACER 2) - Tienda Er\u00f3tica","og_description":"PALABRAS DE PLACER (TRILOGIA DEL PLACER 2) Elena Montagud. Te lo advertimos y ahora ya lo sabes: con la \u00abTrilog\u00eda","og_url":"https:\/\/demoweb.info\/sexshop001\/producto\/palabras-de-placer-trilogia-del-placer-2\/","og_site_name":"Tienda Er\u00f3tica","article_modified_time":"2022-01-22T13:59:39+00:00","og_image":[{"width":550,"height":550,"url":"https:\/\/demoweb.info\/sexshop001\/wp-content\/uploads\/2022\/01\/PALABRAS-DE-PLACER-TRILOGIA-DEL-PLACER-2.jpg","type":"image\/jpeg"}],"twitter_card":"summary_large_image","twitter_misc":{"Tiempo de lectura":"1 minuto"},"schema":{"@context":"https:\/\/schema.org","@graph":[{"@type":"WebPage","@id":"https:\/\/demoweb.info\/sexshop001\/producto\/palabras-de-placer-trilogia-del-placer-2\/","url":"https:\/\/demoweb.info\/sexshop001\/producto\/palabras-de-placer-trilogia-del-placer-2\/","name":"PALABRAS DE PLACER (TRILOGIA DEL PLACER 2) - Tienda Er\u00f3tica","isPartOf":{"@id":"https:\/\/demoweb.info\/sexshop001\/#website"},"datePublished":"2022-01-22T13:59:30+00:00","dateModified":"2022-01-22T13:59:39+00:00","breadcrumb":{"@id":"https:\/\/demoweb.info\/sexshop001\/producto\/palabras-de-placer-trilogia-del-placer-2\/#breadcrumb"},"inLanguage":"es","potentialAction":[{"@type":"ReadAction","target":["https:\/\/demoweb.info\/sexshop001\/producto\/palabras-de-placer-trilogia-del-placer-2\/"]}]},{"@type":"BreadcrumbList","@id":"https:\/\/demoweb.info\/sexshop001\/producto\/palabras-de-placer-trilogia-del-placer-2\/#breadcrumb","itemListElement":[{"@type":"ListItem","position":1,"name":"Portada","item":"https:\/\/demoweb.info\/sexshop001\/"},{"@type":"ListItem","position":2,"name":"Tienda","item":"https:\/\/demoweb.info\/sexshop001\/tienda\/"},{"@type":"ListItem","position":3,"name":"PALABRAS DE PLACER (TRILOGIA DEL PLACER 2)"}]},{"@type":"WebSite","@id":"https:\/\/demoweb.info\/sexshop001\/#website","url":"https:\/\/demoweb.info\/sexshop001\/","name":"Tienda Er\u00f3tica","description":"DEMOWEB SL","potentialAction":[{"@type":"SearchAction","target":{"@type":"EntryPoint","urlTemplate":"https:\/\/demoweb.info\/sexshop001\/?s={search_term_string}"},"query-input":"required name=search_term_string"}],"inLanguage":"es"}]}},"_links":{"self":[{"href":"https:\/\/demoweb.info\/sexshop001\/wp-json\/wp\/v3\/product\/44196","targetHints":{"allow":["GET"]}}],"collection":[{"href":"https:\/\/demoweb.info\/sexshop001\/wp-json\/wp\/v3\/product"}],"about":[{"href":"https:\/\/demoweb.info\/sexshop001\/wp-json\/wp\/v2\/types\/product"}],"replies":[{"embeddable":true,"href":"https:\/\/demoweb.info\/sexshop001\/wp-json\/wp\/v2\/comments?post=44196"}],"wp:featuredmedia":[{"embeddable":true,"href":"https:\/\/demoweb.info\/sexshop001\/wp-json\/wp\/v2\/media\/44197"}],"wp:attachment":[{"href":"https:\/\/demoweb.info\/sexshop001\/wp-json\/wp\/v2\/media?parent=44196"}],"wp:term":[{"taxonomy":"product_cat","embeddable":true,"href":"https:\/\/demoweb.info\/sexshop001\/wp-json\/wp\/v2\/product_cat?post=44196"},{"taxonomy":"product_tag","embeddable":true,"href":"https:\/\/demoweb.info\/sexshop001\/wp-json\/wp\/v2\/product_tag?post=44196"}],"curies":[{"name":"wp","href":"https:\/\/api.w.org\/{rel}","templated":true}]}}