{"id":43667,"date":"2022-01-22T14:54:33","date_gmt":"2022-01-22T13:54:33","guid":{"rendered":"https:\/\/demoweb.info\/sexshop001\/producto\/grey-cincuenta-sombras-de-grey-contada-por-christian\/"},"modified":"2022-01-22T14:54:33","modified_gmt":"2022-01-22T13:54:33","slug":"grey-cincuenta-sombras-de-grey-contada-por-christian","status":"publish","type":"product","link":"https:\/\/demoweb.info\/sexshop001\/producto\/grey-cincuenta-sombras-de-grey-contada-por-christian\/","title":{"rendered":"GREY: CINCUENTA SOMBRAS DE GREY CONTADA POR CHRISTIAN"},"content":{"rendered":"<p><strong>GREY: CINCUENTA SOMBRAS DE GREY CONTADA POR CHRISTIAN<\/strong><\/p>\n<p><em><strong>&#8211; EDICI\u00d3N CORRECTA-<\/strong><\/em><\/p>\n<p><strong>E.L. JAMES.<\/strong><\/p>\n<p><strong>E.L. James nos ofrece una nueva perspectiva de la historia de amor que ya ha seducido a millones de lectores en todo el mundo, contada ahora en primera persona por Christian Grey.<\/strong><\/p>\n<p>Christian necesita tenerlo todo bajo control. Su mundo es puro orden y disciplina aunque, en el fondo, est\u00e1 vac\u00edo&#8230; hasta el d\u00eda en que Anastasia Steele aterriza de bruces en su despacho, hecha una mara\u00f1a de largo pelo casta\u00f1o y esbeltas piernas.<\/p>\n<p>\u00c9l intenta olvidarla pero, muy al contrario, se ve inmerso en una tormenta de emociones que no consigue controlar y a la que no puede resistirse. A diferencia de todas las mujeres que ha conocido, la t\u00edmida e inexperta Ana parece capaz de ver m\u00e1s all\u00e1 del exitoso empresario y la lujosa vida que le rodea, y descubrir el coraz\u00f3n fr\u00edo y lastimado de Christian.<\/p>\n<p>\u00bfLograr\u00e1 su relaci\u00f3n con Ana disipar las pesadillas que le acechan todas las noches? \u00bfO ser\u00e1n sus oscuros impulsos sexuales, su obsesi\u00f3n por el control y el desprecio hacia s\u00ed mismo los que alejar\u00e1n a la joven y destruir\u00e1n la fr\u00e1gil esperanza que ella le ofrece?<\/p>\n<p><strong>Los medios han opinado sobre la trilog\u00eda \u00abCincuenta sombras\u00bb&#8230;<\/strong><\/p>\n<p><strong>Formato, p\u00e1ginas:<\/strong> TAPA BLANDA CON SOLAPA, 648<\/p>\n<p><strong>Medidas:<\/strong> 151 X 230 mm<\/p>\n","protected":false},"excerpt":{"rendered":"<p>GREY: CINCUENTA SOMBRAS DE GREY CONTADA POR CHRISTIAN &#8211; EDICI\u00d3N CORRECTA- E.L. JAMES. E.L. James nos ofrece una nueva perspectiva<\/p>\n","protected":false},"featured_media":43668,"comment_status":"open","ping_status":"open","template":"","meta":[],"product_cat":[414],"product_tag":[416,415],"class_list":["post-43667","product","type-product","status-publish","has-post-thumbnail","hentry","product_cat-libros","product_tag-grijalbo","product_tag-random-house"],"bundled_by":[],"bundle_stock_status":"instock","bundle_stock_quantity":15,"bundle_virtual":false,"bundle_layout":"","bundle_add_to_cart_form_location":"","bundle_editable_in_cart":false,"bundle_sold_individually_context":"","bundle_item_grouping":"","bundle_min_size":"","bundle_max_size":"","bundled_items":[],"yoast_head":"<!-- This site is optimized with the Yoast SEO plugin v20.6 - https:\/\/yoast.com\/wordpress\/plugins\/seo\/ -->\n<title>GREY: CINCUENTA SOMBRAS DE GREY CONTADA POR CHRISTIAN - Tienda Er\u00f3tica<\/title>\n<meta name=\"robots\" content=\"noindex, follow, max-snippet:-1, max-image-preview:large, max-video-preview:-1\" \/>\n<meta property=\"og:locale\" content=\"es_ES\" \/>\n<meta property=\"og:type\" content=\"article\" \/>\n<meta property=\"og:title\" content=\"GREY: CINCUENTA SOMBRAS DE GREY CONTADA POR CHRISTIAN - Tienda Er\u00f3tica\" \/>\n<meta property=\"og:description\" content=\"GREY: CINCUENTA SOMBRAS DE GREY CONTADA POR CHRISTIAN &#8211; EDICI\u00d3N CORRECTA- E.L. JAMES. E.L. James nos ofrece una nueva perspectiva\" \/>\n<meta property=\"og:url\" content=\"https:\/\/demoweb.info\/sexshop001\/producto\/grey-cincuenta-sombras-de-grey-contada-por-christian\/\" \/>\n<meta property=\"og:site_name\" content=\"Tienda Er\u00f3tica\" \/>\n<meta property=\"og:image\" content=\"https:\/\/demoweb.info\/sexshop001\/wp-content\/uploads\/2022\/01\/GREY-CINCUENTA-SOMBRAS-DE-GREY-CONTADA-POR-CHRISTIAN.jpg\" \/>\n\t<meta property=\"og:image:width\" content=\"550\" \/>\n\t<meta property=\"og:image:height\" content=\"550\" \/>\n\t<meta property=\"og:image:type\" content=\"image\/jpeg\" \/>\n<meta name=\"twitter:card\" content=\"summary_large_image\" \/>\n<meta name=\"twitter:label1\" content=\"Tiempo de lectura\" \/>\n\t<meta name=\"twitter:data1\" content=\"1 minuto\" \/>\n<script type=\"application\/ld+json\" class=\"yoast-schema-graph\">{\"@context\":\"https:\/\/schema.org\",\"@graph\":[{\"@type\":\"WebPage\",\"@id\":\"https:\/\/demoweb.info\/sexshop001\/producto\/grey-cincuenta-sombras-de-grey-contada-por-christian\/\",\"url\":\"https:\/\/demoweb.info\/sexshop001\/producto\/grey-cincuenta-sombras-de-grey-contada-por-christian\/\",\"name\":\"GREY: CINCUENTA SOMBRAS DE GREY CONTADA POR CHRISTIAN - Tienda Er\u00f3tica\",\"isPartOf\":{\"@id\":\"https:\/\/demoweb.info\/sexshop001\/#website\"},\"datePublished\":\"2022-01-22T13:54:33+00:00\",\"dateModified\":\"2022-01-22T13:54:33+00:00\",\"breadcrumb\":{\"@id\":\"https:\/\/demoweb.info\/sexshop001\/producto\/grey-cincuenta-sombras-de-grey-contada-por-christian\/#breadcrumb\"},\"inLanguage\":\"es\",\"potentialAction\":[{\"@type\":\"ReadAction\",\"target\":[\"https:\/\/demoweb.info\/sexshop001\/producto\/grey-cincuenta-sombras-de-grey-contada-por-christian\/\"]}]},{\"@type\":\"BreadcrumbList\",\"@id\":\"https:\/\/demoweb.info\/sexshop001\/producto\/grey-cincuenta-sombras-de-grey-contada-por-christian\/#breadcrumb\",\"itemListElement\":[{\"@type\":\"ListItem\",\"position\":1,\"name\":\"Portada\",\"item\":\"https:\/\/demoweb.info\/sexshop001\/\"},{\"@type\":\"ListItem\",\"position\":2,\"name\":\"Tienda\",\"item\":\"https:\/\/demoweb.info\/sexshop001\/tienda\/\"},{\"@type\":\"ListItem\",\"position\":3,\"name\":\"GREY: CINCUENTA SOMBRAS DE GREY CONTADA POR CHRISTIAN\"}]},{\"@type\":\"WebSite\",\"@id\":\"https:\/\/demoweb.info\/sexshop001\/#website\",\"url\":\"https:\/\/demoweb.info\/sexshop001\/\",\"name\":\"Tienda Er\u00f3tica\",\"description\":\"DEMOWEB SL\",\"potentialAction\":[{\"@type\":\"SearchAction\",\"target\":{\"@type\":\"EntryPoint\",\"urlTemplate\":\"https:\/\/demoweb.info\/sexshop001\/?s={search_term_string}\"},\"query-input\":\"required name=search_term_string\"}],\"inLanguage\":\"es\"}]}<\/script>\n<!-- \/ Yoast SEO plugin. -->","yoast_head_json":{"title":"GREY: CINCUENTA SOMBRAS DE GREY CONTADA POR CHRISTIAN - Tienda Er\u00f3tica","robots":{"index":"noindex","follow":"follow","max-snippet":"max-snippet:-1","max-image-preview":"max-image-preview:large","max-video-preview":"max-video-preview:-1"},"og_locale":"es_ES","og_type":"article","og_title":"GREY: CINCUENTA SOMBRAS DE GREY CONTADA POR CHRISTIAN - Tienda Er\u00f3tica","og_description":"GREY: CINCUENTA SOMBRAS DE GREY CONTADA POR CHRISTIAN &#8211; EDICI\u00d3N CORRECTA- E.L. JAMES. E.L. James nos ofrece una nueva perspectiva","og_url":"https:\/\/demoweb.info\/sexshop001\/producto\/grey-cincuenta-sombras-de-grey-contada-por-christian\/","og_site_name":"Tienda Er\u00f3tica","og_image":[{"width":550,"height":550,"url":"https:\/\/demoweb.info\/sexshop001\/wp-content\/uploads\/2022\/01\/GREY-CINCUENTA-SOMBRAS-DE-GREY-CONTADA-POR-CHRISTIAN.jpg","type":"image\/jpeg"}],"twitter_card":"summary_large_image","twitter_misc":{"Tiempo de lectura":"1 minuto"},"schema":{"@context":"https:\/\/schema.org","@graph":[{"@type":"WebPage","@id":"https:\/\/demoweb.info\/sexshop001\/producto\/grey-cincuenta-sombras-de-grey-contada-por-christian\/","url":"https:\/\/demoweb.info\/sexshop001\/producto\/grey-cincuenta-sombras-de-grey-contada-por-christian\/","name":"GREY: CINCUENTA SOMBRAS DE GREY CONTADA POR CHRISTIAN - Tienda Er\u00f3tica","isPartOf":{"@id":"https:\/\/demoweb.info\/sexshop001\/#website"},"datePublished":"2022-01-22T13:54:33+00:00","dateModified":"2022-01-22T13:54:33+00:00","breadcrumb":{"@id":"https:\/\/demoweb.info\/sexshop001\/producto\/grey-cincuenta-sombras-de-grey-contada-por-christian\/#breadcrumb"},"inLanguage":"es","potentialAction":[{"@type":"ReadAction","target":["https:\/\/demoweb.info\/sexshop001\/producto\/grey-cincuenta-sombras-de-grey-contada-por-christian\/"]}]},{"@type":"BreadcrumbList","@id":"https:\/\/demoweb.info\/sexshop001\/producto\/grey-cincuenta-sombras-de-grey-contada-por-christian\/#breadcrumb","itemListElement":[{"@type":"ListItem","position":1,"name":"Portada","item":"https:\/\/demoweb.info\/sexshop001\/"},{"@type":"ListItem","position":2,"name":"Tienda","item":"https:\/\/demoweb.info\/sexshop001\/tienda\/"},{"@type":"ListItem","position":3,"name":"GREY: CINCUENTA SOMBRAS DE GREY CONTADA POR CHRISTIAN"}]},{"@type":"WebSite","@id":"https:\/\/demoweb.info\/sexshop001\/#website","url":"https:\/\/demoweb.info\/sexshop001\/","name":"Tienda Er\u00f3tica","description":"DEMOWEB SL","potentialAction":[{"@type":"SearchAction","target":{"@type":"EntryPoint","urlTemplate":"https:\/\/demoweb.info\/sexshop001\/?s={search_term_string}"},"query-input":"required name=search_term_string"}],"inLanguage":"es"}]}},"_links":{"self":[{"href":"https:\/\/demoweb.info\/sexshop001\/wp-json\/wp\/v3\/product\/43667","targetHints":{"allow":["GET"]}}],"collection":[{"href":"https:\/\/demoweb.info\/sexshop001\/wp-json\/wp\/v3\/product"}],"about":[{"href":"https:\/\/demoweb.info\/sexshop001\/wp-json\/wp\/v2\/types\/product"}],"replies":[{"embeddable":true,"href":"https:\/\/demoweb.info\/sexshop001\/wp-json\/wp\/v2\/comments?post=43667"}],"wp:featuredmedia":[{"embeddable":true,"href":"https:\/\/demoweb.info\/sexshop001\/wp-json\/wp\/v2\/media\/43668"}],"wp:attachment":[{"href":"https:\/\/demoweb.info\/sexshop001\/wp-json\/wp\/v2\/media?parent=43667"}],"wp:term":[{"taxonomy":"product_cat","embeddable":true,"href":"https:\/\/demoweb.info\/sexshop001\/wp-json\/wp\/v2\/product_cat?post=43667"},{"taxonomy":"product_tag","embeddable":true,"href":"https:\/\/demoweb.info\/sexshop001\/wp-json\/wp\/v2\/product_tag?post=43667"}],"curies":[{"name":"wp","href":"https:\/\/api.w.org\/{rel}","templated":true}]}}