{"id":43397,"date":"2022-01-22T14:51:40","date_gmt":"2022-01-22T13:51:40","guid":{"rendered":"https:\/\/demoweb.info\/sexshop001\/producto\/el-amor-y-los-bosques\/"},"modified":"2022-01-22T14:51:47","modified_gmt":"2022-01-22T13:51:47","slug":"el-amor-y-los-bosques","status":"publish","type":"product","link":"https:\/\/demoweb.info\/sexshop001\/producto\/el-amor-y-los-bosques\/","title":{"rendered":"EL AMOR Y LOS BOSQUES"},"content":{"rendered":"<p><strong>EL AMOR Y LOS BOSQUES<\/strong><\/p>\n<p><strong>Eric Reinhardt<\/strong><\/p>\n<p>B\u00e9n\u00e9dicte Ombredanne, una provinciana mujer de clase media, hace todo lo posible por conocer a \u00c9ric, el autor del libro que ha cambiado su vida. En sus encuentros en un caf\u00e9 de Par\u00eds, o en sus mensajes por mail, le conf\u00eda sus secretos m\u00e1s \u00edntimos: la tormentosa relaci\u00f3n con un marido cruel y ego\u00edsta, y el descubrimiento de una nueva sexualidad con un amante encontrado en una p\u00e1gina de citas en internet.<\/p>\n<p>En un momento dado pierden el contacto por un tiempo, pero cuando \u00c9ric se entera del destino de B\u00e9n\u00e9dicte, viajar\u00e1 a Metz en busca de toda la verdad.<\/p>\n<p><strong>Ganadora del Premio Renaudot des Lyc\u00e9ens<\/strong><\/p>\n<p><strong>Candidata al Premio Goncourt<\/strong><\/p>\n<p><strong>Finalista del Premio M\u00e9dicis<\/strong><\/p>\n<p><strong>La cr\u00edtica ha dicho&#8230;<\/strong><\/p>\n<p>\u00abEnfado y consternaci\u00f3n. Era uno de los favoritos, pero el Premio Goncourt no ser\u00e1 para \u00e9l. Una de las mejores novelas de la temporada y un gran \u00e9xito de ventas.\u00bb<\/p>\n<p><em>Les Inrocks<\/em><\/p>\n<p>\u00abEl amor y los bosques es tambi\u00e9n una novela&#8230; sobre una novela. El primer cap\u00edtulo es en realidad una curva que nos permite comprender a la g\u00e9nesis del libro -pero, \u00bfes realidad? \u00bfEs ficci\u00f3n?- Contiene hermosas p\u00e1ginas sobre la escritura y la literatura, sobre la importancia de ambas, que son ox\u00edgeno para el alma.\u00bb<\/p>\n<p><em>Le Point<\/em><\/p>\n<p>\u00abEl magn\u00edfico retrato de una Bovary contempor\u00e1nea.\u00bb<\/p>\n<p><em>Le Soir<\/em><\/p>\n<p><strong>Formato, p\u00e1ginas:<\/strong> TAPA BLANDA CON SOLAPA, 360<\/p>\n<p><strong>Medidas:<\/strong> 151 X 240 mm<\/p>\n","protected":false},"excerpt":{"rendered":"<p>EL AMOR Y LOS BOSQUES Eric Reinhardt B\u00e9n\u00e9dicte Ombredanne, una provinciana mujer de clase media, hace todo lo posible por<\/p>\n","protected":false},"featured_media":43398,"comment_status":"open","ping_status":"open","template":"","meta":[],"product_cat":[414],"product_tag":[1381],"class_list":["post-43397","product","type-product","status-publish","has-post-thumbnail","hentry","product_cat-libros","product_tag-alfaguara"],"bundled_by":[],"bundle_stock_status":"instock","bundle_stock_quantity":3,"bundle_virtual":false,"bundle_layout":"","bundle_add_to_cart_form_location":"","bundle_editable_in_cart":false,"bundle_sold_individually_context":"","bundle_item_grouping":"","bundle_min_size":"","bundle_max_size":"","bundled_items":[],"yoast_head":"<!-- This site is optimized with the Yoast SEO plugin v20.6 - https:\/\/yoast.com\/wordpress\/plugins\/seo\/ -->\n<title>EL AMOR Y LOS BOSQUES - Tienda Er\u00f3tica<\/title>\n<meta name=\"robots\" content=\"noindex, follow, max-snippet:-1, max-image-preview:large, max-video-preview:-1\" \/>\n<meta property=\"og:locale\" content=\"es_ES\" \/>\n<meta property=\"og:type\" content=\"article\" \/>\n<meta property=\"og:title\" content=\"EL AMOR Y LOS BOSQUES - Tienda Er\u00f3tica\" \/>\n<meta property=\"og:description\" content=\"EL AMOR Y LOS BOSQUES Eric Reinhardt B\u00e9n\u00e9dicte Ombredanne, una provinciana mujer de clase media, hace todo lo posible por\" \/>\n<meta property=\"og:url\" content=\"https:\/\/demoweb.info\/sexshop001\/producto\/el-amor-y-los-bosques\/\" \/>\n<meta property=\"og:site_name\" content=\"Tienda Er\u00f3tica\" \/>\n<meta property=\"article:modified_time\" content=\"2022-01-22T13:51:47+00:00\" \/>\n<meta property=\"og:image\" content=\"https:\/\/demoweb.info\/sexshop001\/wp-content\/uploads\/2022\/01\/EL-AMOR-Y-LOS-BOSQUES.jpg\" \/>\n\t<meta property=\"og:image:width\" content=\"550\" \/>\n\t<meta property=\"og:image:height\" content=\"550\" \/>\n\t<meta property=\"og:image:type\" content=\"image\/jpeg\" \/>\n<meta name=\"twitter:card\" content=\"summary_large_image\" \/>\n<meta name=\"twitter:label1\" content=\"Tiempo de lectura\" \/>\n\t<meta name=\"twitter:data1\" content=\"1 minuto\" \/>\n<script type=\"application\/ld+json\" class=\"yoast-schema-graph\">{\"@context\":\"https:\/\/schema.org\",\"@graph\":[{\"@type\":\"WebPage\",\"@id\":\"https:\/\/demoweb.info\/sexshop001\/producto\/el-amor-y-los-bosques\/\",\"url\":\"https:\/\/demoweb.info\/sexshop001\/producto\/el-amor-y-los-bosques\/\",\"name\":\"EL AMOR Y LOS BOSQUES - Tienda Er\u00f3tica\",\"isPartOf\":{\"@id\":\"https:\/\/demoweb.info\/sexshop001\/#website\"},\"datePublished\":\"2022-01-22T13:51:40+00:00\",\"dateModified\":\"2022-01-22T13:51:47+00:00\",\"breadcrumb\":{\"@id\":\"https:\/\/demoweb.info\/sexshop001\/producto\/el-amor-y-los-bosques\/#breadcrumb\"},\"inLanguage\":\"es\",\"potentialAction\":[{\"@type\":\"ReadAction\",\"target\":[\"https:\/\/demoweb.info\/sexshop001\/producto\/el-amor-y-los-bosques\/\"]}]},{\"@type\":\"BreadcrumbList\",\"@id\":\"https:\/\/demoweb.info\/sexshop001\/producto\/el-amor-y-los-bosques\/#breadcrumb\",\"itemListElement\":[{\"@type\":\"ListItem\",\"position\":1,\"name\":\"Portada\",\"item\":\"https:\/\/demoweb.info\/sexshop001\/\"},{\"@type\":\"ListItem\",\"position\":2,\"name\":\"Tienda\",\"item\":\"https:\/\/demoweb.info\/sexshop001\/tienda\/\"},{\"@type\":\"ListItem\",\"position\":3,\"name\":\"EL AMOR Y LOS BOSQUES\"}]},{\"@type\":\"WebSite\",\"@id\":\"https:\/\/demoweb.info\/sexshop001\/#website\",\"url\":\"https:\/\/demoweb.info\/sexshop001\/\",\"name\":\"Tienda Er\u00f3tica\",\"description\":\"DEMOWEB SL\",\"potentialAction\":[{\"@type\":\"SearchAction\",\"target\":{\"@type\":\"EntryPoint\",\"urlTemplate\":\"https:\/\/demoweb.info\/sexshop001\/?s={search_term_string}\"},\"query-input\":\"required name=search_term_string\"}],\"inLanguage\":\"es\"}]}<\/script>\n<!-- \/ Yoast SEO plugin. -->","yoast_head_json":{"title":"EL AMOR Y LOS BOSQUES - Tienda Er\u00f3tica","robots":{"index":"noindex","follow":"follow","max-snippet":"max-snippet:-1","max-image-preview":"max-image-preview:large","max-video-preview":"max-video-preview:-1"},"og_locale":"es_ES","og_type":"article","og_title":"EL AMOR Y LOS BOSQUES - Tienda Er\u00f3tica","og_description":"EL AMOR Y LOS BOSQUES Eric Reinhardt B\u00e9n\u00e9dicte Ombredanne, una provinciana mujer de clase media, hace todo lo posible por","og_url":"https:\/\/demoweb.info\/sexshop001\/producto\/el-amor-y-los-bosques\/","og_site_name":"Tienda Er\u00f3tica","article_modified_time":"2022-01-22T13:51:47+00:00","og_image":[{"width":550,"height":550,"url":"https:\/\/demoweb.info\/sexshop001\/wp-content\/uploads\/2022\/01\/EL-AMOR-Y-LOS-BOSQUES.jpg","type":"image\/jpeg"}],"twitter_card":"summary_large_image","twitter_misc":{"Tiempo de lectura":"1 minuto"},"schema":{"@context":"https:\/\/schema.org","@graph":[{"@type":"WebPage","@id":"https:\/\/demoweb.info\/sexshop001\/producto\/el-amor-y-los-bosques\/","url":"https:\/\/demoweb.info\/sexshop001\/producto\/el-amor-y-los-bosques\/","name":"EL AMOR Y LOS BOSQUES - Tienda Er\u00f3tica","isPartOf":{"@id":"https:\/\/demoweb.info\/sexshop001\/#website"},"datePublished":"2022-01-22T13:51:40+00:00","dateModified":"2022-01-22T13:51:47+00:00","breadcrumb":{"@id":"https:\/\/demoweb.info\/sexshop001\/producto\/el-amor-y-los-bosques\/#breadcrumb"},"inLanguage":"es","potentialAction":[{"@type":"ReadAction","target":["https:\/\/demoweb.info\/sexshop001\/producto\/el-amor-y-los-bosques\/"]}]},{"@type":"BreadcrumbList","@id":"https:\/\/demoweb.info\/sexshop001\/producto\/el-amor-y-los-bosques\/#breadcrumb","itemListElement":[{"@type":"ListItem","position":1,"name":"Portada","item":"https:\/\/demoweb.info\/sexshop001\/"},{"@type":"ListItem","position":2,"name":"Tienda","item":"https:\/\/demoweb.info\/sexshop001\/tienda\/"},{"@type":"ListItem","position":3,"name":"EL AMOR Y LOS BOSQUES"}]},{"@type":"WebSite","@id":"https:\/\/demoweb.info\/sexshop001\/#website","url":"https:\/\/demoweb.info\/sexshop001\/","name":"Tienda Er\u00f3tica","description":"DEMOWEB SL","potentialAction":[{"@type":"SearchAction","target":{"@type":"EntryPoint","urlTemplate":"https:\/\/demoweb.info\/sexshop001\/?s={search_term_string}"},"query-input":"required name=search_term_string"}],"inLanguage":"es"}]}},"_links":{"self":[{"href":"https:\/\/demoweb.info\/sexshop001\/wp-json\/wp\/v3\/product\/43397","targetHints":{"allow":["GET"]}}],"collection":[{"href":"https:\/\/demoweb.info\/sexshop001\/wp-json\/wp\/v3\/product"}],"about":[{"href":"https:\/\/demoweb.info\/sexshop001\/wp-json\/wp\/v2\/types\/product"}],"replies":[{"embeddable":true,"href":"https:\/\/demoweb.info\/sexshop001\/wp-json\/wp\/v2\/comments?post=43397"}],"wp:featuredmedia":[{"embeddable":true,"href":"https:\/\/demoweb.info\/sexshop001\/wp-json\/wp\/v2\/media\/43398"}],"wp:attachment":[{"href":"https:\/\/demoweb.info\/sexshop001\/wp-json\/wp\/v2\/media?parent=43397"}],"wp:term":[{"taxonomy":"product_cat","embeddable":true,"href":"https:\/\/demoweb.info\/sexshop001\/wp-json\/wp\/v2\/product_cat?post=43397"},{"taxonomy":"product_tag","embeddable":true,"href":"https:\/\/demoweb.info\/sexshop001\/wp-json\/wp\/v2\/product_tag?post=43397"}],"curies":[{"name":"wp","href":"https:\/\/api.w.org\/{rel}","templated":true}]}}