{"id":43214,"date":"2022-01-22T14:49:54","date_gmt":"2022-01-22T13:49:54","guid":{"rendered":"https:\/\/demoweb.info\/sexshop001\/producto\/atrevete-con-el-azote-el-juego-feliz\/"},"modified":"2022-01-22T14:50:03","modified_gmt":"2022-01-22T13:50:03","slug":"atrevete-con-el-azote-el-juego-feliz","status":"publish","type":"product","link":"https:\/\/demoweb.info\/sexshop001\/producto\/atrevete-con-el-azote-el-juego-feliz\/","title":{"rendered":"ATREVETE&#8230; CON EL AZOTE, EL JUEGO FELIZ"},"content":{"rendered":"<p><strong>ATREVETE CON EL AZOTE, EL JUEGO FELIZ.<\/strong><\/p>\n<p>El azote es una de las pr\u00e1cticas sexuales m\u00e1s antiguas y extendidas. Sin violencia ni humillaci\u00f3n o tan s\u00f3lo con una pizca de ambos elementos, este peque\u00f1o juego libremente consentido entre adultos ha formado desde siempre parte de los rituales er\u00f3ticos m\u00e1s t\u00f3rridos. Recomendado en el pasado para revigorizar los ardores mas culinos, el azote, siempre y cuando no abuses de \u00e9l, se convertir\u00e1 en uno de los c\u00f3mplices de tu sexualidad. Por fin una gu\u00eda que lo explica todo y que ofrece consejos pr\u00e1cticos para alcanzar el placer sin dolor.<\/p>\n<p>ISBN:978-84-7927-932-5<\/p>\n<p>P\u00e1ginas 150.<\/p>\n","protected":false},"excerpt":{"rendered":"<p>ATREVETE CON EL AZOTE, EL JUEGO FELIZ. El azote es una de las pr\u00e1cticas sexuales m\u00e1s antiguas y extendidas. Sin<\/p>\n","protected":false},"featured_media":43215,"comment_status":"open","ping_status":"open","template":"","meta":[],"product_cat":[414],"product_tag":[1335],"class_list":["post-43214","product","type-product","status-publish","has-post-thumbnail","hentry","product_cat-libros","product_tag-rouge"],"bundled_by":[],"bundle_stock_status":"outofstock","bundle_stock_quantity":0,"bundle_virtual":false,"bundle_layout":"","bundle_add_to_cart_form_location":"","bundle_editable_in_cart":false,"bundle_sold_individually_context":"","bundle_item_grouping":"","bundle_min_size":"","bundle_max_size":"","bundled_items":[],"yoast_head":"<!-- This site is optimized with the Yoast SEO plugin v20.6 - https:\/\/yoast.com\/wordpress\/plugins\/seo\/ -->\n<title>ATREVETE... CON EL AZOTE, EL JUEGO FELIZ - Tienda Er\u00f3tica<\/title>\n<meta name=\"robots\" content=\"noindex, follow, max-snippet:-1, max-image-preview:large, max-video-preview:-1\" \/>\n<meta property=\"og:locale\" content=\"es_ES\" \/>\n<meta property=\"og:type\" content=\"article\" \/>\n<meta property=\"og:title\" content=\"ATREVETE... CON EL AZOTE, EL JUEGO FELIZ - Tienda Er\u00f3tica\" \/>\n<meta property=\"og:description\" content=\"ATREVETE CON EL AZOTE, EL JUEGO FELIZ. El azote es una de las pr\u00e1cticas sexuales m\u00e1s antiguas y extendidas. Sin\" \/>\n<meta property=\"og:url\" content=\"https:\/\/demoweb.info\/sexshop001\/producto\/atrevete-con-el-azote-el-juego-feliz\/\" \/>\n<meta property=\"og:site_name\" content=\"Tienda Er\u00f3tica\" \/>\n<meta property=\"article:modified_time\" content=\"2022-01-22T13:50:03+00:00\" \/>\n<meta property=\"og:image\" content=\"https:\/\/demoweb.info\/sexshop001\/wp-content\/uploads\/2022\/01\/ATREVETE...-CON-EL-AZOTE-EL-JUEGO-FELIZ.jpg\" \/>\n\t<meta property=\"og:image:width\" content=\"550\" \/>\n\t<meta property=\"og:image:height\" content=\"550\" \/>\n\t<meta property=\"og:image:type\" content=\"image\/jpeg\" \/>\n<meta name=\"twitter:card\" content=\"summary_large_image\" \/>\n<meta name=\"twitter:label1\" content=\"Tiempo de lectura\" \/>\n\t<meta name=\"twitter:data1\" content=\"1 minuto\" \/>\n<script type=\"application\/ld+json\" class=\"yoast-schema-graph\">{\"@context\":\"https:\/\/schema.org\",\"@graph\":[{\"@type\":\"WebPage\",\"@id\":\"https:\/\/demoweb.info\/sexshop001\/producto\/atrevete-con-el-azote-el-juego-feliz\/\",\"url\":\"https:\/\/demoweb.info\/sexshop001\/producto\/atrevete-con-el-azote-el-juego-feliz\/\",\"name\":\"ATREVETE... CON EL AZOTE, EL JUEGO FELIZ - Tienda Er\u00f3tica\",\"isPartOf\":{\"@id\":\"https:\/\/demoweb.info\/sexshop001\/#website\"},\"datePublished\":\"2022-01-22T13:49:54+00:00\",\"dateModified\":\"2022-01-22T13:50:03+00:00\",\"breadcrumb\":{\"@id\":\"https:\/\/demoweb.info\/sexshop001\/producto\/atrevete-con-el-azote-el-juego-feliz\/#breadcrumb\"},\"inLanguage\":\"es\",\"potentialAction\":[{\"@type\":\"ReadAction\",\"target\":[\"https:\/\/demoweb.info\/sexshop001\/producto\/atrevete-con-el-azote-el-juego-feliz\/\"]}]},{\"@type\":\"BreadcrumbList\",\"@id\":\"https:\/\/demoweb.info\/sexshop001\/producto\/atrevete-con-el-azote-el-juego-feliz\/#breadcrumb\",\"itemListElement\":[{\"@type\":\"ListItem\",\"position\":1,\"name\":\"Portada\",\"item\":\"https:\/\/demoweb.info\/sexshop001\/\"},{\"@type\":\"ListItem\",\"position\":2,\"name\":\"Tienda\",\"item\":\"https:\/\/demoweb.info\/sexshop001\/tienda\/\"},{\"@type\":\"ListItem\",\"position\":3,\"name\":\"ATREVETE&#8230; CON EL AZOTE, EL JUEGO FELIZ\"}]},{\"@type\":\"WebSite\",\"@id\":\"https:\/\/demoweb.info\/sexshop001\/#website\",\"url\":\"https:\/\/demoweb.info\/sexshop001\/\",\"name\":\"Tienda Er\u00f3tica\",\"description\":\"DEMOWEB SL\",\"potentialAction\":[{\"@type\":\"SearchAction\",\"target\":{\"@type\":\"EntryPoint\",\"urlTemplate\":\"https:\/\/demoweb.info\/sexshop001\/?s={search_term_string}\"},\"query-input\":\"required name=search_term_string\"}],\"inLanguage\":\"es\"}]}<\/script>\n<!-- \/ Yoast SEO plugin. -->","yoast_head_json":{"title":"ATREVETE... CON EL AZOTE, EL JUEGO FELIZ - Tienda Er\u00f3tica","robots":{"index":"noindex","follow":"follow","max-snippet":"max-snippet:-1","max-image-preview":"max-image-preview:large","max-video-preview":"max-video-preview:-1"},"og_locale":"es_ES","og_type":"article","og_title":"ATREVETE... CON EL AZOTE, EL JUEGO FELIZ - Tienda Er\u00f3tica","og_description":"ATREVETE CON EL AZOTE, EL JUEGO FELIZ. El azote es una de las pr\u00e1cticas sexuales m\u00e1s antiguas y extendidas. Sin","og_url":"https:\/\/demoweb.info\/sexshop001\/producto\/atrevete-con-el-azote-el-juego-feliz\/","og_site_name":"Tienda Er\u00f3tica","article_modified_time":"2022-01-22T13:50:03+00:00","og_image":[{"width":550,"height":550,"url":"https:\/\/demoweb.info\/sexshop001\/wp-content\/uploads\/2022\/01\/ATREVETE...-CON-EL-AZOTE-EL-JUEGO-FELIZ.jpg","type":"image\/jpeg"}],"twitter_card":"summary_large_image","twitter_misc":{"Tiempo de lectura":"1 minuto"},"schema":{"@context":"https:\/\/schema.org","@graph":[{"@type":"WebPage","@id":"https:\/\/demoweb.info\/sexshop001\/producto\/atrevete-con-el-azote-el-juego-feliz\/","url":"https:\/\/demoweb.info\/sexshop001\/producto\/atrevete-con-el-azote-el-juego-feliz\/","name":"ATREVETE... CON EL AZOTE, EL JUEGO FELIZ - Tienda Er\u00f3tica","isPartOf":{"@id":"https:\/\/demoweb.info\/sexshop001\/#website"},"datePublished":"2022-01-22T13:49:54+00:00","dateModified":"2022-01-22T13:50:03+00:00","breadcrumb":{"@id":"https:\/\/demoweb.info\/sexshop001\/producto\/atrevete-con-el-azote-el-juego-feliz\/#breadcrumb"},"inLanguage":"es","potentialAction":[{"@type":"ReadAction","target":["https:\/\/demoweb.info\/sexshop001\/producto\/atrevete-con-el-azote-el-juego-feliz\/"]}]},{"@type":"BreadcrumbList","@id":"https:\/\/demoweb.info\/sexshop001\/producto\/atrevete-con-el-azote-el-juego-feliz\/#breadcrumb","itemListElement":[{"@type":"ListItem","position":1,"name":"Portada","item":"https:\/\/demoweb.info\/sexshop001\/"},{"@type":"ListItem","position":2,"name":"Tienda","item":"https:\/\/demoweb.info\/sexshop001\/tienda\/"},{"@type":"ListItem","position":3,"name":"ATREVETE&#8230; CON EL AZOTE, EL JUEGO FELIZ"}]},{"@type":"WebSite","@id":"https:\/\/demoweb.info\/sexshop001\/#website","url":"https:\/\/demoweb.info\/sexshop001\/","name":"Tienda Er\u00f3tica","description":"DEMOWEB SL","potentialAction":[{"@type":"SearchAction","target":{"@type":"EntryPoint","urlTemplate":"https:\/\/demoweb.info\/sexshop001\/?s={search_term_string}"},"query-input":"required name=search_term_string"}],"inLanguage":"es"}]}},"_links":{"self":[{"href":"https:\/\/demoweb.info\/sexshop001\/wp-json\/wp\/v3\/product\/43214","targetHints":{"allow":["GET"]}}],"collection":[{"href":"https:\/\/demoweb.info\/sexshop001\/wp-json\/wp\/v3\/product"}],"about":[{"href":"https:\/\/demoweb.info\/sexshop001\/wp-json\/wp\/v2\/types\/product"}],"replies":[{"embeddable":true,"href":"https:\/\/demoweb.info\/sexshop001\/wp-json\/wp\/v2\/comments?post=43214"}],"wp:featuredmedia":[{"embeddable":true,"href":"https:\/\/demoweb.info\/sexshop001\/wp-json\/wp\/v2\/media\/43215"}],"wp:attachment":[{"href":"https:\/\/demoweb.info\/sexshop001\/wp-json\/wp\/v2\/media?parent=43214"}],"wp:term":[{"taxonomy":"product_cat","embeddable":true,"href":"https:\/\/demoweb.info\/sexshop001\/wp-json\/wp\/v2\/product_cat?post=43214"},{"taxonomy":"product_tag","embeddable":true,"href":"https:\/\/demoweb.info\/sexshop001\/wp-json\/wp\/v2\/product_tag?post=43214"}],"curies":[{"name":"wp","href":"https:\/\/api.w.org\/{rel}","templated":true}]}}