{"id":43208,"date":"2022-01-22T14:49:54","date_gmt":"2022-01-22T13:49:54","guid":{"rendered":"https:\/\/demoweb.info\/sexshop001\/producto\/porque-nos-amamos\/"},"modified":"2022-01-22T14:50:00","modified_gmt":"2022-01-22T13:50:00","slug":"porque-nos-amamos","status":"publish","type":"product","link":"https:\/\/demoweb.info\/sexshop001\/producto\/porque-nos-amamos\/","title":{"rendered":"PORQUE NOS AMAMOS"},"content":{"rendered":"<p><strong>PORQUE NOS AMAMOS.<\/strong><\/p>\n<p><strong>Beth Kery.<\/strong><br \/>\n\u00c9l est\u00e1 acostumbrado a conseguir lo que quiere. Ella todav\u00eda no sabe hasta d\u00f3nde es capaz de llegar por amor. Ian y Francesca siguen disfrutando de la exquisita pasi\u00f3n que los uni\u00f3, pero deber\u00e1n enfrentarse a unos turbios acontecimientos que atormentan a Ian y que amenazan con separarlos para siempre. La vida de \u00e9l est\u00e1 marcada por un siniestro secreto que desconoc\u00eda, aunque la sombra de esta realidad le convirti\u00f3 en el hombre oscuro y misterioso que es&#8230; El mismo que sedujo a Francesca y que la tiene completa y apasionadamente enamorada. Ahora Ian debe encarar la verdad, aunque ello ponga en peligro la relaci\u00f3n con su adorada y sexy prometida. Por su parte Francesca se ver\u00e1 obligada a confiar en sus sentimientos, aunque no sabe si ser\u00e1 capaz de pasar esta prueba de fuego. Si no lo consiguen, el idilio m\u00e1s excitante de sus vidas se desvanecer\u00e1. Pero si lo logran, confirmar\u00e1n algo que ya intu\u00edan: nunca dejar\u00e1n de amarse. \u00abRealista y, aun as\u00ed, fant\u00e1stica. Emotiva y ruda pero con toques de humor y de ternura&#8230;\u00bb<\/p>\n<p>397 P\u00e1ginas.<\/p>\n<p>ISBN: 978-84-9062-713-6<\/p>\n<p>Tapa blanda con solapa 19 x 12,5 cm. Edici\u00f3n Debolsillo.<\/p>\n","protected":false},"excerpt":{"rendered":"<p>PORQUE NOS AMAMOS. Beth Kery. \u00c9l est\u00e1 acostumbrado a conseguir lo que quiere. Ella todav\u00eda no sabe hasta d\u00f3nde es<\/p>\n","protected":false},"featured_media":43209,"comment_status":"open","ping_status":"open","template":"","meta":[],"product_cat":[414],"product_tag":[722,415],"class_list":["post-43208","product","type-product","status-publish","has-post-thumbnail","hentry","product_cat-libros","product_tag-debolsillo","product_tag-random-house"],"bundled_by":[],"bundle_stock_status":"instock","bundle_stock_quantity":1,"bundle_virtual":false,"bundle_layout":"","bundle_add_to_cart_form_location":"","bundle_editable_in_cart":false,"bundle_sold_individually_context":"","bundle_item_grouping":"","bundle_min_size":"","bundle_max_size":"","bundled_items":[],"yoast_head":"<!-- This site is optimized with the Yoast SEO plugin v20.6 - https:\/\/yoast.com\/wordpress\/plugins\/seo\/ -->\n<title>PORQUE NOS AMAMOS - Tienda Er\u00f3tica<\/title>\n<meta name=\"robots\" content=\"noindex, follow, max-snippet:-1, max-image-preview:large, max-video-preview:-1\" \/>\n<meta property=\"og:locale\" content=\"es_ES\" \/>\n<meta property=\"og:type\" content=\"article\" \/>\n<meta property=\"og:title\" content=\"PORQUE NOS AMAMOS - Tienda Er\u00f3tica\" \/>\n<meta property=\"og:description\" content=\"PORQUE NOS AMAMOS. Beth Kery. \u00c9l est\u00e1 acostumbrado a conseguir lo que quiere. Ella todav\u00eda no sabe hasta d\u00f3nde es\" \/>\n<meta property=\"og:url\" content=\"https:\/\/demoweb.info\/sexshop001\/producto\/porque-nos-amamos\/\" \/>\n<meta property=\"og:site_name\" content=\"Tienda Er\u00f3tica\" \/>\n<meta property=\"article:modified_time\" content=\"2022-01-22T13:50:00+00:00\" \/>\n<meta property=\"og:image\" content=\"https:\/\/demoweb.info\/sexshop001\/wp-content\/uploads\/2022\/01\/PORQUE-NOS-AMAMOS.jpg\" \/>\n\t<meta property=\"og:image:width\" content=\"550\" \/>\n\t<meta property=\"og:image:height\" content=\"550\" \/>\n\t<meta property=\"og:image:type\" content=\"image\/jpeg\" \/>\n<meta name=\"twitter:card\" content=\"summary_large_image\" \/>\n<meta name=\"twitter:label1\" content=\"Tiempo de lectura\" \/>\n\t<meta name=\"twitter:data1\" content=\"1 minuto\" \/>\n<script type=\"application\/ld+json\" class=\"yoast-schema-graph\">{\"@context\":\"https:\/\/schema.org\",\"@graph\":[{\"@type\":\"WebPage\",\"@id\":\"https:\/\/demoweb.info\/sexshop001\/producto\/porque-nos-amamos\/\",\"url\":\"https:\/\/demoweb.info\/sexshop001\/producto\/porque-nos-amamos\/\",\"name\":\"PORQUE NOS AMAMOS - Tienda Er\u00f3tica\",\"isPartOf\":{\"@id\":\"https:\/\/demoweb.info\/sexshop001\/#website\"},\"datePublished\":\"2022-01-22T13:49:54+00:00\",\"dateModified\":\"2022-01-22T13:50:00+00:00\",\"breadcrumb\":{\"@id\":\"https:\/\/demoweb.info\/sexshop001\/producto\/porque-nos-amamos\/#breadcrumb\"},\"inLanguage\":\"es\",\"potentialAction\":[{\"@type\":\"ReadAction\",\"target\":[\"https:\/\/demoweb.info\/sexshop001\/producto\/porque-nos-amamos\/\"]}]},{\"@type\":\"BreadcrumbList\",\"@id\":\"https:\/\/demoweb.info\/sexshop001\/producto\/porque-nos-amamos\/#breadcrumb\",\"itemListElement\":[{\"@type\":\"ListItem\",\"position\":1,\"name\":\"Portada\",\"item\":\"https:\/\/demoweb.info\/sexshop001\/\"},{\"@type\":\"ListItem\",\"position\":2,\"name\":\"Tienda\",\"item\":\"https:\/\/demoweb.info\/sexshop001\/tienda\/\"},{\"@type\":\"ListItem\",\"position\":3,\"name\":\"PORQUE NOS AMAMOS\"}]},{\"@type\":\"WebSite\",\"@id\":\"https:\/\/demoweb.info\/sexshop001\/#website\",\"url\":\"https:\/\/demoweb.info\/sexshop001\/\",\"name\":\"Tienda Er\u00f3tica\",\"description\":\"DEMOWEB SL\",\"potentialAction\":[{\"@type\":\"SearchAction\",\"target\":{\"@type\":\"EntryPoint\",\"urlTemplate\":\"https:\/\/demoweb.info\/sexshop001\/?s={search_term_string}\"},\"query-input\":\"required name=search_term_string\"}],\"inLanguage\":\"es\"}]}<\/script>\n<!-- \/ Yoast SEO plugin. -->","yoast_head_json":{"title":"PORQUE NOS AMAMOS - Tienda Er\u00f3tica","robots":{"index":"noindex","follow":"follow","max-snippet":"max-snippet:-1","max-image-preview":"max-image-preview:large","max-video-preview":"max-video-preview:-1"},"og_locale":"es_ES","og_type":"article","og_title":"PORQUE NOS AMAMOS - Tienda Er\u00f3tica","og_description":"PORQUE NOS AMAMOS. Beth Kery. \u00c9l est\u00e1 acostumbrado a conseguir lo que quiere. Ella todav\u00eda no sabe hasta d\u00f3nde es","og_url":"https:\/\/demoweb.info\/sexshop001\/producto\/porque-nos-amamos\/","og_site_name":"Tienda Er\u00f3tica","article_modified_time":"2022-01-22T13:50:00+00:00","og_image":[{"width":550,"height":550,"url":"https:\/\/demoweb.info\/sexshop001\/wp-content\/uploads\/2022\/01\/PORQUE-NOS-AMAMOS.jpg","type":"image\/jpeg"}],"twitter_card":"summary_large_image","twitter_misc":{"Tiempo de lectura":"1 minuto"},"schema":{"@context":"https:\/\/schema.org","@graph":[{"@type":"WebPage","@id":"https:\/\/demoweb.info\/sexshop001\/producto\/porque-nos-amamos\/","url":"https:\/\/demoweb.info\/sexshop001\/producto\/porque-nos-amamos\/","name":"PORQUE NOS AMAMOS - Tienda Er\u00f3tica","isPartOf":{"@id":"https:\/\/demoweb.info\/sexshop001\/#website"},"datePublished":"2022-01-22T13:49:54+00:00","dateModified":"2022-01-22T13:50:00+00:00","breadcrumb":{"@id":"https:\/\/demoweb.info\/sexshop001\/producto\/porque-nos-amamos\/#breadcrumb"},"inLanguage":"es","potentialAction":[{"@type":"ReadAction","target":["https:\/\/demoweb.info\/sexshop001\/producto\/porque-nos-amamos\/"]}]},{"@type":"BreadcrumbList","@id":"https:\/\/demoweb.info\/sexshop001\/producto\/porque-nos-amamos\/#breadcrumb","itemListElement":[{"@type":"ListItem","position":1,"name":"Portada","item":"https:\/\/demoweb.info\/sexshop001\/"},{"@type":"ListItem","position":2,"name":"Tienda","item":"https:\/\/demoweb.info\/sexshop001\/tienda\/"},{"@type":"ListItem","position":3,"name":"PORQUE NOS AMAMOS"}]},{"@type":"WebSite","@id":"https:\/\/demoweb.info\/sexshop001\/#website","url":"https:\/\/demoweb.info\/sexshop001\/","name":"Tienda Er\u00f3tica","description":"DEMOWEB SL","potentialAction":[{"@type":"SearchAction","target":{"@type":"EntryPoint","urlTemplate":"https:\/\/demoweb.info\/sexshop001\/?s={search_term_string}"},"query-input":"required name=search_term_string"}],"inLanguage":"es"}]}},"_links":{"self":[{"href":"https:\/\/demoweb.info\/sexshop001\/wp-json\/wp\/v3\/product\/43208","targetHints":{"allow":["GET"]}}],"collection":[{"href":"https:\/\/demoweb.info\/sexshop001\/wp-json\/wp\/v3\/product"}],"about":[{"href":"https:\/\/demoweb.info\/sexshop001\/wp-json\/wp\/v2\/types\/product"}],"replies":[{"embeddable":true,"href":"https:\/\/demoweb.info\/sexshop001\/wp-json\/wp\/v2\/comments?post=43208"}],"wp:featuredmedia":[{"embeddable":true,"href":"https:\/\/demoweb.info\/sexshop001\/wp-json\/wp\/v2\/media\/43209"}],"wp:attachment":[{"href":"https:\/\/demoweb.info\/sexshop001\/wp-json\/wp\/v2\/media?parent=43208"}],"wp:term":[{"taxonomy":"product_cat","embeddable":true,"href":"https:\/\/demoweb.info\/sexshop001\/wp-json\/wp\/v2\/product_cat?post=43208"},{"taxonomy":"product_tag","embeddable":true,"href":"https:\/\/demoweb.info\/sexshop001\/wp-json\/wp\/v2\/product_tag?post=43208"}],"curies":[{"name":"wp","href":"https:\/\/api.w.org\/{rel}","templated":true}]}}