{"id":43206,"date":"2022-01-22T14:49:54","date_gmt":"2022-01-22T13:49:54","guid":{"rendered":"https:\/\/demoweb.info\/sexshop001\/producto\/porque-eres-mia\/"},"modified":"2022-01-22T14:49:59","modified_gmt":"2022-01-22T13:49:59","slug":"porque-eres-mia","status":"publish","type":"product","link":"https:\/\/demoweb.info\/sexshop001\/producto\/porque-eres-mia\/","title":{"rendered":"PORQUE ERES MIA"},"content":{"rendered":"<p><strong>PORQUE ERES M\u00cdA.<\/strong><br \/>\n<strong>Beth Kery.<\/strong><\/p>\n<p>El primer beso, la primera caricia, el primer desaf\u00edo entre una mujer que ans\u00eda algo que nunca ha tenido, y un hombre que siempre consigue lo que quiere. Francesca Arno ha sido seleccionada entre miles de j\u00f3venes artistas para pintar el mural que presidir\u00e1 el vest\u00edbulo del nuevo rascacielos de Ian Noble. \u00c9l ha organizado un a fiesta en su honor y es all\u00ed donde ella lo ve por primera vez. La atracci\u00f3n que siente Francesca es tan inmediata como desconcertante. Nunca hab\u00eda reaccionado as\u00ed ante un desconocido. Enigm\u00e1tico, intenso, misterioso e imponente, Ian la perturba por completo. Y a ella le encanta. Para Ian ella es el tipo de mujer por la que no puede evitar sentirse fascinado, una aut\u00e9ntica rareza: una chica absolutamente inocente. No obstante, tambi\u00e9n percibe que ella desea abrirse, experimentar, entregarse a las fantas\u00edas de un hombre como \u00e9l. Tras su primer roce, las barreras del deseo y la pasi\u00f3n ir\u00e1n cayendo irremediablemente&#8230;<\/p>\n<p>413 P\u00e1ginas.<\/p>\n<p>ISBN: 978-84-9062-712-9<\/p>\n<p>Tapa blanda con solapa 19 x 12,5 cm. Edici\u00f3n Debolsillo.<\/p>\n","protected":false},"excerpt":{"rendered":"<p>PORQUE ERES M\u00cdA. Beth Kery. El primer beso, la primera caricia, el primer desaf\u00edo entre una mujer que ans\u00eda algo<\/p>\n","protected":false},"featured_media":43207,"comment_status":"open","ping_status":"open","template":"","meta":[],"product_cat":[414],"product_tag":[722,415],"class_list":["post-43206","product","type-product","status-publish","has-post-thumbnail","hentry","product_cat-libros","product_tag-debolsillo","product_tag-random-house"],"bundled_by":[],"bundle_stock_status":"instock","bundle_stock_quantity":1,"bundle_virtual":false,"bundle_layout":"","bundle_add_to_cart_form_location":"","bundle_editable_in_cart":false,"bundle_sold_individually_context":"","bundle_item_grouping":"","bundle_min_size":"","bundle_max_size":"","bundled_items":[],"yoast_head":"<!-- This site is optimized with the Yoast SEO plugin v20.6 - https:\/\/yoast.com\/wordpress\/plugins\/seo\/ -->\n<title>PORQUE ERES MIA - Tienda Er\u00f3tica<\/title>\n<meta name=\"robots\" content=\"noindex, follow, max-snippet:-1, max-image-preview:large, max-video-preview:-1\" \/>\n<meta property=\"og:locale\" content=\"es_ES\" \/>\n<meta property=\"og:type\" content=\"article\" \/>\n<meta property=\"og:title\" content=\"PORQUE ERES MIA - Tienda Er\u00f3tica\" \/>\n<meta property=\"og:description\" content=\"PORQUE ERES M\u00cdA. Beth Kery. El primer beso, la primera caricia, el primer desaf\u00edo entre una mujer que ans\u00eda algo\" \/>\n<meta property=\"og:url\" content=\"https:\/\/demoweb.info\/sexshop001\/producto\/porque-eres-mia\/\" \/>\n<meta property=\"og:site_name\" content=\"Tienda Er\u00f3tica\" \/>\n<meta property=\"article:modified_time\" content=\"2022-01-22T13:49:59+00:00\" \/>\n<meta property=\"og:image\" content=\"https:\/\/demoweb.info\/sexshop001\/wp-content\/uploads\/2022\/01\/PORQUE-ERES-MIA.jpg\" \/>\n\t<meta property=\"og:image:width\" content=\"550\" \/>\n\t<meta property=\"og:image:height\" content=\"550\" \/>\n\t<meta property=\"og:image:type\" content=\"image\/jpeg\" \/>\n<meta name=\"twitter:card\" content=\"summary_large_image\" \/>\n<meta name=\"twitter:label1\" content=\"Tiempo de lectura\" \/>\n\t<meta name=\"twitter:data1\" content=\"1 minuto\" \/>\n<script type=\"application\/ld+json\" class=\"yoast-schema-graph\">{\"@context\":\"https:\/\/schema.org\",\"@graph\":[{\"@type\":\"WebPage\",\"@id\":\"https:\/\/demoweb.info\/sexshop001\/producto\/porque-eres-mia\/\",\"url\":\"https:\/\/demoweb.info\/sexshop001\/producto\/porque-eres-mia\/\",\"name\":\"PORQUE ERES MIA - Tienda Er\u00f3tica\",\"isPartOf\":{\"@id\":\"https:\/\/demoweb.info\/sexshop001\/#website\"},\"datePublished\":\"2022-01-22T13:49:54+00:00\",\"dateModified\":\"2022-01-22T13:49:59+00:00\",\"breadcrumb\":{\"@id\":\"https:\/\/demoweb.info\/sexshop001\/producto\/porque-eres-mia\/#breadcrumb\"},\"inLanguage\":\"es\",\"potentialAction\":[{\"@type\":\"ReadAction\",\"target\":[\"https:\/\/demoweb.info\/sexshop001\/producto\/porque-eres-mia\/\"]}]},{\"@type\":\"BreadcrumbList\",\"@id\":\"https:\/\/demoweb.info\/sexshop001\/producto\/porque-eres-mia\/#breadcrumb\",\"itemListElement\":[{\"@type\":\"ListItem\",\"position\":1,\"name\":\"Portada\",\"item\":\"https:\/\/demoweb.info\/sexshop001\/\"},{\"@type\":\"ListItem\",\"position\":2,\"name\":\"Tienda\",\"item\":\"https:\/\/demoweb.info\/sexshop001\/tienda\/\"},{\"@type\":\"ListItem\",\"position\":3,\"name\":\"PORQUE ERES MIA\"}]},{\"@type\":\"WebSite\",\"@id\":\"https:\/\/demoweb.info\/sexshop001\/#website\",\"url\":\"https:\/\/demoweb.info\/sexshop001\/\",\"name\":\"Tienda Er\u00f3tica\",\"description\":\"DEMOWEB SL\",\"potentialAction\":[{\"@type\":\"SearchAction\",\"target\":{\"@type\":\"EntryPoint\",\"urlTemplate\":\"https:\/\/demoweb.info\/sexshop001\/?s={search_term_string}\"},\"query-input\":\"required name=search_term_string\"}],\"inLanguage\":\"es\"}]}<\/script>\n<!-- \/ Yoast SEO plugin. -->","yoast_head_json":{"title":"PORQUE ERES MIA - Tienda Er\u00f3tica","robots":{"index":"noindex","follow":"follow","max-snippet":"max-snippet:-1","max-image-preview":"max-image-preview:large","max-video-preview":"max-video-preview:-1"},"og_locale":"es_ES","og_type":"article","og_title":"PORQUE ERES MIA - Tienda Er\u00f3tica","og_description":"PORQUE ERES M\u00cdA. Beth Kery. El primer beso, la primera caricia, el primer desaf\u00edo entre una mujer que ans\u00eda algo","og_url":"https:\/\/demoweb.info\/sexshop001\/producto\/porque-eres-mia\/","og_site_name":"Tienda Er\u00f3tica","article_modified_time":"2022-01-22T13:49:59+00:00","og_image":[{"width":550,"height":550,"url":"https:\/\/demoweb.info\/sexshop001\/wp-content\/uploads\/2022\/01\/PORQUE-ERES-MIA.jpg","type":"image\/jpeg"}],"twitter_card":"summary_large_image","twitter_misc":{"Tiempo de lectura":"1 minuto"},"schema":{"@context":"https:\/\/schema.org","@graph":[{"@type":"WebPage","@id":"https:\/\/demoweb.info\/sexshop001\/producto\/porque-eres-mia\/","url":"https:\/\/demoweb.info\/sexshop001\/producto\/porque-eres-mia\/","name":"PORQUE ERES MIA - Tienda Er\u00f3tica","isPartOf":{"@id":"https:\/\/demoweb.info\/sexshop001\/#website"},"datePublished":"2022-01-22T13:49:54+00:00","dateModified":"2022-01-22T13:49:59+00:00","breadcrumb":{"@id":"https:\/\/demoweb.info\/sexshop001\/producto\/porque-eres-mia\/#breadcrumb"},"inLanguage":"es","potentialAction":[{"@type":"ReadAction","target":["https:\/\/demoweb.info\/sexshop001\/producto\/porque-eres-mia\/"]}]},{"@type":"BreadcrumbList","@id":"https:\/\/demoweb.info\/sexshop001\/producto\/porque-eres-mia\/#breadcrumb","itemListElement":[{"@type":"ListItem","position":1,"name":"Portada","item":"https:\/\/demoweb.info\/sexshop001\/"},{"@type":"ListItem","position":2,"name":"Tienda","item":"https:\/\/demoweb.info\/sexshop001\/tienda\/"},{"@type":"ListItem","position":3,"name":"PORQUE ERES MIA"}]},{"@type":"WebSite","@id":"https:\/\/demoweb.info\/sexshop001\/#website","url":"https:\/\/demoweb.info\/sexshop001\/","name":"Tienda Er\u00f3tica","description":"DEMOWEB SL","potentialAction":[{"@type":"SearchAction","target":{"@type":"EntryPoint","urlTemplate":"https:\/\/demoweb.info\/sexshop001\/?s={search_term_string}"},"query-input":"required name=search_term_string"}],"inLanguage":"es"}]}},"_links":{"self":[{"href":"https:\/\/demoweb.info\/sexshop001\/wp-json\/wp\/v3\/product\/43206","targetHints":{"allow":["GET"]}}],"collection":[{"href":"https:\/\/demoweb.info\/sexshop001\/wp-json\/wp\/v3\/product"}],"about":[{"href":"https:\/\/demoweb.info\/sexshop001\/wp-json\/wp\/v2\/types\/product"}],"replies":[{"embeddable":true,"href":"https:\/\/demoweb.info\/sexshop001\/wp-json\/wp\/v2\/comments?post=43206"}],"wp:featuredmedia":[{"embeddable":true,"href":"https:\/\/demoweb.info\/sexshop001\/wp-json\/wp\/v2\/media\/43207"}],"wp:attachment":[{"href":"https:\/\/demoweb.info\/sexshop001\/wp-json\/wp\/v2\/media?parent=43206"}],"wp:term":[{"taxonomy":"product_cat","embeddable":true,"href":"https:\/\/demoweb.info\/sexshop001\/wp-json\/wp\/v2\/product_cat?post=43206"},{"taxonomy":"product_tag","embeddable":true,"href":"https:\/\/demoweb.info\/sexshop001\/wp-json\/wp\/v2\/product_tag?post=43206"}],"curies":[{"name":"wp","href":"https:\/\/api.w.org\/{rel}","templated":true}]}}