{"id":42647,"date":"2022-01-22T14:44:29","date_gmt":"2022-01-22T13:44:29","guid":{"rendered":"https:\/\/demoweb.info\/sexshop001\/producto\/nomi-tang-touch-me-violeta\/"},"modified":"2022-01-22T14:44:29","modified_gmt":"2022-01-22T13:44:29","slug":"nomi-tang-touch-me-violeta","status":"publish","type":"product","link":"https:\/\/demoweb.info\/sexshop001\/producto\/nomi-tang-touch-me-violeta\/","title":{"rendered":"NOMI TANG TOUCH ME VIOLETA"},"content":{"rendered":"<p><strong>NOMI TANG TOUCH ME RED VIOLET<\/strong><\/p>\n<p><strong>Touch Me<\/strong> es un mini vibrador elegante y potente con una interfaz inteligente de control del sensor t\u00e1ctil. Con revolucionaria tecnolog\u00eda i-touch, un simple toque cambia los patrones de vibraci\u00f3n. Por otra parte, el dise\u00f1o ligero y atractiva apariencia bala hace que este discreto y moderno vibrador se pueda utilizar en casi cualquier lugar y disfrutar en cualquier momento.<\/p>\n<p>Fabricado con materiales compatibles con la piel se utilizan en muchas aplicaciones m\u00e9dicas, que cuenta con una interfaz de control con sensor t\u00e1ctil, una forma ergon\u00f3mica, funciona de forma ultra silenciosa y es completamente resistente al agua para que pueda disfrutar de ella, por ejemplo, en la ba\u00f1era. Como un mini vibrador, Touch Me est\u00e1 destinado a la estimulaci\u00f3n discreta y la exploraci\u00f3n de las zonas \u00edntimas. Ella<\/p>\n<p>Puede ser utilizado por parejas durante el juego amoroso y o un regalo perfecto para cumplea\u00f1os o en ocasiones especiales.<\/p>\n<p><strong>Caracter\u00edsticas:<\/strong><\/p>\n<p>Revolucionario de control i-touch<\/p>\n<p>M\u00faltiples velocidades y varios patrones<\/p>\n<p>Dise\u00f1o alem\u00e1n ergon\u00f3mico<\/p>\n<p>De alta calidad y materiales seguros<\/p>\n<p>Totalmente resistente al agua<\/p>\n<p>Funcionamiento silencioso<\/p>\n<p>A prueba de agua, de hasta un metro<\/p>\n<p><strong>Datos t\u00e9cnicos:<\/strong><\/p>\n<p>Materiales: Silicona y suave toque recubierto ABS<\/p>\n<p>Tama\u00f1o: 125 mm x 37 mm x 24 mm<\/p>\n<p>Peso: 50 g (peso neto), 157 g (peso bruto)<\/p>\n<p>Fuente de alimentaci\u00f3n: bater\u00eda AA 1x<\/p>\n<p>Vida \u00fatil de la bater\u00eda: 4 horas<\/p>\n<p>Tipo de control: i &#8211; control t\u00e1ctil<\/p>\n<p><strong>Contenido:<\/strong> Touch Me, manual de usuario, caja de regalo sensual, 1 a\u00f1o garant\u00eda<\/p>\n","protected":false},"excerpt":{"rendered":"<p>NOMI TANG TOUCH ME RED VIOLET Touch Me es un mini vibrador elegante y potente con una interfaz inteligente de<\/p>\n","protected":false},"featured_media":42648,"comment_status":"open","ping_status":"open","template":"","meta":[],"product_cat":[370],"product_tag":[1357],"class_list":["post-42647","product","type-product","status-publish","has-post-thumbnail","hentry","product_cat-clitoris","product_tag-nomi-tang"],"bundled_by":[],"bundle_stock_status":"instock","bundle_stock_quantity":25,"bundle_virtual":false,"bundle_layout":"","bundle_add_to_cart_form_location":"","bundle_editable_in_cart":false,"bundle_sold_individually_context":"","bundle_item_grouping":"","bundle_min_size":"","bundle_max_size":"","bundled_items":[],"yoast_head":"<!-- This site is optimized with the Yoast SEO plugin v20.6 - https:\/\/yoast.com\/wordpress\/plugins\/seo\/ -->\n<title>NOMI TANG TOUCH ME VIOLETA - Tienda Er\u00f3tica<\/title>\n<meta name=\"robots\" content=\"noindex, follow, max-snippet:-1, max-image-preview:large, max-video-preview:-1\" \/>\n<meta property=\"og:locale\" content=\"es_ES\" \/>\n<meta property=\"og:type\" content=\"article\" \/>\n<meta property=\"og:title\" content=\"NOMI TANG TOUCH ME VIOLETA - Tienda Er\u00f3tica\" \/>\n<meta property=\"og:description\" content=\"NOMI TANG TOUCH ME RED VIOLET Touch Me es un mini vibrador elegante y potente con una interfaz inteligente de\" \/>\n<meta property=\"og:url\" content=\"https:\/\/demoweb.info\/sexshop001\/producto\/nomi-tang-touch-me-violeta\/\" \/>\n<meta property=\"og:site_name\" content=\"Tienda Er\u00f3tica\" \/>\n<meta property=\"og:image\" content=\"https:\/\/demoweb.info\/sexshop001\/wp-content\/uploads\/2022\/01\/NOMI-TANG-TOUCH-ME-VIOLETA.jpg\" \/>\n\t<meta property=\"og:image:width\" content=\"550\" \/>\n\t<meta property=\"og:image:height\" content=\"550\" \/>\n\t<meta property=\"og:image:type\" content=\"image\/jpeg\" \/>\n<meta name=\"twitter:card\" content=\"summary_large_image\" \/>\n<meta name=\"twitter:label1\" content=\"Tiempo de lectura\" \/>\n\t<meta name=\"twitter:data1\" content=\"1 minuto\" \/>\n<script type=\"application\/ld+json\" class=\"yoast-schema-graph\">{\"@context\":\"https:\/\/schema.org\",\"@graph\":[{\"@type\":\"WebPage\",\"@id\":\"https:\/\/demoweb.info\/sexshop001\/producto\/nomi-tang-touch-me-violeta\/\",\"url\":\"https:\/\/demoweb.info\/sexshop001\/producto\/nomi-tang-touch-me-violeta\/\",\"name\":\"NOMI TANG TOUCH ME VIOLETA - Tienda Er\u00f3tica\",\"isPartOf\":{\"@id\":\"https:\/\/demoweb.info\/sexshop001\/#website\"},\"datePublished\":\"2022-01-22T13:44:29+00:00\",\"dateModified\":\"2022-01-22T13:44:29+00:00\",\"breadcrumb\":{\"@id\":\"https:\/\/demoweb.info\/sexshop001\/producto\/nomi-tang-touch-me-violeta\/#breadcrumb\"},\"inLanguage\":\"es\",\"potentialAction\":[{\"@type\":\"ReadAction\",\"target\":[\"https:\/\/demoweb.info\/sexshop001\/producto\/nomi-tang-touch-me-violeta\/\"]}]},{\"@type\":\"BreadcrumbList\",\"@id\":\"https:\/\/demoweb.info\/sexshop001\/producto\/nomi-tang-touch-me-violeta\/#breadcrumb\",\"itemListElement\":[{\"@type\":\"ListItem\",\"position\":1,\"name\":\"Portada\",\"item\":\"https:\/\/demoweb.info\/sexshop001\/\"},{\"@type\":\"ListItem\",\"position\":2,\"name\":\"Tienda\",\"item\":\"https:\/\/demoweb.info\/sexshop001\/tienda\/\"},{\"@type\":\"ListItem\",\"position\":3,\"name\":\"NOMI TANG TOUCH ME VIOLETA\"}]},{\"@type\":\"WebSite\",\"@id\":\"https:\/\/demoweb.info\/sexshop001\/#website\",\"url\":\"https:\/\/demoweb.info\/sexshop001\/\",\"name\":\"Tienda Er\u00f3tica\",\"description\":\"DEMOWEB SL\",\"potentialAction\":[{\"@type\":\"SearchAction\",\"target\":{\"@type\":\"EntryPoint\",\"urlTemplate\":\"https:\/\/demoweb.info\/sexshop001\/?s={search_term_string}\"},\"query-input\":\"required name=search_term_string\"}],\"inLanguage\":\"es\"}]}<\/script>\n<!-- \/ Yoast SEO plugin. -->","yoast_head_json":{"title":"NOMI TANG TOUCH ME VIOLETA - Tienda Er\u00f3tica","robots":{"index":"noindex","follow":"follow","max-snippet":"max-snippet:-1","max-image-preview":"max-image-preview:large","max-video-preview":"max-video-preview:-1"},"og_locale":"es_ES","og_type":"article","og_title":"NOMI TANG TOUCH ME VIOLETA - Tienda Er\u00f3tica","og_description":"NOMI TANG TOUCH ME RED VIOLET Touch Me es un mini vibrador elegante y potente con una interfaz inteligente de","og_url":"https:\/\/demoweb.info\/sexshop001\/producto\/nomi-tang-touch-me-violeta\/","og_site_name":"Tienda Er\u00f3tica","og_image":[{"width":550,"height":550,"url":"https:\/\/demoweb.info\/sexshop001\/wp-content\/uploads\/2022\/01\/NOMI-TANG-TOUCH-ME-VIOLETA.jpg","type":"image\/jpeg"}],"twitter_card":"summary_large_image","twitter_misc":{"Tiempo de lectura":"1 minuto"},"schema":{"@context":"https:\/\/schema.org","@graph":[{"@type":"WebPage","@id":"https:\/\/demoweb.info\/sexshop001\/producto\/nomi-tang-touch-me-violeta\/","url":"https:\/\/demoweb.info\/sexshop001\/producto\/nomi-tang-touch-me-violeta\/","name":"NOMI TANG TOUCH ME VIOLETA - Tienda Er\u00f3tica","isPartOf":{"@id":"https:\/\/demoweb.info\/sexshop001\/#website"},"datePublished":"2022-01-22T13:44:29+00:00","dateModified":"2022-01-22T13:44:29+00:00","breadcrumb":{"@id":"https:\/\/demoweb.info\/sexshop001\/producto\/nomi-tang-touch-me-violeta\/#breadcrumb"},"inLanguage":"es","potentialAction":[{"@type":"ReadAction","target":["https:\/\/demoweb.info\/sexshop001\/producto\/nomi-tang-touch-me-violeta\/"]}]},{"@type":"BreadcrumbList","@id":"https:\/\/demoweb.info\/sexshop001\/producto\/nomi-tang-touch-me-violeta\/#breadcrumb","itemListElement":[{"@type":"ListItem","position":1,"name":"Portada","item":"https:\/\/demoweb.info\/sexshop001\/"},{"@type":"ListItem","position":2,"name":"Tienda","item":"https:\/\/demoweb.info\/sexshop001\/tienda\/"},{"@type":"ListItem","position":3,"name":"NOMI TANG TOUCH ME VIOLETA"}]},{"@type":"WebSite","@id":"https:\/\/demoweb.info\/sexshop001\/#website","url":"https:\/\/demoweb.info\/sexshop001\/","name":"Tienda Er\u00f3tica","description":"DEMOWEB SL","potentialAction":[{"@type":"SearchAction","target":{"@type":"EntryPoint","urlTemplate":"https:\/\/demoweb.info\/sexshop001\/?s={search_term_string}"},"query-input":"required name=search_term_string"}],"inLanguage":"es"}]}},"_links":{"self":[{"href":"https:\/\/demoweb.info\/sexshop001\/wp-json\/wp\/v3\/product\/42647","targetHints":{"allow":["GET"]}}],"collection":[{"href":"https:\/\/demoweb.info\/sexshop001\/wp-json\/wp\/v3\/product"}],"about":[{"href":"https:\/\/demoweb.info\/sexshop001\/wp-json\/wp\/v2\/types\/product"}],"replies":[{"embeddable":true,"href":"https:\/\/demoweb.info\/sexshop001\/wp-json\/wp\/v2\/comments?post=42647"}],"wp:featuredmedia":[{"embeddable":true,"href":"https:\/\/demoweb.info\/sexshop001\/wp-json\/wp\/v2\/media\/42648"}],"wp:attachment":[{"href":"https:\/\/demoweb.info\/sexshop001\/wp-json\/wp\/v2\/media?parent=42647"}],"wp:term":[{"taxonomy":"product_cat","embeddable":true,"href":"https:\/\/demoweb.info\/sexshop001\/wp-json\/wp\/v2\/product_cat?post=42647"},{"taxonomy":"product_tag","embeddable":true,"href":"https:\/\/demoweb.info\/sexshop001\/wp-json\/wp\/v2\/product_tag?post=42647"}],"curies":[{"name":"wp","href":"https:\/\/api.w.org\/{rel}","templated":true}]}}