{"id":42427,"date":"2022-01-22T14:42:05","date_gmt":"2022-01-22T13:42:05","guid":{"rendered":"https:\/\/demoweb.info\/sexshop001\/producto\/tus-zonas-erogenas\/"},"modified":"2022-01-22T14:42:11","modified_gmt":"2022-01-22T13:42:11","slug":"tus-zonas-erogenas","status":"publish","type":"product","link":"https:\/\/demoweb.info\/sexshop001\/producto\/tus-zonas-erogenas\/","title":{"rendered":"TUS ZONAS EROGENAS"},"content":{"rendered":"<p><strong>TUS ZONAS ER\u00d3GENAS<\/strong><\/p>\n<p><strong>YVONNE K. FULBRIGHT<\/strong><\/p>\n<p>La presente gu\u00eda, pr\u00e1ctica y amena, proporciona a los lectores una visi\u00f3n muy completa y a la vez divertida y er\u00f3tica de las zonas er\u00f3genas del cuerpo humano. El libro muestra en profundidad nuestra naturaleza sexual, mucho m\u00e1s all\u00e1 del \u00abqu\u00e9 hay aqu\u00ed\u00bb y \u00abc\u00f3mo estimularlo\u00bb, integrando pr\u00e1cticas de las m\u00e1s diversas disciplina s, como el tantra, el yoga, la reflexolog\u00eda y la digitopuntura. Un viaje por las distintas regiones del cuerpo humano para descubrir para\u00edsos personales y experiencias sexuales maravillosas.<\/p>\n<p>304 P\u00e1ginas.<\/p>\n<p>Tapa blanda con solapa 145 x 220 mm<\/p>\n","protected":false},"excerpt":{"rendered":"<p>TUS ZONAS ER\u00d3GENAS YVONNE K. FULBRIGHT La presente gu\u00eda, pr\u00e1ctica y amena, proporciona a los lectores una visi\u00f3n muy completa<\/p>\n","protected":false},"featured_media":42428,"comment_status":"open","ping_status":"open","template":"","meta":[],"product_cat":[414],"product_tag":[1348],"class_list":["post-42427","product","type-product","status-publish","has-post-thumbnail","hentry","product_cat-libros","product_tag-robin-book"],"bundled_by":[],"bundle_stock_status":"outofstock","bundle_stock_quantity":0,"bundle_virtual":false,"bundle_layout":"","bundle_add_to_cart_form_location":"","bundle_editable_in_cart":false,"bundle_sold_individually_context":"","bundle_item_grouping":"","bundle_min_size":"","bundle_max_size":"","bundled_items":[],"yoast_head":"<!-- This site is optimized with the Yoast SEO plugin v20.6 - https:\/\/yoast.com\/wordpress\/plugins\/seo\/ -->\n<title>TUS ZONAS EROGENAS - Tienda Er\u00f3tica<\/title>\n<meta name=\"robots\" content=\"noindex, follow, max-snippet:-1, max-image-preview:large, max-video-preview:-1\" \/>\n<meta property=\"og:locale\" content=\"es_ES\" \/>\n<meta property=\"og:type\" content=\"article\" \/>\n<meta property=\"og:title\" content=\"TUS ZONAS EROGENAS - Tienda Er\u00f3tica\" \/>\n<meta property=\"og:description\" content=\"TUS ZONAS ER\u00d3GENAS YVONNE K. FULBRIGHT La presente gu\u00eda, pr\u00e1ctica y amena, proporciona a los lectores una visi\u00f3n muy completa\" \/>\n<meta property=\"og:url\" content=\"https:\/\/demoweb.info\/sexshop001\/producto\/tus-zonas-erogenas\/\" \/>\n<meta property=\"og:site_name\" content=\"Tienda Er\u00f3tica\" \/>\n<meta property=\"article:modified_time\" content=\"2022-01-22T13:42:11+00:00\" \/>\n<meta property=\"og:image\" content=\"https:\/\/demoweb.info\/sexshop001\/wp-content\/uploads\/2022\/01\/TUS-ZONAS-EROGENAS.jpg\" \/>\n\t<meta property=\"og:image:width\" content=\"550\" \/>\n\t<meta property=\"og:image:height\" content=\"550\" \/>\n\t<meta property=\"og:image:type\" content=\"image\/jpeg\" \/>\n<meta name=\"twitter:card\" content=\"summary_large_image\" \/>\n<meta name=\"twitter:label1\" content=\"Tiempo de lectura\" \/>\n\t<meta name=\"twitter:data1\" content=\"1 minuto\" \/>\n<script type=\"application\/ld+json\" class=\"yoast-schema-graph\">{\"@context\":\"https:\/\/schema.org\",\"@graph\":[{\"@type\":\"WebPage\",\"@id\":\"https:\/\/demoweb.info\/sexshop001\/producto\/tus-zonas-erogenas\/\",\"url\":\"https:\/\/demoweb.info\/sexshop001\/producto\/tus-zonas-erogenas\/\",\"name\":\"TUS ZONAS EROGENAS - Tienda Er\u00f3tica\",\"isPartOf\":{\"@id\":\"https:\/\/demoweb.info\/sexshop001\/#website\"},\"datePublished\":\"2022-01-22T13:42:05+00:00\",\"dateModified\":\"2022-01-22T13:42:11+00:00\",\"breadcrumb\":{\"@id\":\"https:\/\/demoweb.info\/sexshop001\/producto\/tus-zonas-erogenas\/#breadcrumb\"},\"inLanguage\":\"es\",\"potentialAction\":[{\"@type\":\"ReadAction\",\"target\":[\"https:\/\/demoweb.info\/sexshop001\/producto\/tus-zonas-erogenas\/\"]}]},{\"@type\":\"BreadcrumbList\",\"@id\":\"https:\/\/demoweb.info\/sexshop001\/producto\/tus-zonas-erogenas\/#breadcrumb\",\"itemListElement\":[{\"@type\":\"ListItem\",\"position\":1,\"name\":\"Portada\",\"item\":\"https:\/\/demoweb.info\/sexshop001\/\"},{\"@type\":\"ListItem\",\"position\":2,\"name\":\"Tienda\",\"item\":\"https:\/\/demoweb.info\/sexshop001\/tienda\/\"},{\"@type\":\"ListItem\",\"position\":3,\"name\":\"TUS ZONAS EROGENAS\"}]},{\"@type\":\"WebSite\",\"@id\":\"https:\/\/demoweb.info\/sexshop001\/#website\",\"url\":\"https:\/\/demoweb.info\/sexshop001\/\",\"name\":\"Tienda Er\u00f3tica\",\"description\":\"DEMOWEB SL\",\"potentialAction\":[{\"@type\":\"SearchAction\",\"target\":{\"@type\":\"EntryPoint\",\"urlTemplate\":\"https:\/\/demoweb.info\/sexshop001\/?s={search_term_string}\"},\"query-input\":\"required name=search_term_string\"}],\"inLanguage\":\"es\"}]}<\/script>\n<!-- \/ Yoast SEO plugin. -->","yoast_head_json":{"title":"TUS ZONAS EROGENAS - Tienda Er\u00f3tica","robots":{"index":"noindex","follow":"follow","max-snippet":"max-snippet:-1","max-image-preview":"max-image-preview:large","max-video-preview":"max-video-preview:-1"},"og_locale":"es_ES","og_type":"article","og_title":"TUS ZONAS EROGENAS - Tienda Er\u00f3tica","og_description":"TUS ZONAS ER\u00d3GENAS YVONNE K. FULBRIGHT La presente gu\u00eda, pr\u00e1ctica y amena, proporciona a los lectores una visi\u00f3n muy completa","og_url":"https:\/\/demoweb.info\/sexshop001\/producto\/tus-zonas-erogenas\/","og_site_name":"Tienda Er\u00f3tica","article_modified_time":"2022-01-22T13:42:11+00:00","og_image":[{"width":550,"height":550,"url":"https:\/\/demoweb.info\/sexshop001\/wp-content\/uploads\/2022\/01\/TUS-ZONAS-EROGENAS.jpg","type":"image\/jpeg"}],"twitter_card":"summary_large_image","twitter_misc":{"Tiempo de lectura":"1 minuto"},"schema":{"@context":"https:\/\/schema.org","@graph":[{"@type":"WebPage","@id":"https:\/\/demoweb.info\/sexshop001\/producto\/tus-zonas-erogenas\/","url":"https:\/\/demoweb.info\/sexshop001\/producto\/tus-zonas-erogenas\/","name":"TUS ZONAS EROGENAS - Tienda Er\u00f3tica","isPartOf":{"@id":"https:\/\/demoweb.info\/sexshop001\/#website"},"datePublished":"2022-01-22T13:42:05+00:00","dateModified":"2022-01-22T13:42:11+00:00","breadcrumb":{"@id":"https:\/\/demoweb.info\/sexshop001\/producto\/tus-zonas-erogenas\/#breadcrumb"},"inLanguage":"es","potentialAction":[{"@type":"ReadAction","target":["https:\/\/demoweb.info\/sexshop001\/producto\/tus-zonas-erogenas\/"]}]},{"@type":"BreadcrumbList","@id":"https:\/\/demoweb.info\/sexshop001\/producto\/tus-zonas-erogenas\/#breadcrumb","itemListElement":[{"@type":"ListItem","position":1,"name":"Portada","item":"https:\/\/demoweb.info\/sexshop001\/"},{"@type":"ListItem","position":2,"name":"Tienda","item":"https:\/\/demoweb.info\/sexshop001\/tienda\/"},{"@type":"ListItem","position":3,"name":"TUS ZONAS EROGENAS"}]},{"@type":"WebSite","@id":"https:\/\/demoweb.info\/sexshop001\/#website","url":"https:\/\/demoweb.info\/sexshop001\/","name":"Tienda Er\u00f3tica","description":"DEMOWEB SL","potentialAction":[{"@type":"SearchAction","target":{"@type":"EntryPoint","urlTemplate":"https:\/\/demoweb.info\/sexshop001\/?s={search_term_string}"},"query-input":"required name=search_term_string"}],"inLanguage":"es"}]}},"_links":{"self":[{"href":"https:\/\/demoweb.info\/sexshop001\/wp-json\/wp\/v3\/product\/42427","targetHints":{"allow":["GET"]}}],"collection":[{"href":"https:\/\/demoweb.info\/sexshop001\/wp-json\/wp\/v3\/product"}],"about":[{"href":"https:\/\/demoweb.info\/sexshop001\/wp-json\/wp\/v2\/types\/product"}],"replies":[{"embeddable":true,"href":"https:\/\/demoweb.info\/sexshop001\/wp-json\/wp\/v2\/comments?post=42427"}],"wp:featuredmedia":[{"embeddable":true,"href":"https:\/\/demoweb.info\/sexshop001\/wp-json\/wp\/v2\/media\/42428"}],"wp:attachment":[{"href":"https:\/\/demoweb.info\/sexshop001\/wp-json\/wp\/v2\/media?parent=42427"}],"wp:term":[{"taxonomy":"product_cat","embeddable":true,"href":"https:\/\/demoweb.info\/sexshop001\/wp-json\/wp\/v2\/product_cat?post=42427"},{"taxonomy":"product_tag","embeddable":true,"href":"https:\/\/demoweb.info\/sexshop001\/wp-json\/wp\/v2\/product_tag?post=42427"}],"curies":[{"name":"wp","href":"https:\/\/api.w.org\/{rel}","templated":true}]}}