{"id":42344,"date":"2022-01-22T14:41:17","date_gmt":"2022-01-22T13:41:17","guid":{"rendered":"https:\/\/demoweb.info\/sexshop001\/producto\/valeria-en-el-espejo-parte-2-2\/"},"modified":"2022-01-22T14:41:23","modified_gmt":"2022-01-22T13:41:23","slug":"valeria-en-el-espejo-parte-2-2","status":"publish","type":"product","link":"https:\/\/demoweb.info\/sexshop001\/producto\/valeria-en-el-espejo-parte-2-2\/","title":{"rendered":"VALERIA EN EL ESPEJO. PARTE 2"},"content":{"rendered":"<p><strong>VALERIA EN EL ESPEJO. PARTE 2<\/strong><\/p>\n<p><strong>EL\u00cdSABET BENAVENT<\/strong><\/p>\n<p>Valeria est\u00e1 inmersa en una vor\u00e1gine emocional. Valeria acaba de publicar su novela y tiene miedo a las cr\u00edticas. Valeria se est\u00e1 divorciando de Adri\u00e1n y no es f\u00e1cil Valeria no sabe si quiere tener una relaci\u00f3n con V\u00edctor Y mientras Valeria teme, llora, disfruta, sue\u00f1a. Lola no sabe qu\u00e9 hacer con Sergio. Se siente sola. Carmen se ha despedido y lucha por comprender a Borja, su novio y antiguo compa\u00f1ero de trabajo y Nerea se levanta cada ma\u00f1ana con n\u00e1useas.<\/p>\n<p>El\u00edsabet Benaventha revolucionado las redes sociales con la publicaci\u00f3n de E<em>n los zapatos de Valeria<\/em> y <em>Valeria en el espejo<\/em>, que se han convertido en imprescindibles para miles de lectores. Las aventuras de Valeria y de sus amigas atrapan y envuelven, y su lectura se convierte en una experiencia \u00e1gil, llena de humor. Divertida, contempor\u00e1nea, sensual, Valeria vuelve de nuevo con m\u00e1s dudas que nunca, esc\u00e9ptica, desconfiada&#8230; Pero el destino le tiene reservadas muchas sorpresas. \u00abDivertida, sensual, tierna (&#8230;) Una oportunidad de descubrir el amor y so\u00f1ar con la vida que cada una nos merecemos\u00bb. Revista <em>AR<\/em> \u00abNo s\u00e9 c\u00f3mo me ha secuestrado Benavent pero exijo un duelo al amanecer por las horas que me ha robado o, en su defecto, las siguientes peripecias de estas mujeres\u00bb<\/p>\n<p>448 P\u00e1ginas.<\/p>\n<p>Tapa blanda 125 X 190 mm<\/p>\n<p>Edici\u00f3n de bolsillo<\/p>\n","protected":false},"excerpt":{"rendered":"<p>VALERIA EN EL ESPEJO. PARTE 2 EL\u00cdSABET BENAVENT Valeria est\u00e1 inmersa en una vor\u00e1gine emocional. Valeria acaba de publicar su<\/p>\n","protected":false},"featured_media":42345,"comment_status":"open","ping_status":"open","template":"","meta":[],"product_cat":[713],"product_tag":[1346,415],"class_list":["post-42344","product","type-product","status-publish","has-post-thumbnail","hentry","product_cat-libros-lectura","product_tag-punto-de-lectura","product_tag-random-house"],"bundled_by":[],"bundle_stock_status":"instock","bundle_stock_quantity":1,"bundle_virtual":false,"bundle_layout":"","bundle_add_to_cart_form_location":"","bundle_editable_in_cart":false,"bundle_sold_individually_context":"","bundle_item_grouping":"","bundle_min_size":"","bundle_max_size":"","bundled_items":[],"yoast_head":"<!-- This site is optimized with the Yoast SEO plugin v20.6 - https:\/\/yoast.com\/wordpress\/plugins\/seo\/ -->\n<title>VALERIA EN EL ESPEJO. PARTE 2 - Tienda Er\u00f3tica<\/title>\n<meta name=\"robots\" content=\"noindex, follow, max-snippet:-1, max-image-preview:large, max-video-preview:-1\" \/>\n<meta property=\"og:locale\" content=\"es_ES\" \/>\n<meta property=\"og:type\" content=\"article\" \/>\n<meta property=\"og:title\" content=\"VALERIA EN EL ESPEJO. PARTE 2 - Tienda Er\u00f3tica\" \/>\n<meta property=\"og:description\" content=\"VALERIA EN EL ESPEJO. PARTE 2 EL\u00cdSABET BENAVENT Valeria est\u00e1 inmersa en una vor\u00e1gine emocional. Valeria acaba de publicar su\" \/>\n<meta property=\"og:url\" content=\"https:\/\/demoweb.info\/sexshop001\/producto\/valeria-en-el-espejo-parte-2-2\/\" \/>\n<meta property=\"og:site_name\" content=\"Tienda Er\u00f3tica\" \/>\n<meta property=\"article:modified_time\" content=\"2022-01-22T13:41:23+00:00\" \/>\n<meta property=\"og:image\" content=\"https:\/\/demoweb.info\/sexshop001\/wp-content\/uploads\/2022\/01\/VALERIA-EN-EL-ESPEJO.-PARTE-2-1.jpg\" \/>\n\t<meta property=\"og:image:width\" content=\"550\" \/>\n\t<meta property=\"og:image:height\" content=\"550\" \/>\n\t<meta property=\"og:image:type\" content=\"image\/jpeg\" \/>\n<meta name=\"twitter:card\" content=\"summary_large_image\" \/>\n<meta name=\"twitter:label1\" content=\"Tiempo de lectura\" \/>\n\t<meta name=\"twitter:data1\" content=\"1 minuto\" \/>\n<script type=\"application\/ld+json\" class=\"yoast-schema-graph\">{\"@context\":\"https:\/\/schema.org\",\"@graph\":[{\"@type\":\"WebPage\",\"@id\":\"https:\/\/demoweb.info\/sexshop001\/producto\/valeria-en-el-espejo-parte-2-2\/\",\"url\":\"https:\/\/demoweb.info\/sexshop001\/producto\/valeria-en-el-espejo-parte-2-2\/\",\"name\":\"VALERIA EN EL ESPEJO. PARTE 2 - Tienda Er\u00f3tica\",\"isPartOf\":{\"@id\":\"https:\/\/demoweb.info\/sexshop001\/#website\"},\"datePublished\":\"2022-01-22T13:41:17+00:00\",\"dateModified\":\"2022-01-22T13:41:23+00:00\",\"breadcrumb\":{\"@id\":\"https:\/\/demoweb.info\/sexshop001\/producto\/valeria-en-el-espejo-parte-2-2\/#breadcrumb\"},\"inLanguage\":\"es\",\"potentialAction\":[{\"@type\":\"ReadAction\",\"target\":[\"https:\/\/demoweb.info\/sexshop001\/producto\/valeria-en-el-espejo-parte-2-2\/\"]}]},{\"@type\":\"BreadcrumbList\",\"@id\":\"https:\/\/demoweb.info\/sexshop001\/producto\/valeria-en-el-espejo-parte-2-2\/#breadcrumb\",\"itemListElement\":[{\"@type\":\"ListItem\",\"position\":1,\"name\":\"Portada\",\"item\":\"https:\/\/demoweb.info\/sexshop001\/\"},{\"@type\":\"ListItem\",\"position\":2,\"name\":\"Tienda\",\"item\":\"https:\/\/demoweb.info\/sexshop001\/tienda\/\"},{\"@type\":\"ListItem\",\"position\":3,\"name\":\"VALERIA EN EL ESPEJO. PARTE 2\"}]},{\"@type\":\"WebSite\",\"@id\":\"https:\/\/demoweb.info\/sexshop001\/#website\",\"url\":\"https:\/\/demoweb.info\/sexshop001\/\",\"name\":\"Tienda Er\u00f3tica\",\"description\":\"DEMOWEB SL\",\"potentialAction\":[{\"@type\":\"SearchAction\",\"target\":{\"@type\":\"EntryPoint\",\"urlTemplate\":\"https:\/\/demoweb.info\/sexshop001\/?s={search_term_string}\"},\"query-input\":\"required name=search_term_string\"}],\"inLanguage\":\"es\"}]}<\/script>\n<!-- \/ Yoast SEO plugin. -->","yoast_head_json":{"title":"VALERIA EN EL ESPEJO. PARTE 2 - Tienda Er\u00f3tica","robots":{"index":"noindex","follow":"follow","max-snippet":"max-snippet:-1","max-image-preview":"max-image-preview:large","max-video-preview":"max-video-preview:-1"},"og_locale":"es_ES","og_type":"article","og_title":"VALERIA EN EL ESPEJO. PARTE 2 - Tienda Er\u00f3tica","og_description":"VALERIA EN EL ESPEJO. PARTE 2 EL\u00cdSABET BENAVENT Valeria est\u00e1 inmersa en una vor\u00e1gine emocional. Valeria acaba de publicar su","og_url":"https:\/\/demoweb.info\/sexshop001\/producto\/valeria-en-el-espejo-parte-2-2\/","og_site_name":"Tienda Er\u00f3tica","article_modified_time":"2022-01-22T13:41:23+00:00","og_image":[{"width":550,"height":550,"url":"https:\/\/demoweb.info\/sexshop001\/wp-content\/uploads\/2022\/01\/VALERIA-EN-EL-ESPEJO.-PARTE-2-1.jpg","type":"image\/jpeg"}],"twitter_card":"summary_large_image","twitter_misc":{"Tiempo de lectura":"1 minuto"},"schema":{"@context":"https:\/\/schema.org","@graph":[{"@type":"WebPage","@id":"https:\/\/demoweb.info\/sexshop001\/producto\/valeria-en-el-espejo-parte-2-2\/","url":"https:\/\/demoweb.info\/sexshop001\/producto\/valeria-en-el-espejo-parte-2-2\/","name":"VALERIA EN EL ESPEJO. PARTE 2 - Tienda Er\u00f3tica","isPartOf":{"@id":"https:\/\/demoweb.info\/sexshop001\/#website"},"datePublished":"2022-01-22T13:41:17+00:00","dateModified":"2022-01-22T13:41:23+00:00","breadcrumb":{"@id":"https:\/\/demoweb.info\/sexshop001\/producto\/valeria-en-el-espejo-parte-2-2\/#breadcrumb"},"inLanguage":"es","potentialAction":[{"@type":"ReadAction","target":["https:\/\/demoweb.info\/sexshop001\/producto\/valeria-en-el-espejo-parte-2-2\/"]}]},{"@type":"BreadcrumbList","@id":"https:\/\/demoweb.info\/sexshop001\/producto\/valeria-en-el-espejo-parte-2-2\/#breadcrumb","itemListElement":[{"@type":"ListItem","position":1,"name":"Portada","item":"https:\/\/demoweb.info\/sexshop001\/"},{"@type":"ListItem","position":2,"name":"Tienda","item":"https:\/\/demoweb.info\/sexshop001\/tienda\/"},{"@type":"ListItem","position":3,"name":"VALERIA EN EL ESPEJO. PARTE 2"}]},{"@type":"WebSite","@id":"https:\/\/demoweb.info\/sexshop001\/#website","url":"https:\/\/demoweb.info\/sexshop001\/","name":"Tienda Er\u00f3tica","description":"DEMOWEB SL","potentialAction":[{"@type":"SearchAction","target":{"@type":"EntryPoint","urlTemplate":"https:\/\/demoweb.info\/sexshop001\/?s={search_term_string}"},"query-input":"required name=search_term_string"}],"inLanguage":"es"}]}},"_links":{"self":[{"href":"https:\/\/demoweb.info\/sexshop001\/wp-json\/wp\/v3\/product\/42344","targetHints":{"allow":["GET"]}}],"collection":[{"href":"https:\/\/demoweb.info\/sexshop001\/wp-json\/wp\/v3\/product"}],"about":[{"href":"https:\/\/demoweb.info\/sexshop001\/wp-json\/wp\/v2\/types\/product"}],"replies":[{"embeddable":true,"href":"https:\/\/demoweb.info\/sexshop001\/wp-json\/wp\/v2\/comments?post=42344"}],"wp:featuredmedia":[{"embeddable":true,"href":"https:\/\/demoweb.info\/sexshop001\/wp-json\/wp\/v2\/media\/42345"}],"wp:attachment":[{"href":"https:\/\/demoweb.info\/sexshop001\/wp-json\/wp\/v2\/media?parent=42344"}],"wp:term":[{"taxonomy":"product_cat","embeddable":true,"href":"https:\/\/demoweb.info\/sexshop001\/wp-json\/wp\/v2\/product_cat?post=42344"},{"taxonomy":"product_tag","embeddable":true,"href":"https:\/\/demoweb.info\/sexshop001\/wp-json\/wp\/v2\/product_tag?post=42344"}],"curies":[{"name":"wp","href":"https:\/\/api.w.org\/{rel}","templated":true}]}}