{"id":42205,"date":"2022-01-22T14:39:57","date_gmt":"2022-01-22T13:39:57","guid":{"rendered":"https:\/\/demoweb.info\/sexshop001\/producto\/shots-lubricante-con-feromonas-para-hombre-100-ml-2\/"},"modified":"2022-01-22T14:39:58","modified_gmt":"2022-01-22T13:39:58","slug":"shots-lubricante-con-feromonas-para-hombre-100-ml-2","status":"publish","type":"product","link":"https:\/\/demoweb.info\/sexshop001\/producto\/shots-lubricante-con-feromonas-para-hombre-100-ml-2\/","title":{"rendered":"SHOTS LUBRICANTE CON FEROMONAS PARA HOMBRE 100 ML"},"content":{"rendered":"<p><strong>SHOTS MALE PHEROMONE LUBRICANT 100 ML<\/strong><\/p>\n<p>Los ingredientes exclusivos hacen una erecci\u00f3n dure m\u00e1s tiempo.<\/p>\n<p>Modo de empleo: Aplique una peque\u00f1a cantidad de gel sobre su alcance y masaje\u00e9  directamente sobre el pene. Deje que el efecto se desarrolle durante 15 minutos. Cuando la crema haya penetrado bien en la piel del pene a fondo podr\u00e1 desarrollar su efecto, <\/p>\n<p>S\u00f3lo para uso externo. Mantener fuera del alcance de los ni\u00f1os. Almacene en un lugar fresco y oscuro.<\/p>\n<p><span style=&quot;line-height:1.6em&quot;>Envase de 100 <\/span>ml<span style=&quot;line-height:1.6em&quot;>.<\/span><\/p>\n","protected":false},"excerpt":{"rendered":"<p>SHOTS MALE PHEROMONE LUBRICANT 100 ML Los ingredientes exclusivos hacen una erecci\u00f3n dure m\u00e1s tiempo. Modo de empleo: Aplique una<\/p>\n","protected":false},"featured_media":42206,"comment_status":"open","ping_status":"open","template":"","meta":[],"product_cat":[268],"product_tag":[302,1269],"class_list":["post-42205","product","type-product","status-publish","has-post-thumbnail","hentry","product_cat-base-agua-lubricantes-aceites-y-lubricantes","product_tag-shots","product_tag-shots-lubes-and-liquids"],"bundled_by":[],"bundle_stock_status":"instock","bundle_stock_quantity":3,"bundle_virtual":false,"bundle_layout":"","bundle_add_to_cart_form_location":"","bundle_editable_in_cart":false,"bundle_sold_individually_context":"","bundle_item_grouping":"","bundle_min_size":"","bundle_max_size":"","bundled_items":[],"yoast_head":"<!-- This site is optimized with the Yoast SEO plugin v20.6 - https:\/\/yoast.com\/wordpress\/plugins\/seo\/ -->\n<title>SHOTS LUBRICANTE CON FEROMONAS PARA HOMBRE 100 ML - Tienda Er\u00f3tica<\/title>\n<meta name=\"robots\" content=\"noindex, follow, max-snippet:-1, max-image-preview:large, max-video-preview:-1\" \/>\n<meta property=\"og:locale\" content=\"es_ES\" \/>\n<meta property=\"og:type\" content=\"article\" \/>\n<meta property=\"og:title\" content=\"SHOTS LUBRICANTE CON FEROMONAS PARA HOMBRE 100 ML - Tienda Er\u00f3tica\" \/>\n<meta property=\"og:description\" content=\"SHOTS MALE PHEROMONE LUBRICANT 100 ML Los ingredientes exclusivos hacen una erecci\u00f3n dure m\u00e1s tiempo. Modo de empleo: Aplique una\" \/>\n<meta property=\"og:url\" content=\"https:\/\/demoweb.info\/sexshop001\/producto\/shots-lubricante-con-feromonas-para-hombre-100-ml-2\/\" \/>\n<meta property=\"og:site_name\" content=\"Tienda Er\u00f3tica\" \/>\n<meta property=\"article:modified_time\" content=\"2022-01-22T13:39:58+00:00\" \/>\n<meta property=\"og:image\" content=\"https:\/\/demoweb.info\/sexshop001\/wp-content\/uploads\/2022\/01\/SHOTS-LUBRICANTE-CON-FEROMONAS-PARA-HOMBRE-100-ML-1.jpg\" \/>\n\t<meta property=\"og:image:width\" content=\"550\" \/>\n\t<meta property=\"og:image:height\" content=\"550\" \/>\n\t<meta property=\"og:image:type\" content=\"image\/jpeg\" \/>\n<meta name=\"twitter:card\" content=\"summary_large_image\" \/>\n<script type=\"application\/ld+json\" class=\"yoast-schema-graph\">{\"@context\":\"https:\/\/schema.org\",\"@graph\":[{\"@type\":\"WebPage\",\"@id\":\"https:\/\/demoweb.info\/sexshop001\/producto\/shots-lubricante-con-feromonas-para-hombre-100-ml-2\/\",\"url\":\"https:\/\/demoweb.info\/sexshop001\/producto\/shots-lubricante-con-feromonas-para-hombre-100-ml-2\/\",\"name\":\"SHOTS LUBRICANTE CON FEROMONAS PARA HOMBRE 100 ML - Tienda Er\u00f3tica\",\"isPartOf\":{\"@id\":\"https:\/\/demoweb.info\/sexshop001\/#website\"},\"datePublished\":\"2022-01-22T13:39:57+00:00\",\"dateModified\":\"2022-01-22T13:39:58+00:00\",\"breadcrumb\":{\"@id\":\"https:\/\/demoweb.info\/sexshop001\/producto\/shots-lubricante-con-feromonas-para-hombre-100-ml-2\/#breadcrumb\"},\"inLanguage\":\"es\",\"potentialAction\":[{\"@type\":\"ReadAction\",\"target\":[\"https:\/\/demoweb.info\/sexshop001\/producto\/shots-lubricante-con-feromonas-para-hombre-100-ml-2\/\"]}]},{\"@type\":\"BreadcrumbList\",\"@id\":\"https:\/\/demoweb.info\/sexshop001\/producto\/shots-lubricante-con-feromonas-para-hombre-100-ml-2\/#breadcrumb\",\"itemListElement\":[{\"@type\":\"ListItem\",\"position\":1,\"name\":\"Portada\",\"item\":\"https:\/\/demoweb.info\/sexshop001\/\"},{\"@type\":\"ListItem\",\"position\":2,\"name\":\"Tienda\",\"item\":\"https:\/\/demoweb.info\/sexshop001\/tienda\/\"},{\"@type\":\"ListItem\",\"position\":3,\"name\":\"SHOTS LUBRICANTE CON FEROMONAS PARA HOMBRE 100 ML\"}]},{\"@type\":\"WebSite\",\"@id\":\"https:\/\/demoweb.info\/sexshop001\/#website\",\"url\":\"https:\/\/demoweb.info\/sexshop001\/\",\"name\":\"Tienda Er\u00f3tica\",\"description\":\"DEMOWEB SL\",\"potentialAction\":[{\"@type\":\"SearchAction\",\"target\":{\"@type\":\"EntryPoint\",\"urlTemplate\":\"https:\/\/demoweb.info\/sexshop001\/?s={search_term_string}\"},\"query-input\":\"required name=search_term_string\"}],\"inLanguage\":\"es\"}]}<\/script>\n<!-- \/ Yoast SEO plugin. -->","yoast_head_json":{"title":"SHOTS LUBRICANTE CON FEROMONAS PARA HOMBRE 100 ML - Tienda Er\u00f3tica","robots":{"index":"noindex","follow":"follow","max-snippet":"max-snippet:-1","max-image-preview":"max-image-preview:large","max-video-preview":"max-video-preview:-1"},"og_locale":"es_ES","og_type":"article","og_title":"SHOTS LUBRICANTE CON FEROMONAS PARA HOMBRE 100 ML - Tienda Er\u00f3tica","og_description":"SHOTS MALE PHEROMONE LUBRICANT 100 ML Los ingredientes exclusivos hacen una erecci\u00f3n dure m\u00e1s tiempo. Modo de empleo: Aplique una","og_url":"https:\/\/demoweb.info\/sexshop001\/producto\/shots-lubricante-con-feromonas-para-hombre-100-ml-2\/","og_site_name":"Tienda Er\u00f3tica","article_modified_time":"2022-01-22T13:39:58+00:00","og_image":[{"width":550,"height":550,"url":"https:\/\/demoweb.info\/sexshop001\/wp-content\/uploads\/2022\/01\/SHOTS-LUBRICANTE-CON-FEROMONAS-PARA-HOMBRE-100-ML-1.jpg","type":"image\/jpeg"}],"twitter_card":"summary_large_image","schema":{"@context":"https:\/\/schema.org","@graph":[{"@type":"WebPage","@id":"https:\/\/demoweb.info\/sexshop001\/producto\/shots-lubricante-con-feromonas-para-hombre-100-ml-2\/","url":"https:\/\/demoweb.info\/sexshop001\/producto\/shots-lubricante-con-feromonas-para-hombre-100-ml-2\/","name":"SHOTS LUBRICANTE CON FEROMONAS PARA HOMBRE 100 ML - Tienda Er\u00f3tica","isPartOf":{"@id":"https:\/\/demoweb.info\/sexshop001\/#website"},"datePublished":"2022-01-22T13:39:57+00:00","dateModified":"2022-01-22T13:39:58+00:00","breadcrumb":{"@id":"https:\/\/demoweb.info\/sexshop001\/producto\/shots-lubricante-con-feromonas-para-hombre-100-ml-2\/#breadcrumb"},"inLanguage":"es","potentialAction":[{"@type":"ReadAction","target":["https:\/\/demoweb.info\/sexshop001\/producto\/shots-lubricante-con-feromonas-para-hombre-100-ml-2\/"]}]},{"@type":"BreadcrumbList","@id":"https:\/\/demoweb.info\/sexshop001\/producto\/shots-lubricante-con-feromonas-para-hombre-100-ml-2\/#breadcrumb","itemListElement":[{"@type":"ListItem","position":1,"name":"Portada","item":"https:\/\/demoweb.info\/sexshop001\/"},{"@type":"ListItem","position":2,"name":"Tienda","item":"https:\/\/demoweb.info\/sexshop001\/tienda\/"},{"@type":"ListItem","position":3,"name":"SHOTS LUBRICANTE CON FEROMONAS PARA HOMBRE 100 ML"}]},{"@type":"WebSite","@id":"https:\/\/demoweb.info\/sexshop001\/#website","url":"https:\/\/demoweb.info\/sexshop001\/","name":"Tienda Er\u00f3tica","description":"DEMOWEB SL","potentialAction":[{"@type":"SearchAction","target":{"@type":"EntryPoint","urlTemplate":"https:\/\/demoweb.info\/sexshop001\/?s={search_term_string}"},"query-input":"required name=search_term_string"}],"inLanguage":"es"}]}},"_links":{"self":[{"href":"https:\/\/demoweb.info\/sexshop001\/wp-json\/wp\/v3\/product\/42205","targetHints":{"allow":["GET"]}}],"collection":[{"href":"https:\/\/demoweb.info\/sexshop001\/wp-json\/wp\/v3\/product"}],"about":[{"href":"https:\/\/demoweb.info\/sexshop001\/wp-json\/wp\/v2\/types\/product"}],"replies":[{"embeddable":true,"href":"https:\/\/demoweb.info\/sexshop001\/wp-json\/wp\/v2\/comments?post=42205"}],"wp:featuredmedia":[{"embeddable":true,"href":"https:\/\/demoweb.info\/sexshop001\/wp-json\/wp\/v2\/media\/42206"}],"wp:attachment":[{"href":"https:\/\/demoweb.info\/sexshop001\/wp-json\/wp\/v2\/media?parent=42205"}],"wp:term":[{"taxonomy":"product_cat","embeddable":true,"href":"https:\/\/demoweb.info\/sexshop001\/wp-json\/wp\/v2\/product_cat?post=42205"},{"taxonomy":"product_tag","embeddable":true,"href":"https:\/\/demoweb.info\/sexshop001\/wp-json\/wp\/v2\/product_tag?post=42205"}],"curies":[{"name":"wp","href":"https:\/\/api.w.org\/{rel}","templated":true}]}}