{"id":42032,"date":"2022-01-22T14:38:14","date_gmt":"2022-01-22T13:38:14","guid":{"rendered":"https:\/\/demoweb.info\/sexshop001\/producto\/atrevete-con-los-juegos-eroticos\/"},"modified":"2022-01-22T14:38:21","modified_gmt":"2022-01-22T13:38:21","slug":"atrevete-con-los-juegos-eroticos","status":"publish","type":"product","link":"https:\/\/demoweb.info\/sexshop001\/producto\/atrevete-con-los-juegos-eroticos\/","title":{"rendered":"ATREVETE&#8230; CON LOS JUEGOS EROTICOS"},"content":{"rendered":"<p><strong>ATR\u00c9VETE CON LOS JUEGOS ER\u00d3TICOS<\/strong><\/p>\n<p>Esta pr\u00e1ctica y \u00fatil gu\u00eda te propone a\u00f1adir picante a las veladas con tu pareja o entre los amigos. El autor va m\u00e1s all\u00e1 de los afrodis\u00edacos, las pel\u00edculas y revistas pornogr\u00e1ficas como pr\u00e9ambulos er\u00f3ticos y propone los juegos de mesa. En Atr\u00e9vete a los juegos sexuales , cartas, dados, domin\u00f3, fichas y tableros, juegos de r ol o juegos de prendas y pruebas se convertir\u00e1n en c\u00f3mplices de tus diversiones er\u00f3ticas. Cuando leas este emocionante libro, dejar\u00e1s de pensar que el juego de la Oca, el Tres en raya, la Batalla naval o la Gimkana sorpresa son s\u00f3lo cosas de ni\u00f1os. \u00bfTe atreves a jugar con nosotros?<\/p>\n<p>ISBN: 9788479278496<\/p>\n<p>P\u00e1ginas 126<\/p>\n","protected":false},"excerpt":{"rendered":"<p>ATR\u00c9VETE CON LOS JUEGOS ER\u00d3TICOS Esta pr\u00e1ctica y \u00fatil gu\u00eda te propone a\u00f1adir picante a las veladas con tu pareja<\/p>\n","protected":false},"featured_media":42033,"comment_status":"open","ping_status":"open","template":"","meta":[],"product_cat":[414],"product_tag":[1335],"class_list":["post-42032","product","type-product","status-publish","has-post-thumbnail","hentry","product_cat-libros","product_tag-rouge"],"bundled_by":[],"bundle_stock_status":"instock","bundle_stock_quantity":2,"bundle_virtual":false,"bundle_layout":"","bundle_add_to_cart_form_location":"","bundle_editable_in_cart":false,"bundle_sold_individually_context":"","bundle_item_grouping":"","bundle_min_size":"","bundle_max_size":"","bundled_items":[],"yoast_head":"<!-- This site is optimized with the Yoast SEO plugin v20.6 - https:\/\/yoast.com\/wordpress\/plugins\/seo\/ -->\n<title>ATREVETE... CON LOS JUEGOS EROTICOS - Tienda Er\u00f3tica<\/title>\n<meta name=\"robots\" content=\"noindex, follow, max-snippet:-1, max-image-preview:large, max-video-preview:-1\" \/>\n<meta property=\"og:locale\" content=\"es_ES\" \/>\n<meta property=\"og:type\" content=\"article\" \/>\n<meta property=\"og:title\" content=\"ATREVETE... CON LOS JUEGOS EROTICOS - Tienda Er\u00f3tica\" \/>\n<meta property=\"og:description\" content=\"ATR\u00c9VETE CON LOS JUEGOS ER\u00d3TICOS Esta pr\u00e1ctica y \u00fatil gu\u00eda te propone a\u00f1adir picante a las veladas con tu pareja\" \/>\n<meta property=\"og:url\" content=\"https:\/\/demoweb.info\/sexshop001\/producto\/atrevete-con-los-juegos-eroticos\/\" \/>\n<meta property=\"og:site_name\" content=\"Tienda Er\u00f3tica\" \/>\n<meta property=\"article:modified_time\" content=\"2022-01-22T13:38:21+00:00\" \/>\n<meta property=\"og:image\" content=\"https:\/\/demoweb.info\/sexshop001\/wp-content\/uploads\/2022\/01\/ATREVETE...-CON-LOS-JUEGOS-EROTICOS.jpg\" \/>\n\t<meta property=\"og:image:width\" content=\"550\" \/>\n\t<meta property=\"og:image:height\" content=\"550\" \/>\n\t<meta property=\"og:image:type\" content=\"image\/jpeg\" \/>\n<meta name=\"twitter:card\" content=\"summary_large_image\" \/>\n<meta name=\"twitter:label1\" content=\"Tiempo de lectura\" \/>\n\t<meta name=\"twitter:data1\" content=\"1 minuto\" \/>\n<script type=\"application\/ld+json\" class=\"yoast-schema-graph\">{\"@context\":\"https:\/\/schema.org\",\"@graph\":[{\"@type\":\"WebPage\",\"@id\":\"https:\/\/demoweb.info\/sexshop001\/producto\/atrevete-con-los-juegos-eroticos\/\",\"url\":\"https:\/\/demoweb.info\/sexshop001\/producto\/atrevete-con-los-juegos-eroticos\/\",\"name\":\"ATREVETE... CON LOS JUEGOS EROTICOS - Tienda Er\u00f3tica\",\"isPartOf\":{\"@id\":\"https:\/\/demoweb.info\/sexshop001\/#website\"},\"datePublished\":\"2022-01-22T13:38:14+00:00\",\"dateModified\":\"2022-01-22T13:38:21+00:00\",\"breadcrumb\":{\"@id\":\"https:\/\/demoweb.info\/sexshop001\/producto\/atrevete-con-los-juegos-eroticos\/#breadcrumb\"},\"inLanguage\":\"es\",\"potentialAction\":[{\"@type\":\"ReadAction\",\"target\":[\"https:\/\/demoweb.info\/sexshop001\/producto\/atrevete-con-los-juegos-eroticos\/\"]}]},{\"@type\":\"BreadcrumbList\",\"@id\":\"https:\/\/demoweb.info\/sexshop001\/producto\/atrevete-con-los-juegos-eroticos\/#breadcrumb\",\"itemListElement\":[{\"@type\":\"ListItem\",\"position\":1,\"name\":\"Portada\",\"item\":\"https:\/\/demoweb.info\/sexshop001\/\"},{\"@type\":\"ListItem\",\"position\":2,\"name\":\"Tienda\",\"item\":\"https:\/\/demoweb.info\/sexshop001\/tienda\/\"},{\"@type\":\"ListItem\",\"position\":3,\"name\":\"ATREVETE&#8230; CON LOS JUEGOS EROTICOS\"}]},{\"@type\":\"WebSite\",\"@id\":\"https:\/\/demoweb.info\/sexshop001\/#website\",\"url\":\"https:\/\/demoweb.info\/sexshop001\/\",\"name\":\"Tienda Er\u00f3tica\",\"description\":\"DEMOWEB SL\",\"potentialAction\":[{\"@type\":\"SearchAction\",\"target\":{\"@type\":\"EntryPoint\",\"urlTemplate\":\"https:\/\/demoweb.info\/sexshop001\/?s={search_term_string}\"},\"query-input\":\"required name=search_term_string\"}],\"inLanguage\":\"es\"}]}<\/script>\n<!-- \/ Yoast SEO plugin. -->","yoast_head_json":{"title":"ATREVETE... CON LOS JUEGOS EROTICOS - Tienda Er\u00f3tica","robots":{"index":"noindex","follow":"follow","max-snippet":"max-snippet:-1","max-image-preview":"max-image-preview:large","max-video-preview":"max-video-preview:-1"},"og_locale":"es_ES","og_type":"article","og_title":"ATREVETE... CON LOS JUEGOS EROTICOS - Tienda Er\u00f3tica","og_description":"ATR\u00c9VETE CON LOS JUEGOS ER\u00d3TICOS Esta pr\u00e1ctica y \u00fatil gu\u00eda te propone a\u00f1adir picante a las veladas con tu pareja","og_url":"https:\/\/demoweb.info\/sexshop001\/producto\/atrevete-con-los-juegos-eroticos\/","og_site_name":"Tienda Er\u00f3tica","article_modified_time":"2022-01-22T13:38:21+00:00","og_image":[{"width":550,"height":550,"url":"https:\/\/demoweb.info\/sexshop001\/wp-content\/uploads\/2022\/01\/ATREVETE...-CON-LOS-JUEGOS-EROTICOS.jpg","type":"image\/jpeg"}],"twitter_card":"summary_large_image","twitter_misc":{"Tiempo de lectura":"1 minuto"},"schema":{"@context":"https:\/\/schema.org","@graph":[{"@type":"WebPage","@id":"https:\/\/demoweb.info\/sexshop001\/producto\/atrevete-con-los-juegos-eroticos\/","url":"https:\/\/demoweb.info\/sexshop001\/producto\/atrevete-con-los-juegos-eroticos\/","name":"ATREVETE... CON LOS JUEGOS EROTICOS - Tienda Er\u00f3tica","isPartOf":{"@id":"https:\/\/demoweb.info\/sexshop001\/#website"},"datePublished":"2022-01-22T13:38:14+00:00","dateModified":"2022-01-22T13:38:21+00:00","breadcrumb":{"@id":"https:\/\/demoweb.info\/sexshop001\/producto\/atrevete-con-los-juegos-eroticos\/#breadcrumb"},"inLanguage":"es","potentialAction":[{"@type":"ReadAction","target":["https:\/\/demoweb.info\/sexshop001\/producto\/atrevete-con-los-juegos-eroticos\/"]}]},{"@type":"BreadcrumbList","@id":"https:\/\/demoweb.info\/sexshop001\/producto\/atrevete-con-los-juegos-eroticos\/#breadcrumb","itemListElement":[{"@type":"ListItem","position":1,"name":"Portada","item":"https:\/\/demoweb.info\/sexshop001\/"},{"@type":"ListItem","position":2,"name":"Tienda","item":"https:\/\/demoweb.info\/sexshop001\/tienda\/"},{"@type":"ListItem","position":3,"name":"ATREVETE&#8230; CON LOS JUEGOS EROTICOS"}]},{"@type":"WebSite","@id":"https:\/\/demoweb.info\/sexshop001\/#website","url":"https:\/\/demoweb.info\/sexshop001\/","name":"Tienda Er\u00f3tica","description":"DEMOWEB SL","potentialAction":[{"@type":"SearchAction","target":{"@type":"EntryPoint","urlTemplate":"https:\/\/demoweb.info\/sexshop001\/?s={search_term_string}"},"query-input":"required name=search_term_string"}],"inLanguage":"es"}]}},"_links":{"self":[{"href":"https:\/\/demoweb.info\/sexshop001\/wp-json\/wp\/v3\/product\/42032","targetHints":{"allow":["GET"]}}],"collection":[{"href":"https:\/\/demoweb.info\/sexshop001\/wp-json\/wp\/v3\/product"}],"about":[{"href":"https:\/\/demoweb.info\/sexshop001\/wp-json\/wp\/v2\/types\/product"}],"replies":[{"embeddable":true,"href":"https:\/\/demoweb.info\/sexshop001\/wp-json\/wp\/v2\/comments?post=42032"}],"wp:featuredmedia":[{"embeddable":true,"href":"https:\/\/demoweb.info\/sexshop001\/wp-json\/wp\/v2\/media\/42033"}],"wp:attachment":[{"href":"https:\/\/demoweb.info\/sexshop001\/wp-json\/wp\/v2\/media?parent=42032"}],"wp:term":[{"taxonomy":"product_cat","embeddable":true,"href":"https:\/\/demoweb.info\/sexshop001\/wp-json\/wp\/v2\/product_cat?post=42032"},{"taxonomy":"product_tag","embeddable":true,"href":"https:\/\/demoweb.info\/sexshop001\/wp-json\/wp\/v2\/product_tag?post=42032"}],"curies":[{"name":"wp","href":"https:\/\/api.w.org\/{rel}","templated":true}]}}