{"id":39455,"date":"2022-01-22T14:12:20","date_gmt":"2022-01-22T13:12:20","guid":{"rendered":"https:\/\/demoweb.info\/sexshop001\/producto\/christmas-desires-calendario-de-adviento\/"},"modified":"2022-01-22T14:12:34","modified_gmt":"2022-01-22T13:12:34","slug":"christmas-desires-calendario-de-adviento","status":"publish","type":"product","link":"https:\/\/demoweb.info\/sexshop001\/producto\/christmas-desires-calendario-de-adviento\/","title":{"rendered":"CHRISTMAS DESIRES CALENDARIO DE ADVIENTO"},"content":{"rendered":"<p><strong>CHRISTMAS DESIRES ADVENT CALENDAR<\/strong><\/p>\n<p><em>\u201cRevelation\u201d (Edici\u00f3n especial)<\/em><br \/>\nSuccionador de cl\u00edtoris de Adiren Lastic. El producto estrella del calendario de Adviento con el que podr\u00e1s llegar a su m\u00e1xima potencia con un solo click. Es un modelo hecho con silicona extra suave y un dise\u00f1o ergon\u00f3mico, con 9 modos de vibraci\u00f3n, es recargable con cargador USB y resistente al agua. <\/p>\n<p><em>Purple G-Spot Vibrator<\/em><br \/>\nEstimulador vibrador del punto G. Es un vibrador ultra potente de silicona + ABS, lo que significa que tiene un tacto suave y agradable. Con 10 intensidades de vibraci\u00f3n, 20 cent\u00edmetros de largo y 3,1 de di\u00e1metro, sentir\u00e1s unos orgasmos excepcionales. <br \/>\nAdem\u00e1s, es resistente al agua y es recargable con un cable USB incluido.<\/p>\n<p><em>Wanderfull Pink Wand (Masajeador \u201cwanderfull\u201d rosa)<\/em><br \/>\nM\u00e1xima sensaci\u00f3n de placer con el discreto, port\u00e1til y poderoso masajeador Wanderfull. Es multifuncional para distintas zonas er\u00f3genas y m\u00fasculos del cuerpo. Su dise\u00f1o elegante y ergon\u00f3mico, de silicona 100% Premium, es ideal para una experiencia ultra placentera y relajante.<br \/>\nTaurus es resiente al agua y permite disfrutar de 20 patrones de vibraci\u00f3n y 8 velocidades, que permitir\u00e1n seleccionar la combinaci\u00f3n m\u00e1s adecuada a tus necesidades. <\/p>\n<p>\u00a1Es ideal para las Preliminares en pareja!<\/p>\n<p>\n<em>\u201cPlay Ball\u201d para parejas<\/em><br \/>\nPlay Ball es un huevo vibrador de gran potencia, textura flexible y un tacto suave perfecto para juegos en pareja. Play Ball es un huevo vibrador de gran potencia, textura flexible y un tacto suave perfecto para juegos en pareja. <br \/>\nA trav\u00e9s del mando de control remoto, podr\u00e9is decidir cu\u00e1ndo proporcionar placer en el interior de la cavidad vaginal y el glande del pene durante las penetraciones. Y gracias al cord\u00f3n de seguridad fino y flexible que ni siquiera se nota, estar\u00e1s segurx.<\/p>\n<p><em>Huevo vibrador<\/em><br \/>\n\u00a1Disfruta las maravillosas vibraciones! \u00bfQu\u00e9 mejor manera de disfrutar de las experiencias er\u00f3ticas si resultan ser inesperadas? Prueba el nuevo huevo vibrador que cuenta con 10 modos de vibraci\u00f3n diferentes que te enamoraran. Su dise\u00f1o elegante y forma perfecta te har\u00e1 sentir como nunca antes con el masaje vaginal que te proporcionara.<br \/>\nAhora el huevo vibrador es recargable con un cargador USB incluido en el calendario. <\/p>\n<p><em>Kegel Ball<\/em><br \/>\nLa bola Kegel tiene la capacidad de mejorar el control que tienes sobre tu cuerpo, reforzando el suelo p\u00e9lvico, y de esta manera poder darte un mayor disfrute de tus relaciones sexuales, al igual que intensifica tu orgasmo y mejora tu salud sexual.<\/p>\n<p>Son hechas de la mejor silicona con un toque de seda, por lo que pueden ser sumergibles en el agua. No es necesario ser un experto en la pr\u00e1ctica de juguetes para adultos, es f\u00e1cil de usar y de limpiar, as\u00ed como totalmente estimulante para el placer y tonificaci\u00f3n femenina.<\/p>\n<p><em> \u201cLastic Pocket Devol\u201d (Mini bala vibradora)<\/em><br \/>\nMini bala vibradora, Devol, es un peque\u00f1o demonio para mega vibraciones. Estimula el cl\u00edtoris y la vagina con Lastic Pocket Devol  siempre que quieras gracias a su reducido tama\u00f1o.<\/p>\n<p>Es suficientemente peque\u00f1o para caber en el bolsillo o bolso, est\u00e1 hecho en silicona de primera calidad con tacto de terciopelo, las vibraciones de su cola de punta abierta y cuernos seguro que le har\u00e1n llegar al orgasmo. <\/p>\n<p><em>Ajustable \u201cCock Ring\u201d (anillo)<\/em><br \/>\nPuede parecer uno de los anillos m\u00e1s simples del mercado, pero la verdad es que esconde un fant\u00e1stico secreto detr\u00e1s de este juguete. Su particular dise\u00f1o dificultar\u00e1 el paso del torrente sangu\u00edneo provocando unas erecciones m\u00e1s potentes y m\u00e1s duraderas, creando as\u00ed unas sensaciones de placer inimaginables. Este anillo est\u00e1 fabricado al 100% de silicona, hecho que lo hace muy suave, resistente y flexible. <br \/>\nAdem\u00e1s, es ajustable 100%, se adapta al tama\u00f1o de cualquier pene. <\/p>\n<p><em>Cock Ring Set (3 piezas)<\/em><br \/>\nPack de tres anillos, har\u00e1 que tus orgasmos sean m\u00e1s intensos y m\u00e1s prolongados. Gracias a este anillo, tu pene y tus test\u00edculos sentir\u00e1n una leve restricci\u00f3n, cosa que te ayudar\u00e1 a llegar al cl\u00edmax con mayor facilidad. Cock Ring Set est\u00e1 fabricado completamente de silicona, lo que significa que es muy resistente y s\u00faper suave. \u00a1Tus partes \u00edntimas lo agradecer\u00e1n!<br \/>\nAnillo vibrador \u201cLingus.\u201d<br \/>\nCombinando anillos para penes y estimulaci\u00f3n al cl\u00edtoris, este talentoso anillo bala te hace disfrutar compartiendo esta incre\u00edble experiencia con tu pareja. La estilizada punta en forma de lengua, elegantemente se curva hacia el cl\u00edtoris para proporcionar una mayor estimulaci\u00f3n y orgasmos m\u00e1s intensos.<\/p>\n<p>Anillo vibrador de Adrien Lastic que se adapta f\u00e1cilmente a todos los tama\u00f1os.<\/p>\n<p><em>Massage Candle Sparkling Styrawberry (vela de masaje de fresa)<\/em><br \/>\nVive la experiencia de dar placer con las velas artesanales de masaje de Amoreane. Nunca es mala idea preparar un ambiente sensual antes de comenzar a la acci\u00f3n, especialmente si proviene de velas que se funden en aceites de masaje. Enciende la vela de fresa-champagne y espera unos minutos, aparte de la agradable fragancia que desprende, la cera se convierte en un aceite perfecto para realizar el masaje de tus sue\u00f1os. No solo son muy rom\u00e1nticas, sino que tambi\u00e9n las puedes incorporar a tus juegos preliminares ofreciendo un buen momento \u00edntimo de calidad.<\/p>\n<p><em>Cherry Liquid Vibrator 10 ml (lubricante vibrador de fresa)<\/em><br \/>\nLubricante vaginal vibrador l\u00edquido con aroma a fresa de Amoreane, un gel estimulante y unisex con componentes activos como el extracto de planta de la selva amaz\u00f3nica que genera una sensaci\u00f3n vibrante de hormigueo en el \u00e1rea \u00edntima aplicada, adem\u00e1s, tambi\u00e9n potencia los orgasmos y la experiencia sexual.<br \/>\nIncienso de feromonas con arma a Tahitian Sunset<\/p>\n<p>Enciende uno de los inciensos artesanales con feromonas de Amoreane para crear una atm\u00f3sfera de placer perfecta. Mientras la llama arda, tu habitaci\u00f3n se impregnar\u00e1 de una sensual aroma y las feromonas se ir\u00e1n desprendiendo del incienso ayudando a estimular mentalmente tu deseo sexual y el de tu pareja.<br \/>\n\u00a1Celebra tus momentos \u00edntimos e intensifica la excitaci\u00f3n en pareja!<\/p>\n<p><em>Sexy Dice (Dado de juegos sexy)<\/em><br \/>\n\u00bfA qui\u00e9n no le gustan los preliminares antes de adentrarse a la aventura? Pues con el Sexy Dice de Adrien Lastic te transformar\u00e1s en el rey de los preliminares. Hecho completamente de resina facilitando as\u00ed su durabilidad y su resistencia a los golpes. Gracias a estos dados, t\u00fa y tu pareja podr\u00e9is disfrutar libremente y sin esfuerzo, ya que el dado os dice lo que ten\u00e9is que hacer.<\/p>\n<p><em>Satin Sash (banda bondage multiusos)<\/em><br \/>\nPerfecto para parejas con un lado salvaje o para aquellos que quieren explorar y liberar su bestia sexual oculta, el faj\u00edn de sat\u00e9n de Adrien Lastic es un vers\u00e1til para una noche er\u00f3tica de ser enredado, retorcido, atado o sorprendido.<br \/>\nPlumero \u201cPrestige\u201d<br \/>\nPlumero de Adiren Lastic para estimular a tu pareja. Este peculiar plumero de plumas sint\u00e9ticas mide 15cm y es totalmente ergon\u00f3mico.<\/p>\n<p>\u00a1Recomendamos combinarlo con las esposas, tambi\u00e9n incluidas en el calendario, y crear un ambiente Bondage ideal!<\/p>\n<p><em>\u201cMenottes\u201d esposas con plumas rosas<\/em><br \/>\nLas esposas con plumas de Adrien Lastic son simplemente ideales para los juegos er\u00f3ticos. \u00a1Deja volar tu imaginaci\u00f3n y transforma a tu amante en tu esclavx!<\/p>\n<p>Las esposas de plumas suaves tienen la funci\u00f3n de mantener a tu pareja en la posici\u00f3n de sumisi\u00f3n perfecta, manteni\u00e9ndola inm\u00f3vil y controlada para hacerle sentir el placer intenso donde no puede controlar lo que haces. (Con consentimiento siempre).<\/p>\n<p><em>Herat Nipple Covers (pezonera sexy)<\/em><br \/>\nPezonera con forma de coraz\u00f3n de lentejuelas brillantes y con dos pompones incluidos en ellas. Enamora de nuevo a tu pareja con las pezoneras enganchables que te dejaran m\u00e1s sexy que nadie. <\/p>\n<p><em>Mascara sexy.<\/em><br \/>\n\u00a1V\u00edstete y juega! Ponte la m\u00e1scara y seduce a tu pareja, est\u00e1 hecha de un material que ni la notaras. Tiene dos cordones, una a cada extremo de la m\u00e1scara, con la que podr\u00e1s atarla alrededor de la cabeza.<\/p>\n<p><em>Cuerda de Bondage<\/em><br \/>\nEs una cuerda multiusos: te va a servir tanto si empiezas en el arte de los amarres y simplemente est\u00e1s pensando en atar pies y manos, o tanto si eres un experto en el arte del Shibari y del Kinbaku. Es de color negro y sus 10 metros de largo te permitir\u00e1n hacer las diferentes lazadas que necesites. <br \/>\n\u00bfTe atreves a vivir tus fantas\u00edas?<\/p>\n<p><em>\u201cPenis Sleeve\u201d Funda para pene transparente<\/em><br \/>\nEsta funda para el pene transparente es una de las mejores opciones si tu intenci\u00f3n es hacer que tu pareja disfrute m\u00e1s. \u00a1Pero la cosa no acaba aqu\u00ed! Penis Sleeve tiene la particularidad de hacer gozar al hombre a niveles inimaginables. \u00bfQu\u00e9 c\u00f3mo lo hace? Esta funda ofrece una compresi\u00f3n \u00f3ptima del pene para que la erecci\u00f3n dure m\u00e1s tiempo y sea m\u00e1s potente. \u00bfA qu\u00e9 esperas para pon\u00e9rtela?<\/p>\n<p><em>SilexD Black Plug XS (Plug anal SilexdD)<\/em><br \/>\nSilexD ofrece una gama de plugs con una piel de silicona s\u00faper suave de alta calidad con doble densidad y relleno de SILEXPAN, para una textura y tacto extremadamente real\u00edstico y una experiencia de placer incomparable. El plug tiene una forma que es ideal para la iniciaci\u00f3n en el sexo anal. Su textura y grosor son ideales. <\/p>\n<p><em>Estimulador de pr\u00f3stata \u201cNero\u201d<\/em><br \/>\nNero, se trata de un estimulador anal, de tama\u00f1o id\u00f3neo para la realizaci\u00f3n de esta pr\u00e1ctica, fabricado en materiales de primera calidad y especialmente dise\u00f1ado para la estimulaci\u00f3n de la zona prost\u00e1tica.<br \/>\nConcebido tanto para hombres y mujeres, y dise\u00f1ado para los que empiezan en el arte del sexo anal as\u00ed como para los m\u00e1s profesionales, con Nero podr\u00e1s hacer todas tus fantas\u00edas realidad y disfrutar de una explosi\u00f3n de sensaciones y placeres como nunca antes lo hab\u00edas hecho.<\/p>\n<p>Est\u00e1 dise\u00f1ado para una sencilla introducci\u00f3n y salida gracias a sus peque\u00f1as bolas de inserci\u00f3n progresiva, y acabado en silicona aterciopelada sin ftalatos.<br \/>\nAdem\u00e1s es resistente al agua, por lo que podr\u00e1s usarlo bajo ella adem\u00e1s de permitirte una sencilla limpieza.<\/p>\n<p><em>Plug anal vibrador<\/em><br \/>\nDotado de varias ondulaciones dise\u00f1ado especialmente para masajear la cavidad anal durante su introducci\u00f3n, el Vibrador anal brinda un espacio sublime entre el inicio y el desenlace al placer del sexo anal.<br \/>\nDise\u00f1ado con una punta redondeada que poco a poco se convierte en una base causante de divinas sensaciones. Su uso acondiciona y mejora el \u00e1rea para la penetraci\u00f3n y conduce a sensaciones y experiencias irresistibles que mejoran la calidad y desempe\u00f1o sexual.<\/p>\n","protected":false},"excerpt":{"rendered":"<p>CHRISTMAS DESIRES ADVENT CALENDAR \u201cRevelation\u201d (Edici\u00f3n especial) Succionador de cl\u00edtoris de Adiren Lastic. El producto estrella del calendario de Adviento<\/p>\n","protected":false},"featured_media":39456,"comment_status":"open","ping_status":"open","template":"","meta":[],"product_cat":[519],"product_tag":[435],"class_list":["post-39455","product","type-product","status-publish","has-post-thumbnail","hentry","product_cat-parejas","product_tag-adrien-lastic"],"bundled_by":[],"bundle_stock_status":"instock","bundle_stock_quantity":15,"bundle_virtual":false,"bundle_layout":"","bundle_add_to_cart_form_location":"","bundle_editable_in_cart":false,"bundle_sold_individually_context":"","bundle_item_grouping":"","bundle_min_size":"","bundle_max_size":"","bundled_items":[],"yoast_head":"<!-- This site is optimized with the Yoast SEO plugin v20.6 - https:\/\/yoast.com\/wordpress\/plugins\/seo\/ -->\n<title>CHRISTMAS DESIRES CALENDARIO DE ADVIENTO - Tienda Er\u00f3tica<\/title>\n<meta name=\"robots\" content=\"noindex, follow, max-snippet:-1, max-image-preview:large, max-video-preview:-1\" \/>\n<meta property=\"og:locale\" content=\"es_ES\" \/>\n<meta property=\"og:type\" content=\"article\" \/>\n<meta property=\"og:title\" content=\"CHRISTMAS DESIRES CALENDARIO DE ADVIENTO - Tienda Er\u00f3tica\" \/>\n<meta property=\"og:description\" content=\"CHRISTMAS DESIRES ADVENT CALENDAR \u201cRevelation\u201d (Edici\u00f3n especial) Succionador de cl\u00edtoris de Adiren Lastic. El producto estrella del calendario de Adviento\" \/>\n<meta property=\"og:url\" content=\"https:\/\/demoweb.info\/sexshop001\/producto\/christmas-desires-calendario-de-adviento\/\" \/>\n<meta property=\"og:site_name\" content=\"Tienda Er\u00f3tica\" \/>\n<meta property=\"article:modified_time\" content=\"2022-01-22T13:12:34+00:00\" \/>\n<meta property=\"og:image\" content=\"https:\/\/demoweb.info\/sexshop001\/wp-content\/uploads\/2022\/01\/CHRISTMAS-DESIRES-CALENDARIO-DE-ADVIENTO.jpg\" \/>\n\t<meta property=\"og:image:width\" content=\"550\" \/>\n\t<meta property=\"og:image:height\" content=\"550\" \/>\n\t<meta property=\"og:image:type\" content=\"image\/jpeg\" \/>\n<meta name=\"twitter:card\" content=\"summary_large_image\" \/>\n<meta name=\"twitter:label1\" content=\"Tiempo de lectura\" \/>\n\t<meta name=\"twitter:data1\" content=\"9 minutos\" \/>\n<script type=\"application\/ld+json\" class=\"yoast-schema-graph\">{\"@context\":\"https:\/\/schema.org\",\"@graph\":[{\"@type\":\"WebPage\",\"@id\":\"https:\/\/demoweb.info\/sexshop001\/producto\/christmas-desires-calendario-de-adviento\/\",\"url\":\"https:\/\/demoweb.info\/sexshop001\/producto\/christmas-desires-calendario-de-adviento\/\",\"name\":\"CHRISTMAS DESIRES CALENDARIO DE ADVIENTO - Tienda Er\u00f3tica\",\"isPartOf\":{\"@id\":\"https:\/\/demoweb.info\/sexshop001\/#website\"},\"datePublished\":\"2022-01-22T13:12:20+00:00\",\"dateModified\":\"2022-01-22T13:12:34+00:00\",\"breadcrumb\":{\"@id\":\"https:\/\/demoweb.info\/sexshop001\/producto\/christmas-desires-calendario-de-adviento\/#breadcrumb\"},\"inLanguage\":\"es\",\"potentialAction\":[{\"@type\":\"ReadAction\",\"target\":[\"https:\/\/demoweb.info\/sexshop001\/producto\/christmas-desires-calendario-de-adviento\/\"]}]},{\"@type\":\"BreadcrumbList\",\"@id\":\"https:\/\/demoweb.info\/sexshop001\/producto\/christmas-desires-calendario-de-adviento\/#breadcrumb\",\"itemListElement\":[{\"@type\":\"ListItem\",\"position\":1,\"name\":\"Portada\",\"item\":\"https:\/\/demoweb.info\/sexshop001\/\"},{\"@type\":\"ListItem\",\"position\":2,\"name\":\"Tienda\",\"item\":\"https:\/\/demoweb.info\/sexshop001\/tienda\/\"},{\"@type\":\"ListItem\",\"position\":3,\"name\":\"CHRISTMAS DESIRES CALENDARIO DE ADVIENTO\"}]},{\"@type\":\"WebSite\",\"@id\":\"https:\/\/demoweb.info\/sexshop001\/#website\",\"url\":\"https:\/\/demoweb.info\/sexshop001\/\",\"name\":\"Tienda Er\u00f3tica\",\"description\":\"DEMOWEB SL\",\"potentialAction\":[{\"@type\":\"SearchAction\",\"target\":{\"@type\":\"EntryPoint\",\"urlTemplate\":\"https:\/\/demoweb.info\/sexshop001\/?s={search_term_string}\"},\"query-input\":\"required name=search_term_string\"}],\"inLanguage\":\"es\"}]}<\/script>\n<!-- \/ Yoast SEO plugin. -->","yoast_head_json":{"title":"CHRISTMAS DESIRES CALENDARIO DE ADVIENTO - Tienda Er\u00f3tica","robots":{"index":"noindex","follow":"follow","max-snippet":"max-snippet:-1","max-image-preview":"max-image-preview:large","max-video-preview":"max-video-preview:-1"},"og_locale":"es_ES","og_type":"article","og_title":"CHRISTMAS DESIRES CALENDARIO DE ADVIENTO - Tienda Er\u00f3tica","og_description":"CHRISTMAS DESIRES ADVENT CALENDAR \u201cRevelation\u201d (Edici\u00f3n especial) Succionador de cl\u00edtoris de Adiren Lastic. El producto estrella del calendario de Adviento","og_url":"https:\/\/demoweb.info\/sexshop001\/producto\/christmas-desires-calendario-de-adviento\/","og_site_name":"Tienda Er\u00f3tica","article_modified_time":"2022-01-22T13:12:34+00:00","og_image":[{"width":550,"height":550,"url":"https:\/\/demoweb.info\/sexshop001\/wp-content\/uploads\/2022\/01\/CHRISTMAS-DESIRES-CALENDARIO-DE-ADVIENTO.jpg","type":"image\/jpeg"}],"twitter_card":"summary_large_image","twitter_misc":{"Tiempo de lectura":"9 minutos"},"schema":{"@context":"https:\/\/schema.org","@graph":[{"@type":"WebPage","@id":"https:\/\/demoweb.info\/sexshop001\/producto\/christmas-desires-calendario-de-adviento\/","url":"https:\/\/demoweb.info\/sexshop001\/producto\/christmas-desires-calendario-de-adviento\/","name":"CHRISTMAS DESIRES CALENDARIO DE ADVIENTO - Tienda Er\u00f3tica","isPartOf":{"@id":"https:\/\/demoweb.info\/sexshop001\/#website"},"datePublished":"2022-01-22T13:12:20+00:00","dateModified":"2022-01-22T13:12:34+00:00","breadcrumb":{"@id":"https:\/\/demoweb.info\/sexshop001\/producto\/christmas-desires-calendario-de-adviento\/#breadcrumb"},"inLanguage":"es","potentialAction":[{"@type":"ReadAction","target":["https:\/\/demoweb.info\/sexshop001\/producto\/christmas-desires-calendario-de-adviento\/"]}]},{"@type":"BreadcrumbList","@id":"https:\/\/demoweb.info\/sexshop001\/producto\/christmas-desires-calendario-de-adviento\/#breadcrumb","itemListElement":[{"@type":"ListItem","position":1,"name":"Portada","item":"https:\/\/demoweb.info\/sexshop001\/"},{"@type":"ListItem","position":2,"name":"Tienda","item":"https:\/\/demoweb.info\/sexshop001\/tienda\/"},{"@type":"ListItem","position":3,"name":"CHRISTMAS DESIRES CALENDARIO DE ADVIENTO"}]},{"@type":"WebSite","@id":"https:\/\/demoweb.info\/sexshop001\/#website","url":"https:\/\/demoweb.info\/sexshop001\/","name":"Tienda Er\u00f3tica","description":"DEMOWEB SL","potentialAction":[{"@type":"SearchAction","target":{"@type":"EntryPoint","urlTemplate":"https:\/\/demoweb.info\/sexshop001\/?s={search_term_string}"},"query-input":"required name=search_term_string"}],"inLanguage":"es"}]}},"_links":{"self":[{"href":"https:\/\/demoweb.info\/sexshop001\/wp-json\/wp\/v3\/product\/39455","targetHints":{"allow":["GET"]}}],"collection":[{"href":"https:\/\/demoweb.info\/sexshop001\/wp-json\/wp\/v3\/product"}],"about":[{"href":"https:\/\/demoweb.info\/sexshop001\/wp-json\/wp\/v2\/types\/product"}],"replies":[{"embeddable":true,"href":"https:\/\/demoweb.info\/sexshop001\/wp-json\/wp\/v2\/comments?post=39455"}],"wp:featuredmedia":[{"embeddable":true,"href":"https:\/\/demoweb.info\/sexshop001\/wp-json\/wp\/v2\/media\/39456"}],"wp:attachment":[{"href":"https:\/\/demoweb.info\/sexshop001\/wp-json\/wp\/v2\/media?parent=39455"}],"wp:term":[{"taxonomy":"product_cat","embeddable":true,"href":"https:\/\/demoweb.info\/sexshop001\/wp-json\/wp\/v2\/product_cat?post=39455"},{"taxonomy":"product_tag","embeddable":true,"href":"https:\/\/demoweb.info\/sexshop001\/wp-json\/wp\/v2\/product_tag?post=39455"}],"curies":[{"name":"wp","href":"https:\/\/api.w.org\/{rel}","templated":true}]}}