{"id":39451,"date":"2022-01-22T14:12:20","date_gmt":"2022-01-22T13:12:20","guid":{"rendered":"https:\/\/demoweb.info\/sexshop001\/producto\/sexbook-una-historia-ilustrada-de-la-sexualidad\/"},"modified":"2022-01-22T14:12:32","modified_gmt":"2022-01-22T13:12:32","slug":"sexbook-una-historia-ilustrada-de-la-sexualidad","status":"publish","type":"product","link":"https:\/\/demoweb.info\/sexshop001\/producto\/sexbook-una-historia-ilustrada-de-la-sexualidad\/","title":{"rendered":"SEXBOOK: UNA HISTORIA ILUSTRADA DE LA SEXUALIDAD"},"content":{"rendered":"<p><strong>SEXBOOK: UNA HISTORIA ILUSTRADA DE LA SEXUALIDAD<\/strong><\/p>\n<p><strong>VV.AA.<\/strong><\/p>\n<p>Una historia revolucionaria de la sexualidad y la identidad de genero, por los aclamados autores de Herstory.<\/p>\n<p>Desde los manuales sexuales de la Antig\u00fcedad hasta las relaciones en tiempos de pandemia, Sexbook ofrece un viaje \u00fanico y apasionante por la historia de las sexualidades y las identidades de genero.<\/p>\n<p>Nacho Moreno Segarra y Mar\u00eda Bastar\u00f3s despliegan rigor, ingenio e iron\u00eda en una narraci\u00f3n llena de anecdotas sorprendentes e ilustrada con el estilo \u00fanico de Cristina Daura.<\/p>\n<ul>\n<li>N&ordm; de p\u00e1ginas: 224<\/li>\n<li>Editorial: LUMEN<\/li>\n<li>Idioma: CASTELLANO<\/li>\n<li>Encuadernaci\u00f3n: Tapa dura<\/li>\n<li>ISBN: 9788426409676<\/li>\n<li>A\u00f1o de edici\u00f3n: 2021<\/li>\n<li>Plaza de edici\u00f3n: ES<\/li>\n<li>Fecha de lanzamiento: 21\/10\/2021<\/li>\n<\/ul>\n","protected":false},"excerpt":{"rendered":"<p>SEXBOOK: UNA HISTORIA ILUSTRADA DE LA SEXUALIDAD VV.AA. Una historia revolucionaria de la sexualidad y la identidad de genero, por<\/p>\n","protected":false},"featured_media":39452,"comment_status":"open","ping_status":"open","template":"","meta":[],"product_cat":[414],"product_tag":[1285,415],"class_list":["post-39451","product","type-product","status-publish","has-post-thumbnail","hentry","product_cat-libros","product_tag-lumen","product_tag-random-house"],"bundled_by":[],"bundle_stock_status":"instock","bundle_stock_quantity":1,"bundle_virtual":false,"bundle_layout":"","bundle_add_to_cart_form_location":"","bundle_editable_in_cart":false,"bundle_sold_individually_context":"","bundle_item_grouping":"","bundle_min_size":"","bundle_max_size":"","bundled_items":[],"yoast_head":"<!-- This site is optimized with the Yoast SEO plugin v20.6 - https:\/\/yoast.com\/wordpress\/plugins\/seo\/ -->\n<title>SEXBOOK: UNA HISTORIA ILUSTRADA DE LA SEXUALIDAD - Tienda Er\u00f3tica<\/title>\n<meta name=\"robots\" content=\"noindex, follow, max-snippet:-1, max-image-preview:large, max-video-preview:-1\" \/>\n<meta property=\"og:locale\" content=\"es_ES\" \/>\n<meta property=\"og:type\" content=\"article\" \/>\n<meta property=\"og:title\" content=\"SEXBOOK: UNA HISTORIA ILUSTRADA DE LA SEXUALIDAD - Tienda Er\u00f3tica\" \/>\n<meta property=\"og:description\" content=\"SEXBOOK: UNA HISTORIA ILUSTRADA DE LA SEXUALIDAD VV.AA. Una historia revolucionaria de la sexualidad y la identidad de genero, por\" \/>\n<meta property=\"og:url\" content=\"https:\/\/demoweb.info\/sexshop001\/producto\/sexbook-una-historia-ilustrada-de-la-sexualidad\/\" \/>\n<meta property=\"og:site_name\" content=\"Tienda Er\u00f3tica\" \/>\n<meta property=\"article:modified_time\" content=\"2022-01-22T13:12:32+00:00\" \/>\n<meta property=\"og:image\" content=\"https:\/\/demoweb.info\/sexshop001\/wp-content\/uploads\/2022\/01\/SEXBOOK-UNA-HISTORIA-ILUSTRADA-DE-LA-SEXUALIDAD.jpg\" \/>\n\t<meta property=\"og:image:width\" content=\"550\" \/>\n\t<meta property=\"og:image:height\" content=\"550\" \/>\n\t<meta property=\"og:image:type\" content=\"image\/jpeg\" \/>\n<meta name=\"twitter:card\" content=\"summary_large_image\" \/>\n<meta name=\"twitter:label1\" content=\"Tiempo de lectura\" \/>\n\t<meta name=\"twitter:data1\" content=\"1 minuto\" \/>\n<script type=\"application\/ld+json\" class=\"yoast-schema-graph\">{\"@context\":\"https:\/\/schema.org\",\"@graph\":[{\"@type\":\"WebPage\",\"@id\":\"https:\/\/demoweb.info\/sexshop001\/producto\/sexbook-una-historia-ilustrada-de-la-sexualidad\/\",\"url\":\"https:\/\/demoweb.info\/sexshop001\/producto\/sexbook-una-historia-ilustrada-de-la-sexualidad\/\",\"name\":\"SEXBOOK: UNA HISTORIA ILUSTRADA DE LA SEXUALIDAD - Tienda Er\u00f3tica\",\"isPartOf\":{\"@id\":\"https:\/\/demoweb.info\/sexshop001\/#website\"},\"datePublished\":\"2022-01-22T13:12:20+00:00\",\"dateModified\":\"2022-01-22T13:12:32+00:00\",\"breadcrumb\":{\"@id\":\"https:\/\/demoweb.info\/sexshop001\/producto\/sexbook-una-historia-ilustrada-de-la-sexualidad\/#breadcrumb\"},\"inLanguage\":\"es\",\"potentialAction\":[{\"@type\":\"ReadAction\",\"target\":[\"https:\/\/demoweb.info\/sexshop001\/producto\/sexbook-una-historia-ilustrada-de-la-sexualidad\/\"]}]},{\"@type\":\"BreadcrumbList\",\"@id\":\"https:\/\/demoweb.info\/sexshop001\/producto\/sexbook-una-historia-ilustrada-de-la-sexualidad\/#breadcrumb\",\"itemListElement\":[{\"@type\":\"ListItem\",\"position\":1,\"name\":\"Portada\",\"item\":\"https:\/\/demoweb.info\/sexshop001\/\"},{\"@type\":\"ListItem\",\"position\":2,\"name\":\"Tienda\",\"item\":\"https:\/\/demoweb.info\/sexshop001\/tienda\/\"},{\"@type\":\"ListItem\",\"position\":3,\"name\":\"SEXBOOK: UNA HISTORIA ILUSTRADA DE LA SEXUALIDAD\"}]},{\"@type\":\"WebSite\",\"@id\":\"https:\/\/demoweb.info\/sexshop001\/#website\",\"url\":\"https:\/\/demoweb.info\/sexshop001\/\",\"name\":\"Tienda Er\u00f3tica\",\"description\":\"DEMOWEB SL\",\"potentialAction\":[{\"@type\":\"SearchAction\",\"target\":{\"@type\":\"EntryPoint\",\"urlTemplate\":\"https:\/\/demoweb.info\/sexshop001\/?s={search_term_string}\"},\"query-input\":\"required name=search_term_string\"}],\"inLanguage\":\"es\"}]}<\/script>\n<!-- \/ Yoast SEO plugin. -->","yoast_head_json":{"title":"SEXBOOK: UNA HISTORIA ILUSTRADA DE LA SEXUALIDAD - Tienda Er\u00f3tica","robots":{"index":"noindex","follow":"follow","max-snippet":"max-snippet:-1","max-image-preview":"max-image-preview:large","max-video-preview":"max-video-preview:-1"},"og_locale":"es_ES","og_type":"article","og_title":"SEXBOOK: UNA HISTORIA ILUSTRADA DE LA SEXUALIDAD - Tienda Er\u00f3tica","og_description":"SEXBOOK: UNA HISTORIA ILUSTRADA DE LA SEXUALIDAD VV.AA. Una historia revolucionaria de la sexualidad y la identidad de genero, por","og_url":"https:\/\/demoweb.info\/sexshop001\/producto\/sexbook-una-historia-ilustrada-de-la-sexualidad\/","og_site_name":"Tienda Er\u00f3tica","article_modified_time":"2022-01-22T13:12:32+00:00","og_image":[{"width":550,"height":550,"url":"https:\/\/demoweb.info\/sexshop001\/wp-content\/uploads\/2022\/01\/SEXBOOK-UNA-HISTORIA-ILUSTRADA-DE-LA-SEXUALIDAD.jpg","type":"image\/jpeg"}],"twitter_card":"summary_large_image","twitter_misc":{"Tiempo de lectura":"1 minuto"},"schema":{"@context":"https:\/\/schema.org","@graph":[{"@type":"WebPage","@id":"https:\/\/demoweb.info\/sexshop001\/producto\/sexbook-una-historia-ilustrada-de-la-sexualidad\/","url":"https:\/\/demoweb.info\/sexshop001\/producto\/sexbook-una-historia-ilustrada-de-la-sexualidad\/","name":"SEXBOOK: UNA HISTORIA ILUSTRADA DE LA SEXUALIDAD - Tienda Er\u00f3tica","isPartOf":{"@id":"https:\/\/demoweb.info\/sexshop001\/#website"},"datePublished":"2022-01-22T13:12:20+00:00","dateModified":"2022-01-22T13:12:32+00:00","breadcrumb":{"@id":"https:\/\/demoweb.info\/sexshop001\/producto\/sexbook-una-historia-ilustrada-de-la-sexualidad\/#breadcrumb"},"inLanguage":"es","potentialAction":[{"@type":"ReadAction","target":["https:\/\/demoweb.info\/sexshop001\/producto\/sexbook-una-historia-ilustrada-de-la-sexualidad\/"]}]},{"@type":"BreadcrumbList","@id":"https:\/\/demoweb.info\/sexshop001\/producto\/sexbook-una-historia-ilustrada-de-la-sexualidad\/#breadcrumb","itemListElement":[{"@type":"ListItem","position":1,"name":"Portada","item":"https:\/\/demoweb.info\/sexshop001\/"},{"@type":"ListItem","position":2,"name":"Tienda","item":"https:\/\/demoweb.info\/sexshop001\/tienda\/"},{"@type":"ListItem","position":3,"name":"SEXBOOK: UNA HISTORIA ILUSTRADA DE LA SEXUALIDAD"}]},{"@type":"WebSite","@id":"https:\/\/demoweb.info\/sexshop001\/#website","url":"https:\/\/demoweb.info\/sexshop001\/","name":"Tienda Er\u00f3tica","description":"DEMOWEB SL","potentialAction":[{"@type":"SearchAction","target":{"@type":"EntryPoint","urlTemplate":"https:\/\/demoweb.info\/sexshop001\/?s={search_term_string}"},"query-input":"required name=search_term_string"}],"inLanguage":"es"}]}},"_links":{"self":[{"href":"https:\/\/demoweb.info\/sexshop001\/wp-json\/wp\/v3\/product\/39451","targetHints":{"allow":["GET"]}}],"collection":[{"href":"https:\/\/demoweb.info\/sexshop001\/wp-json\/wp\/v3\/product"}],"about":[{"href":"https:\/\/demoweb.info\/sexshop001\/wp-json\/wp\/v2\/types\/product"}],"replies":[{"embeddable":true,"href":"https:\/\/demoweb.info\/sexshop001\/wp-json\/wp\/v2\/comments?post=39451"}],"wp:featuredmedia":[{"embeddable":true,"href":"https:\/\/demoweb.info\/sexshop001\/wp-json\/wp\/v2\/media\/39452"}],"wp:attachment":[{"href":"https:\/\/demoweb.info\/sexshop001\/wp-json\/wp\/v2\/media?parent=39451"}],"wp:term":[{"taxonomy":"product_cat","embeddable":true,"href":"https:\/\/demoweb.info\/sexshop001\/wp-json\/wp\/v2\/product_cat?post=39451"},{"taxonomy":"product_tag","embeddable":true,"href":"https:\/\/demoweb.info\/sexshop001\/wp-json\/wp\/v2\/product_tag?post=39451"}],"curies":[{"name":"wp","href":"https:\/\/api.w.org\/{rel}","templated":true}]}}