{"id":39122,"date":"2022-01-22T14:09:02","date_gmt":"2022-01-22T13:09:02","guid":{"rendered":"https:\/\/demoweb.info\/sexshop001\/producto\/mood-thrill-masturbador-hielo\/"},"modified":"2022-01-22T14:09:13","modified_gmt":"2022-01-22T13:09:13","slug":"mood-thrill-masturbador-hielo","status":"publish","type":"product","link":"https:\/\/demoweb.info\/sexshop001\/producto\/mood-thrill-masturbador-hielo\/","title":{"rendered":"MOOD THRILL &#8211; MASTURBADOR HIELO"},"content":{"rendered":"<p><strong>MOOD THRILL &#8211; FROST<\/strong><\/p>\n<p>Masturbador de una calidad insuperable que simula el tacto de la piel humana, gracias al material <strong>UR3 UltraRealistic 3.0<\/strong> y la f\u00f3rmula antibacteriana Sil-A-Gel libre de phalatos. Cuenta con un dise\u00f1o innovador y ergon\u00f3mico para uso exterior de forma sencilla.<\/p>\n<p>Discreto en apariencia, el t\u00fanel de triple textura proporciona un placer \u00fanico gracias a sus grandes cuentas de masaje en la entrada, su nervadura gruesa en el medio, y los granos estimulantes que se estrechan en el extremo final. material del cuerpo de seguridad libre de ftalatos, con antibacteriano f\u00f3rmula Sil-A-Gel.<\/p>\n<p>Caracter\u00edsticas:<br \/>\n&#8211; Longitud Total (cm): 11,43<br \/>\n&#8211; Longitud Insertable (cm): 11,43<br \/>\n&#8211; Di\u00e1metro (cm): 4,57<br \/>\n&#8211; Circunferencia (cm): 14,36<\/p>\n","protected":false},"excerpt":{"rendered":"<p>MOOD THRILL &#8211; FROST Masturbador de una calidad insuperable que simula el tacto de la piel humana, gracias al material<\/p>\n","protected":false},"featured_media":39123,"comment_status":"open","ping_status":"open","template":"","meta":[],"product_cat":[542],"product_tag":[460,847],"class_list":["post-39122","product","type-product","status-publish","has-post-thumbnail","hentry","product_cat-clasicos","product_tag-doc-johnson","product_tag-mood"],"bundled_by":[],"bundle_stock_status":"instock","bundle_stock_quantity":1,"bundle_virtual":false,"bundle_layout":"","bundle_add_to_cart_form_location":"","bundle_editable_in_cart":false,"bundle_sold_individually_context":"","bundle_item_grouping":"","bundle_min_size":"","bundle_max_size":"","bundled_items":[],"yoast_head":"<!-- This site is optimized with the Yoast SEO plugin v20.6 - https:\/\/yoast.com\/wordpress\/plugins\/seo\/ -->\n<title>MOOD THRILL - MASTURBADOR HIELO - Tienda Er\u00f3tica<\/title>\n<meta name=\"robots\" content=\"noindex, follow, max-snippet:-1, max-image-preview:large, max-video-preview:-1\" \/>\n<meta property=\"og:locale\" content=\"es_ES\" \/>\n<meta property=\"og:type\" content=\"article\" \/>\n<meta property=\"og:title\" content=\"MOOD THRILL - MASTURBADOR HIELO - Tienda Er\u00f3tica\" \/>\n<meta property=\"og:description\" content=\"MOOD THRILL &#8211; FROST Masturbador de una calidad insuperable que simula el tacto de la piel humana, gracias al material\" \/>\n<meta property=\"og:url\" content=\"https:\/\/demoweb.info\/sexshop001\/producto\/mood-thrill-masturbador-hielo\/\" \/>\n<meta property=\"og:site_name\" content=\"Tienda Er\u00f3tica\" \/>\n<meta property=\"article:modified_time\" content=\"2022-01-22T13:09:13+00:00\" \/>\n<meta property=\"og:image\" content=\"https:\/\/demoweb.info\/sexshop001\/wp-content\/uploads\/2022\/01\/MOOD-THRILL-MASTURBADOR-HIELO.jpg\" \/>\n\t<meta property=\"og:image:width\" content=\"550\" \/>\n\t<meta property=\"og:image:height\" content=\"550\" \/>\n\t<meta property=\"og:image:type\" content=\"image\/jpeg\" \/>\n<meta name=\"twitter:card\" content=\"summary_large_image\" \/>\n<meta name=\"twitter:label1\" content=\"Tiempo de lectura\" \/>\n\t<meta name=\"twitter:data1\" content=\"1 minuto\" \/>\n<script type=\"application\/ld+json\" class=\"yoast-schema-graph\">{\"@context\":\"https:\/\/schema.org\",\"@graph\":[{\"@type\":\"WebPage\",\"@id\":\"https:\/\/demoweb.info\/sexshop001\/producto\/mood-thrill-masturbador-hielo\/\",\"url\":\"https:\/\/demoweb.info\/sexshop001\/producto\/mood-thrill-masturbador-hielo\/\",\"name\":\"MOOD THRILL - MASTURBADOR HIELO - Tienda Er\u00f3tica\",\"isPartOf\":{\"@id\":\"https:\/\/demoweb.info\/sexshop001\/#website\"},\"datePublished\":\"2022-01-22T13:09:02+00:00\",\"dateModified\":\"2022-01-22T13:09:13+00:00\",\"breadcrumb\":{\"@id\":\"https:\/\/demoweb.info\/sexshop001\/producto\/mood-thrill-masturbador-hielo\/#breadcrumb\"},\"inLanguage\":\"es\",\"potentialAction\":[{\"@type\":\"ReadAction\",\"target\":[\"https:\/\/demoweb.info\/sexshop001\/producto\/mood-thrill-masturbador-hielo\/\"]}]},{\"@type\":\"BreadcrumbList\",\"@id\":\"https:\/\/demoweb.info\/sexshop001\/producto\/mood-thrill-masturbador-hielo\/#breadcrumb\",\"itemListElement\":[{\"@type\":\"ListItem\",\"position\":1,\"name\":\"Portada\",\"item\":\"https:\/\/demoweb.info\/sexshop001\/\"},{\"@type\":\"ListItem\",\"position\":2,\"name\":\"Tienda\",\"item\":\"https:\/\/demoweb.info\/sexshop001\/tienda\/\"},{\"@type\":\"ListItem\",\"position\":3,\"name\":\"MOOD THRILL &#8211; MASTURBADOR HIELO\"}]},{\"@type\":\"WebSite\",\"@id\":\"https:\/\/demoweb.info\/sexshop001\/#website\",\"url\":\"https:\/\/demoweb.info\/sexshop001\/\",\"name\":\"Tienda Er\u00f3tica\",\"description\":\"DEMOWEB SL\",\"potentialAction\":[{\"@type\":\"SearchAction\",\"target\":{\"@type\":\"EntryPoint\",\"urlTemplate\":\"https:\/\/demoweb.info\/sexshop001\/?s={search_term_string}\"},\"query-input\":\"required name=search_term_string\"}],\"inLanguage\":\"es\"}]}<\/script>\n<!-- \/ Yoast SEO plugin. -->","yoast_head_json":{"title":"MOOD THRILL - MASTURBADOR HIELO - Tienda Er\u00f3tica","robots":{"index":"noindex","follow":"follow","max-snippet":"max-snippet:-1","max-image-preview":"max-image-preview:large","max-video-preview":"max-video-preview:-1"},"og_locale":"es_ES","og_type":"article","og_title":"MOOD THRILL - MASTURBADOR HIELO - Tienda Er\u00f3tica","og_description":"MOOD THRILL &#8211; FROST Masturbador de una calidad insuperable que simula el tacto de la piel humana, gracias al material","og_url":"https:\/\/demoweb.info\/sexshop001\/producto\/mood-thrill-masturbador-hielo\/","og_site_name":"Tienda Er\u00f3tica","article_modified_time":"2022-01-22T13:09:13+00:00","og_image":[{"width":550,"height":550,"url":"https:\/\/demoweb.info\/sexshop001\/wp-content\/uploads\/2022\/01\/MOOD-THRILL-MASTURBADOR-HIELO.jpg","type":"image\/jpeg"}],"twitter_card":"summary_large_image","twitter_misc":{"Tiempo de lectura":"1 minuto"},"schema":{"@context":"https:\/\/schema.org","@graph":[{"@type":"WebPage","@id":"https:\/\/demoweb.info\/sexshop001\/producto\/mood-thrill-masturbador-hielo\/","url":"https:\/\/demoweb.info\/sexshop001\/producto\/mood-thrill-masturbador-hielo\/","name":"MOOD THRILL - MASTURBADOR HIELO - Tienda Er\u00f3tica","isPartOf":{"@id":"https:\/\/demoweb.info\/sexshop001\/#website"},"datePublished":"2022-01-22T13:09:02+00:00","dateModified":"2022-01-22T13:09:13+00:00","breadcrumb":{"@id":"https:\/\/demoweb.info\/sexshop001\/producto\/mood-thrill-masturbador-hielo\/#breadcrumb"},"inLanguage":"es","potentialAction":[{"@type":"ReadAction","target":["https:\/\/demoweb.info\/sexshop001\/producto\/mood-thrill-masturbador-hielo\/"]}]},{"@type":"BreadcrumbList","@id":"https:\/\/demoweb.info\/sexshop001\/producto\/mood-thrill-masturbador-hielo\/#breadcrumb","itemListElement":[{"@type":"ListItem","position":1,"name":"Portada","item":"https:\/\/demoweb.info\/sexshop001\/"},{"@type":"ListItem","position":2,"name":"Tienda","item":"https:\/\/demoweb.info\/sexshop001\/tienda\/"},{"@type":"ListItem","position":3,"name":"MOOD THRILL &#8211; MASTURBADOR HIELO"}]},{"@type":"WebSite","@id":"https:\/\/demoweb.info\/sexshop001\/#website","url":"https:\/\/demoweb.info\/sexshop001\/","name":"Tienda Er\u00f3tica","description":"DEMOWEB SL","potentialAction":[{"@type":"SearchAction","target":{"@type":"EntryPoint","urlTemplate":"https:\/\/demoweb.info\/sexshop001\/?s={search_term_string}"},"query-input":"required name=search_term_string"}],"inLanguage":"es"}]}},"_links":{"self":[{"href":"https:\/\/demoweb.info\/sexshop001\/wp-json\/wp\/v3\/product\/39122","targetHints":{"allow":["GET"]}}],"collection":[{"href":"https:\/\/demoweb.info\/sexshop001\/wp-json\/wp\/v3\/product"}],"about":[{"href":"https:\/\/demoweb.info\/sexshop001\/wp-json\/wp\/v2\/types\/product"}],"replies":[{"embeddable":true,"href":"https:\/\/demoweb.info\/sexshop001\/wp-json\/wp\/v2\/comments?post=39122"}],"wp:featuredmedia":[{"embeddable":true,"href":"https:\/\/demoweb.info\/sexshop001\/wp-json\/wp\/v2\/media\/39123"}],"wp:attachment":[{"href":"https:\/\/demoweb.info\/sexshop001\/wp-json\/wp\/v2\/media?parent=39122"}],"wp:term":[{"taxonomy":"product_cat","embeddable":true,"href":"https:\/\/demoweb.info\/sexshop001\/wp-json\/wp\/v2\/product_cat?post=39122"},{"taxonomy":"product_tag","embeddable":true,"href":"https:\/\/demoweb.info\/sexshop001\/wp-json\/wp\/v2\/product_tag?post=39122"}],"curies":[{"name":"wp","href":"https:\/\/api.w.org\/{rel}","templated":true}]}}