{"id":38816,"date":"2022-01-22T14:05:51","date_gmt":"2022-01-22T13:05:51","guid":{"rendered":"https:\/\/demoweb.info\/sexshop001\/producto\/shots-dolls-lina-muneca-realistica\/"},"modified":"2022-01-22T14:05:51","modified_gmt":"2022-01-22T13:05:51","slug":"shots-dolls-lina-muneca-realistica","status":"publish","type":"product","link":"https:\/\/demoweb.info\/sexshop001\/producto\/shots-dolls-lina-muneca-realistica\/","title":{"rendered":"SHOTS DOLLS LINA &#8211; MU\u00d1ECA REAL\u00cdSTICA"},"content":{"rendered":"<p><strong>SHOTS DOLLS LINA <\/strong><\/p>\n<p>Lina est\u00e1 aqu\u00ed para darte todo lo que siempre has deseado. Su piel suave, cabello hermoso y rasgos realistas te brindar\u00e1n una experiencia brutal. Lina no es demasiado t\u00edmida para ti, as\u00ed que cuando est\u00e9s lista<\/p>\n<p>Puedes complacerte con Lina de tres formas diferentes. Tiene una vagina jugosa, un culo apretado y una boca suave, disponible para tu placer en cualquier momento. Para dar una sensaci\u00f3n a\u00fan m\u00e1s realista, se agrega un elemento de calentamiento corporal. Para utilizar el elemento calefactor, c\u00e1rguelo a trav\u00e9s de un puerto USB. En 3 minutos, el elemento deber\u00eda haber alcanzado el m\u00e1ximo calor. Despu\u00e9s de esto, puede insertar el elemento en la apertura preferida de Lina para una bienvenida agradable y c\u00e1lida.<\/p>\n<p>Esta mu\u00f1eca sexy es completamente posable y no requiere un est\u00e1ndar debido a los pernos de pie (pero tenga en cuenta: no puede pararse sin estos pernos). A Lina le gusta tener y usar zapatos diferentes, aunque se recomiendan zapatos planos.<\/p>\n<p>Las \u00e1reas vaginales, anales y bucales de Lina deben limpiarse despu\u00e9s de cada uso para evitar la acumulaci\u00f3n de bacterias. Solo puede usar un lubricante a base de agua con Lina. Los lubricantes a base de silicona o petr\u00f3leo pueden da\u00f1ar su piel. Lina tiene la piel sensible, que posiblemente tambi\u00e9n pueda manchar. Deber\u00e1 mantenerla alejada de art\u00edculos que contengan tintas, como peri\u00f3dicos, revistas, material de color oscuro, s\u00e1banas negras o h\u00famedas o materiales de cuero que tambi\u00e9n contengan pigmentos solubles en aceite.<\/p>\n<p>Qu\u00e9 se incluye con Lina:<br \/>\n&bull; Elemento de calentamiento corporal USB<br \/>\n&bull; 1 bal\u00f3n de pecho<br \/>\n&bull; Conjunto de lencer\u00eda<br \/>\n&bull; U\u00f1as a presi\u00f3n de repuesto adicionales<br \/>\n&bull; Cepillo para el cabello<br \/>\n&bull; Loci\u00f3n \/ lubricante corporal<br \/>\n&bull; Limpiador de juguetes<br \/>\n&bull; Polvo renovador<br \/>\n&bull; Irrigador limpiador<br \/>\n&bull; 1 vagina de accesorio adicional<br \/>\n&bull; Manual de instrucciones<\/p><\/p>\n","protected":false},"excerpt":{"rendered":"<p>SHOTS DOLLS LINA Lina est\u00e1 aqu\u00ed para darte todo lo que siempre has deseado. Su piel suave, cabello hermoso y<\/p>\n","protected":false},"featured_media":38817,"comment_status":"open","ping_status":"open","template":"","meta":[],"product_cat":[472],"product_tag":[1164,302],"class_list":["post-38816","product","type-product","status-publish","has-post-thumbnail","hentry","product_cat-realisticas","product_tag-dolls","product_tag-shots"],"bundled_by":[],"bundle_stock_status":"instock","bundle_stock_quantity":1,"bundle_virtual":false,"bundle_layout":"","bundle_add_to_cart_form_location":"","bundle_editable_in_cart":false,"bundle_sold_individually_context":"","bundle_item_grouping":"","bundle_min_size":"","bundle_max_size":"","bundled_items":[],"yoast_head":"<!-- This site is optimized with the Yoast SEO plugin v20.6 - https:\/\/yoast.com\/wordpress\/plugins\/seo\/ -->\n<title>SHOTS DOLLS LINA - MU\u00d1ECA REAL\u00cdSTICA - Tienda Er\u00f3tica<\/title>\n<meta name=\"robots\" content=\"noindex, follow, max-snippet:-1, max-image-preview:large, max-video-preview:-1\" \/>\n<meta property=\"og:locale\" content=\"es_ES\" \/>\n<meta property=\"og:type\" content=\"article\" \/>\n<meta property=\"og:title\" content=\"SHOTS DOLLS LINA - MU\u00d1ECA REAL\u00cdSTICA - Tienda Er\u00f3tica\" \/>\n<meta property=\"og:description\" content=\"SHOTS DOLLS LINA Lina est\u00e1 aqu\u00ed para darte todo lo que siempre has deseado. Su piel suave, cabello hermoso y\" \/>\n<meta property=\"og:url\" content=\"https:\/\/demoweb.info\/sexshop001\/producto\/shots-dolls-lina-muneca-realistica\/\" \/>\n<meta property=\"og:site_name\" content=\"Tienda Er\u00f3tica\" \/>\n<meta property=\"og:image\" content=\"https:\/\/demoweb.info\/sexshop001\/wp-content\/uploads\/2022\/01\/SHOTS-DOLLS-LINA-MUNECA-REALISTICA.jpg\" \/>\n\t<meta property=\"og:image:width\" content=\"550\" \/>\n\t<meta property=\"og:image:height\" content=\"550\" \/>\n\t<meta property=\"og:image:type\" content=\"image\/jpeg\" \/>\n<meta name=\"twitter:card\" content=\"summary_large_image\" \/>\n<meta name=\"twitter:label1\" content=\"Tiempo de lectura\" \/>\n\t<meta name=\"twitter:data1\" content=\"2 minutos\" \/>\n<script type=\"application\/ld+json\" class=\"yoast-schema-graph\">{\"@context\":\"https:\/\/schema.org\",\"@graph\":[{\"@type\":\"WebPage\",\"@id\":\"https:\/\/demoweb.info\/sexshop001\/producto\/shots-dolls-lina-muneca-realistica\/\",\"url\":\"https:\/\/demoweb.info\/sexshop001\/producto\/shots-dolls-lina-muneca-realistica\/\",\"name\":\"SHOTS DOLLS LINA - MU\u00d1ECA REAL\u00cdSTICA - Tienda Er\u00f3tica\",\"isPartOf\":{\"@id\":\"https:\/\/demoweb.info\/sexshop001\/#website\"},\"datePublished\":\"2022-01-22T13:05:51+00:00\",\"dateModified\":\"2022-01-22T13:05:51+00:00\",\"breadcrumb\":{\"@id\":\"https:\/\/demoweb.info\/sexshop001\/producto\/shots-dolls-lina-muneca-realistica\/#breadcrumb\"},\"inLanguage\":\"es\",\"potentialAction\":[{\"@type\":\"ReadAction\",\"target\":[\"https:\/\/demoweb.info\/sexshop001\/producto\/shots-dolls-lina-muneca-realistica\/\"]}]},{\"@type\":\"BreadcrumbList\",\"@id\":\"https:\/\/demoweb.info\/sexshop001\/producto\/shots-dolls-lina-muneca-realistica\/#breadcrumb\",\"itemListElement\":[{\"@type\":\"ListItem\",\"position\":1,\"name\":\"Portada\",\"item\":\"https:\/\/demoweb.info\/sexshop001\/\"},{\"@type\":\"ListItem\",\"position\":2,\"name\":\"Tienda\",\"item\":\"https:\/\/demoweb.info\/sexshop001\/tienda\/\"},{\"@type\":\"ListItem\",\"position\":3,\"name\":\"SHOTS DOLLS LINA &#8211; MU\u00d1ECA REAL\u00cdSTICA\"}]},{\"@type\":\"WebSite\",\"@id\":\"https:\/\/demoweb.info\/sexshop001\/#website\",\"url\":\"https:\/\/demoweb.info\/sexshop001\/\",\"name\":\"Tienda Er\u00f3tica\",\"description\":\"DEMOWEB SL\",\"potentialAction\":[{\"@type\":\"SearchAction\",\"target\":{\"@type\":\"EntryPoint\",\"urlTemplate\":\"https:\/\/demoweb.info\/sexshop001\/?s={search_term_string}\"},\"query-input\":\"required name=search_term_string\"}],\"inLanguage\":\"es\"}]}<\/script>\n<!-- \/ Yoast SEO plugin. -->","yoast_head_json":{"title":"SHOTS DOLLS LINA - MU\u00d1ECA REAL\u00cdSTICA - Tienda Er\u00f3tica","robots":{"index":"noindex","follow":"follow","max-snippet":"max-snippet:-1","max-image-preview":"max-image-preview:large","max-video-preview":"max-video-preview:-1"},"og_locale":"es_ES","og_type":"article","og_title":"SHOTS DOLLS LINA - MU\u00d1ECA REAL\u00cdSTICA - Tienda Er\u00f3tica","og_description":"SHOTS DOLLS LINA Lina est\u00e1 aqu\u00ed para darte todo lo que siempre has deseado. Su piel suave, cabello hermoso y","og_url":"https:\/\/demoweb.info\/sexshop001\/producto\/shots-dolls-lina-muneca-realistica\/","og_site_name":"Tienda Er\u00f3tica","og_image":[{"width":550,"height":550,"url":"https:\/\/demoweb.info\/sexshop001\/wp-content\/uploads\/2022\/01\/SHOTS-DOLLS-LINA-MUNECA-REALISTICA.jpg","type":"image\/jpeg"}],"twitter_card":"summary_large_image","twitter_misc":{"Tiempo de lectura":"2 minutos"},"schema":{"@context":"https:\/\/schema.org","@graph":[{"@type":"WebPage","@id":"https:\/\/demoweb.info\/sexshop001\/producto\/shots-dolls-lina-muneca-realistica\/","url":"https:\/\/demoweb.info\/sexshop001\/producto\/shots-dolls-lina-muneca-realistica\/","name":"SHOTS DOLLS LINA - MU\u00d1ECA REAL\u00cdSTICA - Tienda Er\u00f3tica","isPartOf":{"@id":"https:\/\/demoweb.info\/sexshop001\/#website"},"datePublished":"2022-01-22T13:05:51+00:00","dateModified":"2022-01-22T13:05:51+00:00","breadcrumb":{"@id":"https:\/\/demoweb.info\/sexshop001\/producto\/shots-dolls-lina-muneca-realistica\/#breadcrumb"},"inLanguage":"es","potentialAction":[{"@type":"ReadAction","target":["https:\/\/demoweb.info\/sexshop001\/producto\/shots-dolls-lina-muneca-realistica\/"]}]},{"@type":"BreadcrumbList","@id":"https:\/\/demoweb.info\/sexshop001\/producto\/shots-dolls-lina-muneca-realistica\/#breadcrumb","itemListElement":[{"@type":"ListItem","position":1,"name":"Portada","item":"https:\/\/demoweb.info\/sexshop001\/"},{"@type":"ListItem","position":2,"name":"Tienda","item":"https:\/\/demoweb.info\/sexshop001\/tienda\/"},{"@type":"ListItem","position":3,"name":"SHOTS DOLLS LINA &#8211; MU\u00d1ECA REAL\u00cdSTICA"}]},{"@type":"WebSite","@id":"https:\/\/demoweb.info\/sexshop001\/#website","url":"https:\/\/demoweb.info\/sexshop001\/","name":"Tienda Er\u00f3tica","description":"DEMOWEB SL","potentialAction":[{"@type":"SearchAction","target":{"@type":"EntryPoint","urlTemplate":"https:\/\/demoweb.info\/sexshop001\/?s={search_term_string}"},"query-input":"required name=search_term_string"}],"inLanguage":"es"}]}},"_links":{"self":[{"href":"https:\/\/demoweb.info\/sexshop001\/wp-json\/wp\/v3\/product\/38816","targetHints":{"allow":["GET"]}}],"collection":[{"href":"https:\/\/demoweb.info\/sexshop001\/wp-json\/wp\/v3\/product"}],"about":[{"href":"https:\/\/demoweb.info\/sexshop001\/wp-json\/wp\/v2\/types\/product"}],"replies":[{"embeddable":true,"href":"https:\/\/demoweb.info\/sexshop001\/wp-json\/wp\/v2\/comments?post=38816"}],"wp:featuredmedia":[{"embeddable":true,"href":"https:\/\/demoweb.info\/sexshop001\/wp-json\/wp\/v2\/media\/38817"}],"wp:attachment":[{"href":"https:\/\/demoweb.info\/sexshop001\/wp-json\/wp\/v2\/media?parent=38816"}],"wp:term":[{"taxonomy":"product_cat","embeddable":true,"href":"https:\/\/demoweb.info\/sexshop001\/wp-json\/wp\/v2\/product_cat?post=38816"},{"taxonomy":"product_tag","embeddable":true,"href":"https:\/\/demoweb.info\/sexshop001\/wp-json\/wp\/v2\/product_tag?post=38816"}],"curies":[{"name":"wp","href":"https:\/\/api.w.org\/{rel}","templated":true}]}}