{"id":37022,"date":"2022-01-22T13:46:33","date_gmt":"2022-01-22T12:46:33","guid":{"rendered":"https:\/\/demoweb.info\/sexshop001\/producto\/arnes-de-cuerpo-piramidal-para-hombre-talla-unica-negro\/"},"modified":"2022-01-22T13:46:59","modified_gmt":"2022-01-22T12:46:59","slug":"arnes-de-cuerpo-piramidal-para-hombre-talla-unica-negro","status":"publish","type":"product","link":"https:\/\/demoweb.info\/sexshop001\/producto\/arnes-de-cuerpo-piramidal-para-hombre-talla-unica-negro\/","title":{"rendered":"ARN\u00c9S DE CUERPO PIRAMIDAL PARA HOMBRE &#8211; TALLA \u00daNICA &#8211; NEGRO"},"content":{"rendered":"<p><strong>MEN&#39;S PYRAMID STUD BODY HARNESS &#8211; ONE SIZE &#8211; BLACK<\/strong><\/p>\n<p>A decir verdad, los cl\u00e1sicos son los mejores y este art\u00edculo no es una excepci\u00f3n. Adem\u00e1s de ser un accesorio bondage ideal para usar en casa, tambi\u00e9n queda muy bien para salir a dar una vuelta o ir de fiesta.<\/p>\n<p>El arn\u00e9s est\u00e1 hecho de cuero de calidad superior y acero inoxidable y tiene dos juntas t\u00f3ricas robustas por delante y por detr\u00e1s para acoplar f\u00e1cilmente pesas, cadenas u otros accesorios sado. Las cuatro hebillas robustas en la parte trasera permiten ajustarlo para que se ci\u00f1a c\u00f3modamente al cuerpo.<\/p>\n<p>Gracias a los detalles de metal tachonado en las correas tu pareja sabr\u00e1 con lo que tiene que lidiar, as\u00ed seas amo o sumiso.<\/p>\n<p>El arn\u00e9s se puede ajustar en el pecho de 107 cm a 127 cm. Las correas de los hombros se pueden ajustar de 51 cm a 61 cm.<\/p>\n<p><strong>CARACTER\u00cdSTICAS<\/strong><\/p>\n<p>Peso del producto: 388 gram<br \/>\nLibre de ftalato: S\u00ed<\/p>\n<p>Anillas en la parte delantera y trasera para facilitar la colocaci\u00f3n de correas, cadenas u otros accesorios BDSM. Cuatro robustas hebillas en la parte trasera lo hacen completamente ajustable para un ajuste perfecto y c\u00f3modo.<\/p>\n<p>El detalle de las tachuelas met\u00e1licas en las correas har\u00e1 que tu pareja sepa que eres una fuerza a tener en cuenta, tanto si eres un Dom como un Sub.<\/p>\n<p>El arn\u00e9s puede ajustarse alrededor del pecho desde 107 cm hasta 127 cm. Las correas de los hombros pueden ajustarse de 51 cm a 61 cm.<\/p>\n","protected":false},"excerpt":{"rendered":"<p>MEN&#39;S PYRAMID STUD BODY HARNESS &#8211; ONE SIZE &#8211; BLACK A decir verdad, los cl\u00e1sicos son los mejores y este<\/p>\n","protected":false},"featured_media":37023,"comment_status":"open","ping_status":"open","template":"","meta":[],"product_cat":[603],"product_tag":[307,302],"class_list":["post-37022","product","type-product","status-publish","has-post-thumbnail","hentry","product_cat-arneses-ataduras","product_tag-ouch","product_tag-shots"],"bundled_by":[],"bundle_stock_status":"instock","bundle_stock_quantity":3,"bundle_virtual":false,"bundle_layout":"","bundle_add_to_cart_form_location":"","bundle_editable_in_cart":false,"bundle_sold_individually_context":"","bundle_item_grouping":"","bundle_min_size":"","bundle_max_size":"","bundled_items":[],"yoast_head":"<!-- This site is optimized with the Yoast SEO plugin v20.6 - https:\/\/yoast.com\/wordpress\/plugins\/seo\/ -->\n<title>ARN\u00c9S DE CUERPO PIRAMIDAL PARA HOMBRE - TALLA \u00daNICA - NEGRO - Tienda Er\u00f3tica<\/title>\n<meta name=\"robots\" content=\"noindex, follow, max-snippet:-1, max-image-preview:large, max-video-preview:-1\" \/>\n<meta property=\"og:locale\" content=\"es_ES\" \/>\n<meta property=\"og:type\" content=\"article\" \/>\n<meta property=\"og:title\" content=\"ARN\u00c9S DE CUERPO PIRAMIDAL PARA HOMBRE - TALLA \u00daNICA - NEGRO - Tienda Er\u00f3tica\" \/>\n<meta property=\"og:description\" content=\"MEN&#039;S PYRAMID STUD BODY HARNESS &#8211; ONE SIZE &#8211; BLACK A decir verdad, los cl\u00e1sicos son los mejores y este\" \/>\n<meta property=\"og:url\" content=\"https:\/\/demoweb.info\/sexshop001\/producto\/arnes-de-cuerpo-piramidal-para-hombre-talla-unica-negro\/\" \/>\n<meta property=\"og:site_name\" content=\"Tienda Er\u00f3tica\" \/>\n<meta property=\"article:modified_time\" content=\"2022-01-22T12:46:59+00:00\" \/>\n<meta property=\"og:image\" content=\"https:\/\/demoweb.info\/sexshop001\/wp-content\/uploads\/2022\/01\/ARNES-DE-CUERPO-PIRAMIDAL-PARA-HOMBRE-TALLA-UNICA-NEGRO.jpg\" \/>\n\t<meta property=\"og:image:width\" content=\"550\" \/>\n\t<meta property=\"og:image:height\" content=\"550\" \/>\n\t<meta property=\"og:image:type\" content=\"image\/jpeg\" \/>\n<meta name=\"twitter:card\" content=\"summary_large_image\" \/>\n<meta name=\"twitter:label1\" content=\"Tiempo de lectura\" \/>\n\t<meta name=\"twitter:data1\" content=\"1 minuto\" \/>\n<script type=\"application\/ld+json\" class=\"yoast-schema-graph\">{\"@context\":\"https:\/\/schema.org\",\"@graph\":[{\"@type\":\"WebPage\",\"@id\":\"https:\/\/demoweb.info\/sexshop001\/producto\/arnes-de-cuerpo-piramidal-para-hombre-talla-unica-negro\/\",\"url\":\"https:\/\/demoweb.info\/sexshop001\/producto\/arnes-de-cuerpo-piramidal-para-hombre-talla-unica-negro\/\",\"name\":\"ARN\u00c9S DE CUERPO PIRAMIDAL PARA HOMBRE - TALLA \u00daNICA - NEGRO - Tienda Er\u00f3tica\",\"isPartOf\":{\"@id\":\"https:\/\/demoweb.info\/sexshop001\/#website\"},\"datePublished\":\"2022-01-22T12:46:33+00:00\",\"dateModified\":\"2022-01-22T12:46:59+00:00\",\"breadcrumb\":{\"@id\":\"https:\/\/demoweb.info\/sexshop001\/producto\/arnes-de-cuerpo-piramidal-para-hombre-talla-unica-negro\/#breadcrumb\"},\"inLanguage\":\"es\",\"potentialAction\":[{\"@type\":\"ReadAction\",\"target\":[\"https:\/\/demoweb.info\/sexshop001\/producto\/arnes-de-cuerpo-piramidal-para-hombre-talla-unica-negro\/\"]}]},{\"@type\":\"BreadcrumbList\",\"@id\":\"https:\/\/demoweb.info\/sexshop001\/producto\/arnes-de-cuerpo-piramidal-para-hombre-talla-unica-negro\/#breadcrumb\",\"itemListElement\":[{\"@type\":\"ListItem\",\"position\":1,\"name\":\"Portada\",\"item\":\"https:\/\/demoweb.info\/sexshop001\/\"},{\"@type\":\"ListItem\",\"position\":2,\"name\":\"Tienda\",\"item\":\"https:\/\/demoweb.info\/sexshop001\/tienda\/\"},{\"@type\":\"ListItem\",\"position\":3,\"name\":\"ARN\u00c9S DE CUERPO PIRAMIDAL PARA HOMBRE &#8211; TALLA \u00daNICA &#8211; NEGRO\"}]},{\"@type\":\"WebSite\",\"@id\":\"https:\/\/demoweb.info\/sexshop001\/#website\",\"url\":\"https:\/\/demoweb.info\/sexshop001\/\",\"name\":\"Tienda Er\u00f3tica\",\"description\":\"DEMOWEB SL\",\"potentialAction\":[{\"@type\":\"SearchAction\",\"target\":{\"@type\":\"EntryPoint\",\"urlTemplate\":\"https:\/\/demoweb.info\/sexshop001\/?s={search_term_string}\"},\"query-input\":\"required name=search_term_string\"}],\"inLanguage\":\"es\"}]}<\/script>\n<!-- \/ Yoast SEO plugin. -->","yoast_head_json":{"title":"ARN\u00c9S DE CUERPO PIRAMIDAL PARA HOMBRE - TALLA \u00daNICA - NEGRO - Tienda Er\u00f3tica","robots":{"index":"noindex","follow":"follow","max-snippet":"max-snippet:-1","max-image-preview":"max-image-preview:large","max-video-preview":"max-video-preview:-1"},"og_locale":"es_ES","og_type":"article","og_title":"ARN\u00c9S DE CUERPO PIRAMIDAL PARA HOMBRE - TALLA \u00daNICA - NEGRO - Tienda Er\u00f3tica","og_description":"MEN&#39;S PYRAMID STUD BODY HARNESS &#8211; ONE SIZE &#8211; BLACK A decir verdad, los cl\u00e1sicos son los mejores y este","og_url":"https:\/\/demoweb.info\/sexshop001\/producto\/arnes-de-cuerpo-piramidal-para-hombre-talla-unica-negro\/","og_site_name":"Tienda Er\u00f3tica","article_modified_time":"2022-01-22T12:46:59+00:00","og_image":[{"width":550,"height":550,"url":"https:\/\/demoweb.info\/sexshop001\/wp-content\/uploads\/2022\/01\/ARNES-DE-CUERPO-PIRAMIDAL-PARA-HOMBRE-TALLA-UNICA-NEGRO.jpg","type":"image\/jpeg"}],"twitter_card":"summary_large_image","twitter_misc":{"Tiempo de lectura":"1 minuto"},"schema":{"@context":"https:\/\/schema.org","@graph":[{"@type":"WebPage","@id":"https:\/\/demoweb.info\/sexshop001\/producto\/arnes-de-cuerpo-piramidal-para-hombre-talla-unica-negro\/","url":"https:\/\/demoweb.info\/sexshop001\/producto\/arnes-de-cuerpo-piramidal-para-hombre-talla-unica-negro\/","name":"ARN\u00c9S DE CUERPO PIRAMIDAL PARA HOMBRE - TALLA \u00daNICA - NEGRO - Tienda Er\u00f3tica","isPartOf":{"@id":"https:\/\/demoweb.info\/sexshop001\/#website"},"datePublished":"2022-01-22T12:46:33+00:00","dateModified":"2022-01-22T12:46:59+00:00","breadcrumb":{"@id":"https:\/\/demoweb.info\/sexshop001\/producto\/arnes-de-cuerpo-piramidal-para-hombre-talla-unica-negro\/#breadcrumb"},"inLanguage":"es","potentialAction":[{"@type":"ReadAction","target":["https:\/\/demoweb.info\/sexshop001\/producto\/arnes-de-cuerpo-piramidal-para-hombre-talla-unica-negro\/"]}]},{"@type":"BreadcrumbList","@id":"https:\/\/demoweb.info\/sexshop001\/producto\/arnes-de-cuerpo-piramidal-para-hombre-talla-unica-negro\/#breadcrumb","itemListElement":[{"@type":"ListItem","position":1,"name":"Portada","item":"https:\/\/demoweb.info\/sexshop001\/"},{"@type":"ListItem","position":2,"name":"Tienda","item":"https:\/\/demoweb.info\/sexshop001\/tienda\/"},{"@type":"ListItem","position":3,"name":"ARN\u00c9S DE CUERPO PIRAMIDAL PARA HOMBRE &#8211; TALLA \u00daNICA &#8211; NEGRO"}]},{"@type":"WebSite","@id":"https:\/\/demoweb.info\/sexshop001\/#website","url":"https:\/\/demoweb.info\/sexshop001\/","name":"Tienda Er\u00f3tica","description":"DEMOWEB SL","potentialAction":[{"@type":"SearchAction","target":{"@type":"EntryPoint","urlTemplate":"https:\/\/demoweb.info\/sexshop001\/?s={search_term_string}"},"query-input":"required name=search_term_string"}],"inLanguage":"es"}]}},"_links":{"self":[{"href":"https:\/\/demoweb.info\/sexshop001\/wp-json\/wp\/v3\/product\/37022","targetHints":{"allow":["GET"]}}],"collection":[{"href":"https:\/\/demoweb.info\/sexshop001\/wp-json\/wp\/v3\/product"}],"about":[{"href":"https:\/\/demoweb.info\/sexshop001\/wp-json\/wp\/v2\/types\/product"}],"replies":[{"embeddable":true,"href":"https:\/\/demoweb.info\/sexshop001\/wp-json\/wp\/v2\/comments?post=37022"}],"wp:featuredmedia":[{"embeddable":true,"href":"https:\/\/demoweb.info\/sexshop001\/wp-json\/wp\/v2\/media\/37023"}],"wp:attachment":[{"href":"https:\/\/demoweb.info\/sexshop001\/wp-json\/wp\/v2\/media?parent=37022"}],"wp:term":[{"taxonomy":"product_cat","embeddable":true,"href":"https:\/\/demoweb.info\/sexshop001\/wp-json\/wp\/v2\/product_cat?post=37022"},{"taxonomy":"product_tag","embeddable":true,"href":"https:\/\/demoweb.info\/sexshop001\/wp-json\/wp\/v2\/product_tag?post=37022"}],"curies":[{"name":"wp","href":"https:\/\/api.w.org\/{rel}","templated":true}]}}