{"id":36736,"date":"2022-01-22T13:43:28","date_gmt":"2022-01-22T12:43:28","guid":{"rendered":"https:\/\/demoweb.info\/sexshop001\/producto\/esposas-tema-militar-verde\/"},"modified":"2022-01-22T13:43:40","modified_gmt":"2022-01-22T12:43:40","slug":"esposas-tema-militar-verde","status":"publish","type":"product","link":"https:\/\/demoweb.info\/sexshop001\/producto\/esposas-tema-militar-verde\/","title":{"rendered":"ESPOSAS &#8211; TEMA MILITAR &#8211; VERDE"},"content":{"rendered":"<p><strong>WRIST CUFFS &#8211; ARMY THEME &#8211; GREEN<\/strong><\/p>\n<p>\u00c9chale un buen vistazo al secreto escondido en el estampado, toca los materiales resistentes y ver\u00e1s que tienes algo s\u00f3lido entre las manos. Util\u00edzalas solas o comb\u00ednalas con las esposas para tobillos y las cuerdas hogtie disponibles con el mismo estampado inteligente. Las esposas se cierran de forma segura con una hebilla, lo que te permite ajustarlas a la medida perfecta. Por eso, son de talla \u00fanica. Los robustos pu\u00f1os se pueden unir con el broche de acero inoxidable negro. La gama de estilo militar est\u00e1 formada por varios juguetes y accesorios traviesos, por lo que tendr\u00e1s muchas opciones para ampliar tu conjunto.<\/p>\n<p><strong>CARACTER\u00cdSTICAS<\/strong><\/p>\n<ul>\n<li>Dimensiones del producto: 24 x 6 x 0,4 cm<\/li>\n<li>A prueba de agua: S\u00ed<\/li>\n<li>Libre de ftalato: S\u00ed<\/li>\n<li>Materiales: PVC, Neoprene, Metal, Nylon<\/li>\n<\/ul>\n","protected":false},"excerpt":{"rendered":"<p>WRIST CUFFS &#8211; ARMY THEME &#8211; GREEN \u00c9chale un buen vistazo al secreto escondido en el estampado, toca los materiales<\/p>\n","protected":false},"featured_media":36737,"comment_status":"open","ping_status":"open","template":"","meta":[],"product_cat":[891],"product_tag":[307,302],"class_list":["post-36736","product","type-product","status-publish","has-post-thumbnail","hentry","product_cat-esposas-ataduras-bdsm-juguetes-xxx","product_tag-ouch","product_tag-shots"],"bundled_by":[],"bundle_stock_status":"instock","bundle_stock_quantity":13,"bundle_virtual":false,"bundle_layout":"","bundle_add_to_cart_form_location":"","bundle_editable_in_cart":false,"bundle_sold_individually_context":"","bundle_item_grouping":"","bundle_min_size":"","bundle_max_size":"","bundled_items":[],"yoast_head":"<!-- This site is optimized with the Yoast SEO plugin v20.6 - https:\/\/yoast.com\/wordpress\/plugins\/seo\/ -->\n<title>ESPOSAS - TEMA MILITAR - VERDE - Tienda Er\u00f3tica<\/title>\n<meta name=\"robots\" content=\"noindex, follow, max-snippet:-1, max-image-preview:large, max-video-preview:-1\" \/>\n<meta property=\"og:locale\" content=\"es_ES\" \/>\n<meta property=\"og:type\" content=\"article\" \/>\n<meta property=\"og:title\" content=\"ESPOSAS - TEMA MILITAR - VERDE - Tienda Er\u00f3tica\" \/>\n<meta property=\"og:description\" content=\"WRIST CUFFS &#8211; ARMY THEME &#8211; GREEN \u00c9chale un buen vistazo al secreto escondido en el estampado, toca los materiales\" \/>\n<meta property=\"og:url\" content=\"https:\/\/demoweb.info\/sexshop001\/producto\/esposas-tema-militar-verde\/\" \/>\n<meta property=\"og:site_name\" content=\"Tienda Er\u00f3tica\" \/>\n<meta property=\"article:modified_time\" content=\"2022-01-22T12:43:40+00:00\" \/>\n<meta property=\"og:image\" content=\"https:\/\/demoweb.info\/sexshop001\/wp-content\/uploads\/2022\/01\/ESPOSAS-TEMA-MILITAR-VERDE.jpg\" \/>\n\t<meta property=\"og:image:width\" content=\"550\" \/>\n\t<meta property=\"og:image:height\" content=\"550\" \/>\n\t<meta property=\"og:image:type\" content=\"image\/jpeg\" \/>\n<meta name=\"twitter:card\" content=\"summary_large_image\" \/>\n<meta name=\"twitter:label1\" content=\"Tiempo de lectura\" \/>\n\t<meta name=\"twitter:data1\" content=\"1 minuto\" \/>\n<script type=\"application\/ld+json\" class=\"yoast-schema-graph\">{\"@context\":\"https:\/\/schema.org\",\"@graph\":[{\"@type\":\"WebPage\",\"@id\":\"https:\/\/demoweb.info\/sexshop001\/producto\/esposas-tema-militar-verde\/\",\"url\":\"https:\/\/demoweb.info\/sexshop001\/producto\/esposas-tema-militar-verde\/\",\"name\":\"ESPOSAS - TEMA MILITAR - VERDE - Tienda Er\u00f3tica\",\"isPartOf\":{\"@id\":\"https:\/\/demoweb.info\/sexshop001\/#website\"},\"datePublished\":\"2022-01-22T12:43:28+00:00\",\"dateModified\":\"2022-01-22T12:43:40+00:00\",\"breadcrumb\":{\"@id\":\"https:\/\/demoweb.info\/sexshop001\/producto\/esposas-tema-militar-verde\/#breadcrumb\"},\"inLanguage\":\"es\",\"potentialAction\":[{\"@type\":\"ReadAction\",\"target\":[\"https:\/\/demoweb.info\/sexshop001\/producto\/esposas-tema-militar-verde\/\"]}]},{\"@type\":\"BreadcrumbList\",\"@id\":\"https:\/\/demoweb.info\/sexshop001\/producto\/esposas-tema-militar-verde\/#breadcrumb\",\"itemListElement\":[{\"@type\":\"ListItem\",\"position\":1,\"name\":\"Portada\",\"item\":\"https:\/\/demoweb.info\/sexshop001\/\"},{\"@type\":\"ListItem\",\"position\":2,\"name\":\"Tienda\",\"item\":\"https:\/\/demoweb.info\/sexshop001\/tienda\/\"},{\"@type\":\"ListItem\",\"position\":3,\"name\":\"ESPOSAS &#8211; TEMA MILITAR &#8211; VERDE\"}]},{\"@type\":\"WebSite\",\"@id\":\"https:\/\/demoweb.info\/sexshop001\/#website\",\"url\":\"https:\/\/demoweb.info\/sexshop001\/\",\"name\":\"Tienda Er\u00f3tica\",\"description\":\"DEMOWEB SL\",\"potentialAction\":[{\"@type\":\"SearchAction\",\"target\":{\"@type\":\"EntryPoint\",\"urlTemplate\":\"https:\/\/demoweb.info\/sexshop001\/?s={search_term_string}\"},\"query-input\":\"required name=search_term_string\"}],\"inLanguage\":\"es\"}]}<\/script>\n<!-- \/ Yoast SEO plugin. -->","yoast_head_json":{"title":"ESPOSAS - TEMA MILITAR - VERDE - Tienda Er\u00f3tica","robots":{"index":"noindex","follow":"follow","max-snippet":"max-snippet:-1","max-image-preview":"max-image-preview:large","max-video-preview":"max-video-preview:-1"},"og_locale":"es_ES","og_type":"article","og_title":"ESPOSAS - TEMA MILITAR - VERDE - Tienda Er\u00f3tica","og_description":"WRIST CUFFS &#8211; ARMY THEME &#8211; GREEN \u00c9chale un buen vistazo al secreto escondido en el estampado, toca los materiales","og_url":"https:\/\/demoweb.info\/sexshop001\/producto\/esposas-tema-militar-verde\/","og_site_name":"Tienda Er\u00f3tica","article_modified_time":"2022-01-22T12:43:40+00:00","og_image":[{"width":550,"height":550,"url":"https:\/\/demoweb.info\/sexshop001\/wp-content\/uploads\/2022\/01\/ESPOSAS-TEMA-MILITAR-VERDE.jpg","type":"image\/jpeg"}],"twitter_card":"summary_large_image","twitter_misc":{"Tiempo de lectura":"1 minuto"},"schema":{"@context":"https:\/\/schema.org","@graph":[{"@type":"WebPage","@id":"https:\/\/demoweb.info\/sexshop001\/producto\/esposas-tema-militar-verde\/","url":"https:\/\/demoweb.info\/sexshop001\/producto\/esposas-tema-militar-verde\/","name":"ESPOSAS - TEMA MILITAR - VERDE - Tienda Er\u00f3tica","isPartOf":{"@id":"https:\/\/demoweb.info\/sexshop001\/#website"},"datePublished":"2022-01-22T12:43:28+00:00","dateModified":"2022-01-22T12:43:40+00:00","breadcrumb":{"@id":"https:\/\/demoweb.info\/sexshop001\/producto\/esposas-tema-militar-verde\/#breadcrumb"},"inLanguage":"es","potentialAction":[{"@type":"ReadAction","target":["https:\/\/demoweb.info\/sexshop001\/producto\/esposas-tema-militar-verde\/"]}]},{"@type":"BreadcrumbList","@id":"https:\/\/demoweb.info\/sexshop001\/producto\/esposas-tema-militar-verde\/#breadcrumb","itemListElement":[{"@type":"ListItem","position":1,"name":"Portada","item":"https:\/\/demoweb.info\/sexshop001\/"},{"@type":"ListItem","position":2,"name":"Tienda","item":"https:\/\/demoweb.info\/sexshop001\/tienda\/"},{"@type":"ListItem","position":3,"name":"ESPOSAS &#8211; TEMA MILITAR &#8211; VERDE"}]},{"@type":"WebSite","@id":"https:\/\/demoweb.info\/sexshop001\/#website","url":"https:\/\/demoweb.info\/sexshop001\/","name":"Tienda Er\u00f3tica","description":"DEMOWEB SL","potentialAction":[{"@type":"SearchAction","target":{"@type":"EntryPoint","urlTemplate":"https:\/\/demoweb.info\/sexshop001\/?s={search_term_string}"},"query-input":"required name=search_term_string"}],"inLanguage":"es"}]}},"_links":{"self":[{"href":"https:\/\/demoweb.info\/sexshop001\/wp-json\/wp\/v3\/product\/36736","targetHints":{"allow":["GET"]}}],"collection":[{"href":"https:\/\/demoweb.info\/sexshop001\/wp-json\/wp\/v3\/product"}],"about":[{"href":"https:\/\/demoweb.info\/sexshop001\/wp-json\/wp\/v2\/types\/product"}],"replies":[{"embeddable":true,"href":"https:\/\/demoweb.info\/sexshop001\/wp-json\/wp\/v2\/comments?post=36736"}],"wp:featuredmedia":[{"embeddable":true,"href":"https:\/\/demoweb.info\/sexshop001\/wp-json\/wp\/v2\/media\/36737"}],"wp:attachment":[{"href":"https:\/\/demoweb.info\/sexshop001\/wp-json\/wp\/v2\/media?parent=36736"}],"wp:term":[{"taxonomy":"product_cat","embeddable":true,"href":"https:\/\/demoweb.info\/sexshop001\/wp-json\/wp\/v2\/product_cat?post=36736"},{"taxonomy":"product_tag","embeddable":true,"href":"https:\/\/demoweb.info\/sexshop001\/wp-json\/wp\/v2\/product_tag?post=36736"}],"curies":[{"name":"wp","href":"https:\/\/api.w.org\/{rel}","templated":true}]}}