{"id":36696,"date":"2022-01-22T13:42:50","date_gmt":"2022-01-22T12:42:50","guid":{"rendered":"https:\/\/demoweb.info\/sexshop001\/producto\/mordaza-de-bola-transpirable-tema-del-ejercito-verde\/"},"modified":"2022-01-22T13:43:13","modified_gmt":"2022-01-22T12:43:13","slug":"mordaza-de-bola-transpirable-tema-del-ejercito-verde","status":"publish","type":"product","link":"https:\/\/demoweb.info\/sexshop001\/producto\/mordaza-de-bola-transpirable-tema-del-ejercito-verde\/","title":{"rendered":"MORDAZA DE BOLA TRANSPIRABLE &#8211; TEMA DEL EJ\u00c9RCITO &#8211; VERDE"},"content":{"rendered":"<p><strong>BREATHABLE BALL GAG &#8211; ARMY THEME &#8211; GREEN<\/strong><\/p>\n<p>\u00c9chale un buen vistazo al secreto escondido en el estampado, toca los materiales resistentes y ver\u00e1s que tienes algo s\u00f3lido entre las manos. Esta resistente mordaza de bola tiene juntas t\u00f3ricas negras y una correa y hebilla para ajustarla f\u00e1cilmente. La bola tiene varios agujeros para facilitar la respiraci\u00f3n y, por lo tanto, aumentar la comodidad de la persona que la lleva. La gama de estilo militar est\u00e1 formada por varios juguetes y accesorios traviesos, por lo que tendr\u00e1s muchas opciones para ampliar tu conjunto.<\/p>\n<p><strong>CARACTER\u00cdSTICAS<\/strong><\/p>\n<ul>\n<li>Dimensiones del producto: 65 cm<\/li>\n<li>Di\u00e1metro del producto: 4,4 cm<\/li>\n<li>A prueba de agua: S\u00ed<\/li>\n<li>Libre de ftalato: S\u00ed<\/li>\n<li>Materiales: Nylon, ABS, Metal<\/li>\n<\/ul>\n","protected":false},"excerpt":{"rendered":"<p>BREATHABLE BALL GAG &#8211; ARMY THEME &#8211; GREEN \u00c9chale un buen vistazo al secreto escondido en el estampado, toca los<\/p>\n","protected":false},"featured_media":36697,"comment_status":"open","ping_status":"open","template":"","meta":[],"product_cat":[288],"product_tag":[307,302],"class_list":["post-36696","product","type-product","status-publish","has-post-thumbnail","hentry","product_cat-mordazas","product_tag-ouch","product_tag-shots"],"bundled_by":[],"bundle_stock_status":"instock","bundle_stock_quantity":13,"bundle_virtual":false,"bundle_layout":"","bundle_add_to_cart_form_location":"","bundle_editable_in_cart":false,"bundle_sold_individually_context":"","bundle_item_grouping":"","bundle_min_size":"","bundle_max_size":"","bundled_items":[],"yoast_head":"<!-- This site is optimized with the Yoast SEO plugin v20.6 - https:\/\/yoast.com\/wordpress\/plugins\/seo\/ -->\n<title>MORDAZA DE BOLA TRANSPIRABLE - TEMA DEL EJ\u00c9RCITO - VERDE - Tienda Er\u00f3tica<\/title>\n<meta name=\"robots\" content=\"noindex, follow, max-snippet:-1, max-image-preview:large, max-video-preview:-1\" \/>\n<meta property=\"og:locale\" content=\"es_ES\" \/>\n<meta property=\"og:type\" content=\"article\" \/>\n<meta property=\"og:title\" content=\"MORDAZA DE BOLA TRANSPIRABLE - TEMA DEL EJ\u00c9RCITO - VERDE - Tienda Er\u00f3tica\" \/>\n<meta property=\"og:description\" content=\"BREATHABLE BALL GAG &#8211; ARMY THEME &#8211; GREEN \u00c9chale un buen vistazo al secreto escondido en el estampado, toca los\" \/>\n<meta property=\"og:url\" content=\"https:\/\/demoweb.info\/sexshop001\/producto\/mordaza-de-bola-transpirable-tema-del-ejercito-verde\/\" \/>\n<meta property=\"og:site_name\" content=\"Tienda Er\u00f3tica\" \/>\n<meta property=\"article:modified_time\" content=\"2022-01-22T12:43:13+00:00\" \/>\n<meta property=\"og:image\" content=\"https:\/\/demoweb.info\/sexshop001\/wp-content\/uploads\/2022\/01\/MORDAZA-DE-BOLA-TRANSPIRABLE-TEMA-DEL-EJERCITO-VERDE.jpg\" \/>\n\t<meta property=\"og:image:width\" content=\"550\" \/>\n\t<meta property=\"og:image:height\" content=\"550\" \/>\n\t<meta property=\"og:image:type\" content=\"image\/jpeg\" \/>\n<meta name=\"twitter:card\" content=\"summary_large_image\" \/>\n<meta name=\"twitter:label1\" content=\"Tiempo de lectura\" \/>\n\t<meta name=\"twitter:data1\" content=\"1 minuto\" \/>\n<script type=\"application\/ld+json\" class=\"yoast-schema-graph\">{\"@context\":\"https:\/\/schema.org\",\"@graph\":[{\"@type\":\"WebPage\",\"@id\":\"https:\/\/demoweb.info\/sexshop001\/producto\/mordaza-de-bola-transpirable-tema-del-ejercito-verde\/\",\"url\":\"https:\/\/demoweb.info\/sexshop001\/producto\/mordaza-de-bola-transpirable-tema-del-ejercito-verde\/\",\"name\":\"MORDAZA DE BOLA TRANSPIRABLE - TEMA DEL EJ\u00c9RCITO - VERDE - Tienda Er\u00f3tica\",\"isPartOf\":{\"@id\":\"https:\/\/demoweb.info\/sexshop001\/#website\"},\"datePublished\":\"2022-01-22T12:42:50+00:00\",\"dateModified\":\"2022-01-22T12:43:13+00:00\",\"breadcrumb\":{\"@id\":\"https:\/\/demoweb.info\/sexshop001\/producto\/mordaza-de-bola-transpirable-tema-del-ejercito-verde\/#breadcrumb\"},\"inLanguage\":\"es\",\"potentialAction\":[{\"@type\":\"ReadAction\",\"target\":[\"https:\/\/demoweb.info\/sexshop001\/producto\/mordaza-de-bola-transpirable-tema-del-ejercito-verde\/\"]}]},{\"@type\":\"BreadcrumbList\",\"@id\":\"https:\/\/demoweb.info\/sexshop001\/producto\/mordaza-de-bola-transpirable-tema-del-ejercito-verde\/#breadcrumb\",\"itemListElement\":[{\"@type\":\"ListItem\",\"position\":1,\"name\":\"Portada\",\"item\":\"https:\/\/demoweb.info\/sexshop001\/\"},{\"@type\":\"ListItem\",\"position\":2,\"name\":\"Tienda\",\"item\":\"https:\/\/demoweb.info\/sexshop001\/tienda\/\"},{\"@type\":\"ListItem\",\"position\":3,\"name\":\"MORDAZA DE BOLA TRANSPIRABLE &#8211; TEMA DEL EJ\u00c9RCITO &#8211; VERDE\"}]},{\"@type\":\"WebSite\",\"@id\":\"https:\/\/demoweb.info\/sexshop001\/#website\",\"url\":\"https:\/\/demoweb.info\/sexshop001\/\",\"name\":\"Tienda Er\u00f3tica\",\"description\":\"DEMOWEB SL\",\"potentialAction\":[{\"@type\":\"SearchAction\",\"target\":{\"@type\":\"EntryPoint\",\"urlTemplate\":\"https:\/\/demoweb.info\/sexshop001\/?s={search_term_string}\"},\"query-input\":\"required name=search_term_string\"}],\"inLanguage\":\"es\"}]}<\/script>\n<!-- \/ Yoast SEO plugin. -->","yoast_head_json":{"title":"MORDAZA DE BOLA TRANSPIRABLE - TEMA DEL EJ\u00c9RCITO - VERDE - Tienda Er\u00f3tica","robots":{"index":"noindex","follow":"follow","max-snippet":"max-snippet:-1","max-image-preview":"max-image-preview:large","max-video-preview":"max-video-preview:-1"},"og_locale":"es_ES","og_type":"article","og_title":"MORDAZA DE BOLA TRANSPIRABLE - TEMA DEL EJ\u00c9RCITO - VERDE - Tienda Er\u00f3tica","og_description":"BREATHABLE BALL GAG &#8211; ARMY THEME &#8211; GREEN \u00c9chale un buen vistazo al secreto escondido en el estampado, toca los","og_url":"https:\/\/demoweb.info\/sexshop001\/producto\/mordaza-de-bola-transpirable-tema-del-ejercito-verde\/","og_site_name":"Tienda Er\u00f3tica","article_modified_time":"2022-01-22T12:43:13+00:00","og_image":[{"width":550,"height":550,"url":"https:\/\/demoweb.info\/sexshop001\/wp-content\/uploads\/2022\/01\/MORDAZA-DE-BOLA-TRANSPIRABLE-TEMA-DEL-EJERCITO-VERDE.jpg","type":"image\/jpeg"}],"twitter_card":"summary_large_image","twitter_misc":{"Tiempo de lectura":"1 minuto"},"schema":{"@context":"https:\/\/schema.org","@graph":[{"@type":"WebPage","@id":"https:\/\/demoweb.info\/sexshop001\/producto\/mordaza-de-bola-transpirable-tema-del-ejercito-verde\/","url":"https:\/\/demoweb.info\/sexshop001\/producto\/mordaza-de-bola-transpirable-tema-del-ejercito-verde\/","name":"MORDAZA DE BOLA TRANSPIRABLE - TEMA DEL EJ\u00c9RCITO - VERDE - Tienda Er\u00f3tica","isPartOf":{"@id":"https:\/\/demoweb.info\/sexshop001\/#website"},"datePublished":"2022-01-22T12:42:50+00:00","dateModified":"2022-01-22T12:43:13+00:00","breadcrumb":{"@id":"https:\/\/demoweb.info\/sexshop001\/producto\/mordaza-de-bola-transpirable-tema-del-ejercito-verde\/#breadcrumb"},"inLanguage":"es","potentialAction":[{"@type":"ReadAction","target":["https:\/\/demoweb.info\/sexshop001\/producto\/mordaza-de-bola-transpirable-tema-del-ejercito-verde\/"]}]},{"@type":"BreadcrumbList","@id":"https:\/\/demoweb.info\/sexshop001\/producto\/mordaza-de-bola-transpirable-tema-del-ejercito-verde\/#breadcrumb","itemListElement":[{"@type":"ListItem","position":1,"name":"Portada","item":"https:\/\/demoweb.info\/sexshop001\/"},{"@type":"ListItem","position":2,"name":"Tienda","item":"https:\/\/demoweb.info\/sexshop001\/tienda\/"},{"@type":"ListItem","position":3,"name":"MORDAZA DE BOLA TRANSPIRABLE &#8211; TEMA DEL EJ\u00c9RCITO &#8211; VERDE"}]},{"@type":"WebSite","@id":"https:\/\/demoweb.info\/sexshop001\/#website","url":"https:\/\/demoweb.info\/sexshop001\/","name":"Tienda Er\u00f3tica","description":"DEMOWEB SL","potentialAction":[{"@type":"SearchAction","target":{"@type":"EntryPoint","urlTemplate":"https:\/\/demoweb.info\/sexshop001\/?s={search_term_string}"},"query-input":"required name=search_term_string"}],"inLanguage":"es"}]}},"_links":{"self":[{"href":"https:\/\/demoweb.info\/sexshop001\/wp-json\/wp\/v3\/product\/36696","targetHints":{"allow":["GET"]}}],"collection":[{"href":"https:\/\/demoweb.info\/sexshop001\/wp-json\/wp\/v3\/product"}],"about":[{"href":"https:\/\/demoweb.info\/sexshop001\/wp-json\/wp\/v2\/types\/product"}],"replies":[{"embeddable":true,"href":"https:\/\/demoweb.info\/sexshop001\/wp-json\/wp\/v2\/comments?post=36696"}],"wp:featuredmedia":[{"embeddable":true,"href":"https:\/\/demoweb.info\/sexshop001\/wp-json\/wp\/v2\/media\/36697"}],"wp:attachment":[{"href":"https:\/\/demoweb.info\/sexshop001\/wp-json\/wp\/v2\/media?parent=36696"}],"wp:term":[{"taxonomy":"product_cat","embeddable":true,"href":"https:\/\/demoweb.info\/sexshop001\/wp-json\/wp\/v2\/product_cat?post=36696"},{"taxonomy":"product_tag","embeddable":true,"href":"https:\/\/demoweb.info\/sexshop001\/wp-json\/wp\/v2\/product_tag?post=36696"}],"curies":[{"name":"wp","href":"https:\/\/api.w.org\/{rel}","templated":true}]}}