{"id":36061,"date":"2022-01-22T13:35:54","date_gmt":"2022-01-22T12:35:54","guid":{"rendered":"https:\/\/demoweb.info\/sexshop001\/producto\/inspire-pulsing-intimate-arouser\/"},"modified":"2022-01-22T13:36:09","modified_gmt":"2022-01-22T12:36:09","slug":"inspire-pulsing-intimate-arouser","status":"publish","type":"product","link":"https:\/\/demoweb.info\/sexshop001\/producto\/inspire-pulsing-intimate-arouser\/","title":{"rendered":"INSPIRE PULSING INTIMATE AROUSER"},"content":{"rendered":"<p><strong>INSPIRE PULSING INTIMATE AROUSER <\/strong><\/p>\n<p>El <strong><em>Pulsing Intimate Arouser <\/em><\/strong>de la colecci\u00f3n <strong><em>Inspire por Calexotics<\/em><\/strong> es un estimulador oscilante \u00fanico para acelerar la excitaci\u00f3n femenina y aumentar la sensibilidad de las zonas \u00edntimas.<\/p>\n<p>Este elegante masajeador curvada y ergon\u00f3mico, se adapta c\u00f3modamente en la palma de tu mano y ofrece 10 funciones de vibraci\u00f3n, pulsaci\u00f3n y escalada. El dise\u00f1o tiene una taza del cl\u00edtoris suave con n\u00f3dulos blandos para la excitaci\u00f3n m\u00e1xima de contacto completo. El estimulador es recargable por USB (cable de carga incluido) y est\u00e1 hecho de silicona de primera calidad.<\/p>\n<p>La colecci\u00f3n <em><strong>Inspire<\/strong><\/em> de productos \u00edntimos est\u00e1 dirigida a mejorar la vida sexual de las mujeres. Estos productos pueden ayudar a aliviar el malestar f\u00edsico que pudiera derivarse por alguna enfermedad, la edad u otros factores y est\u00e1n construidos con cuidado para las mujeres que desean aumentar su fuerza \u00edntima, lo que resulta en una vida sexual m\u00e1s placentera.<\/p>\n<p>Una porci\u00f3n de los ingresos procedentes de la colecci\u00f3n <em><strong>Inspire<\/strong><\/em> ir\u00e1 a<em> Living Beyond Breast Cancer<\/em>: una organizaci\u00f3n que ofrece programas y servicios a las personas cuyas vidas han sido afectadas por el c\u00e1ncer de mama. Al invertir en la gama <em><strong>Inspire<\/strong><\/em> no solo complace a los consumidores con productos innovadores y \u00fatiles, tambi\u00e9n estar\u00e1s contribuyendo a una causa que vale la pena.<\/p>\n<ul>\n<li>Di\u00e1metro Exterior: 5 cm<\/li>\n<li>Longitud Total: 14.5 cm<\/li>\n<\/ul>\n","protected":false},"excerpt":{"rendered":"<p>INSPIRE PULSING INTIMATE AROUSER El Pulsing Intimate Arouser de la colecci\u00f3n Inspire por Calexotics es un estimulador oscilante \u00fanico para<\/p>\n","protected":false},"featured_media":36062,"comment_status":"open","ping_status":"open","template":"","meta":[],"product_cat":[1078],"product_tag":[660,1259],"class_list":["post-36061","product","type-product","status-publish","has-post-thumbnail","hentry","product_cat-bienestar","product_tag-calexotics","product_tag-inspire"],"bundled_by":[],"bundle_stock_status":"instock","bundle_stock_quantity":1,"bundle_virtual":false,"bundle_layout":"","bundle_add_to_cart_form_location":"","bundle_editable_in_cart":false,"bundle_sold_individually_context":"","bundle_item_grouping":"","bundle_min_size":"","bundle_max_size":"","bundled_items":[],"yoast_head":"<!-- This site is optimized with the Yoast SEO plugin v20.6 - https:\/\/yoast.com\/wordpress\/plugins\/seo\/ -->\n<title>INSPIRE PULSING INTIMATE AROUSER - Tienda Er\u00f3tica<\/title>\n<meta name=\"robots\" content=\"noindex, follow, max-snippet:-1, max-image-preview:large, max-video-preview:-1\" \/>\n<meta property=\"og:locale\" content=\"es_ES\" \/>\n<meta property=\"og:type\" content=\"article\" \/>\n<meta property=\"og:title\" content=\"INSPIRE PULSING INTIMATE AROUSER - Tienda Er\u00f3tica\" \/>\n<meta property=\"og:description\" content=\"INSPIRE PULSING INTIMATE AROUSER El Pulsing Intimate Arouser de la colecci\u00f3n Inspire por Calexotics es un estimulador oscilante \u00fanico para\" \/>\n<meta property=\"og:url\" content=\"https:\/\/demoweb.info\/sexshop001\/producto\/inspire-pulsing-intimate-arouser\/\" \/>\n<meta property=\"og:site_name\" content=\"Tienda Er\u00f3tica\" \/>\n<meta property=\"article:modified_time\" content=\"2022-01-22T12:36:09+00:00\" \/>\n<meta property=\"og:image\" content=\"https:\/\/demoweb.info\/sexshop001\/wp-content\/uploads\/2022\/01\/INSPIRE-PULSING-INTIMATE-AROUSER.jpg\" \/>\n\t<meta property=\"og:image:width\" content=\"550\" \/>\n\t<meta property=\"og:image:height\" content=\"550\" \/>\n\t<meta property=\"og:image:type\" content=\"image\/jpeg\" \/>\n<meta name=\"twitter:card\" content=\"summary_large_image\" \/>\n<meta name=\"twitter:label1\" content=\"Tiempo de lectura\" \/>\n\t<meta name=\"twitter:data1\" content=\"1 minuto\" \/>\n<script type=\"application\/ld+json\" class=\"yoast-schema-graph\">{\"@context\":\"https:\/\/schema.org\",\"@graph\":[{\"@type\":\"WebPage\",\"@id\":\"https:\/\/demoweb.info\/sexshop001\/producto\/inspire-pulsing-intimate-arouser\/\",\"url\":\"https:\/\/demoweb.info\/sexshop001\/producto\/inspire-pulsing-intimate-arouser\/\",\"name\":\"INSPIRE PULSING INTIMATE AROUSER - Tienda Er\u00f3tica\",\"isPartOf\":{\"@id\":\"https:\/\/demoweb.info\/sexshop001\/#website\"},\"datePublished\":\"2022-01-22T12:35:54+00:00\",\"dateModified\":\"2022-01-22T12:36:09+00:00\",\"breadcrumb\":{\"@id\":\"https:\/\/demoweb.info\/sexshop001\/producto\/inspire-pulsing-intimate-arouser\/#breadcrumb\"},\"inLanguage\":\"es\",\"potentialAction\":[{\"@type\":\"ReadAction\",\"target\":[\"https:\/\/demoweb.info\/sexshop001\/producto\/inspire-pulsing-intimate-arouser\/\"]}]},{\"@type\":\"BreadcrumbList\",\"@id\":\"https:\/\/demoweb.info\/sexshop001\/producto\/inspire-pulsing-intimate-arouser\/#breadcrumb\",\"itemListElement\":[{\"@type\":\"ListItem\",\"position\":1,\"name\":\"Portada\",\"item\":\"https:\/\/demoweb.info\/sexshop001\/\"},{\"@type\":\"ListItem\",\"position\":2,\"name\":\"Tienda\",\"item\":\"https:\/\/demoweb.info\/sexshop001\/tienda\/\"},{\"@type\":\"ListItem\",\"position\":3,\"name\":\"INSPIRE PULSING INTIMATE AROUSER\"}]},{\"@type\":\"WebSite\",\"@id\":\"https:\/\/demoweb.info\/sexshop001\/#website\",\"url\":\"https:\/\/demoweb.info\/sexshop001\/\",\"name\":\"Tienda Er\u00f3tica\",\"description\":\"DEMOWEB SL\",\"potentialAction\":[{\"@type\":\"SearchAction\",\"target\":{\"@type\":\"EntryPoint\",\"urlTemplate\":\"https:\/\/demoweb.info\/sexshop001\/?s={search_term_string}\"},\"query-input\":\"required name=search_term_string\"}],\"inLanguage\":\"es\"}]}<\/script>\n<!-- \/ Yoast SEO plugin. -->","yoast_head_json":{"title":"INSPIRE PULSING INTIMATE AROUSER - Tienda Er\u00f3tica","robots":{"index":"noindex","follow":"follow","max-snippet":"max-snippet:-1","max-image-preview":"max-image-preview:large","max-video-preview":"max-video-preview:-1"},"og_locale":"es_ES","og_type":"article","og_title":"INSPIRE PULSING INTIMATE AROUSER - Tienda Er\u00f3tica","og_description":"INSPIRE PULSING INTIMATE AROUSER El Pulsing Intimate Arouser de la colecci\u00f3n Inspire por Calexotics es un estimulador oscilante \u00fanico para","og_url":"https:\/\/demoweb.info\/sexshop001\/producto\/inspire-pulsing-intimate-arouser\/","og_site_name":"Tienda Er\u00f3tica","article_modified_time":"2022-01-22T12:36:09+00:00","og_image":[{"width":550,"height":550,"url":"https:\/\/demoweb.info\/sexshop001\/wp-content\/uploads\/2022\/01\/INSPIRE-PULSING-INTIMATE-AROUSER.jpg","type":"image\/jpeg"}],"twitter_card":"summary_large_image","twitter_misc":{"Tiempo de lectura":"1 minuto"},"schema":{"@context":"https:\/\/schema.org","@graph":[{"@type":"WebPage","@id":"https:\/\/demoweb.info\/sexshop001\/producto\/inspire-pulsing-intimate-arouser\/","url":"https:\/\/demoweb.info\/sexshop001\/producto\/inspire-pulsing-intimate-arouser\/","name":"INSPIRE PULSING INTIMATE AROUSER - Tienda Er\u00f3tica","isPartOf":{"@id":"https:\/\/demoweb.info\/sexshop001\/#website"},"datePublished":"2022-01-22T12:35:54+00:00","dateModified":"2022-01-22T12:36:09+00:00","breadcrumb":{"@id":"https:\/\/demoweb.info\/sexshop001\/producto\/inspire-pulsing-intimate-arouser\/#breadcrumb"},"inLanguage":"es","potentialAction":[{"@type":"ReadAction","target":["https:\/\/demoweb.info\/sexshop001\/producto\/inspire-pulsing-intimate-arouser\/"]}]},{"@type":"BreadcrumbList","@id":"https:\/\/demoweb.info\/sexshop001\/producto\/inspire-pulsing-intimate-arouser\/#breadcrumb","itemListElement":[{"@type":"ListItem","position":1,"name":"Portada","item":"https:\/\/demoweb.info\/sexshop001\/"},{"@type":"ListItem","position":2,"name":"Tienda","item":"https:\/\/demoweb.info\/sexshop001\/tienda\/"},{"@type":"ListItem","position":3,"name":"INSPIRE PULSING INTIMATE AROUSER"}]},{"@type":"WebSite","@id":"https:\/\/demoweb.info\/sexshop001\/#website","url":"https:\/\/demoweb.info\/sexshop001\/","name":"Tienda Er\u00f3tica","description":"DEMOWEB SL","potentialAction":[{"@type":"SearchAction","target":{"@type":"EntryPoint","urlTemplate":"https:\/\/demoweb.info\/sexshop001\/?s={search_term_string}"},"query-input":"required name=search_term_string"}],"inLanguage":"es"}]}},"_links":{"self":[{"href":"https:\/\/demoweb.info\/sexshop001\/wp-json\/wp\/v3\/product\/36061","targetHints":{"allow":["GET"]}}],"collection":[{"href":"https:\/\/demoweb.info\/sexshop001\/wp-json\/wp\/v3\/product"}],"about":[{"href":"https:\/\/demoweb.info\/sexshop001\/wp-json\/wp\/v2\/types\/product"}],"replies":[{"embeddable":true,"href":"https:\/\/demoweb.info\/sexshop001\/wp-json\/wp\/v2\/comments?post=36061"}],"wp:featuredmedia":[{"embeddable":true,"href":"https:\/\/demoweb.info\/sexshop001\/wp-json\/wp\/v2\/media\/36062"}],"wp:attachment":[{"href":"https:\/\/demoweb.info\/sexshop001\/wp-json\/wp\/v2\/media?parent=36061"}],"wp:term":[{"taxonomy":"product_cat","embeddable":true,"href":"https:\/\/demoweb.info\/sexshop001\/wp-json\/wp\/v2\/product_cat?post=36061"},{"taxonomy":"product_tag","embeddable":true,"href":"https:\/\/demoweb.info\/sexshop001\/wp-json\/wp\/v2\/product_tag?post=36061"}],"curies":[{"name":"wp","href":"https:\/\/api.w.org\/{rel}","templated":true}]}}